{"id":46708,"date":"2023-12-12T10:52:40","date_gmt":"2023-12-12T09:52:40","guid":{"rendered":"https:\/\/pet-shopping.de\/shop\/produkt\/trixie-hundeabsperrgitter\/"},"modified":"2023-12-12T10:52:42","modified_gmt":"2023-12-12T09:52:42","slug":"trixie-hundeabsperrgitter","status":"publish","type":"product","link":"https:\/\/all-pets.de\/shop\/produkt\/trixie-hundeabsperrgitter\/","title":{"rendered":"Trixie Hundeabsperrgitter"},"content":{"rendered":"<ul>\n<li>f\u00fcr Welpen und kleine Hunde<\/li>\n<li>aus klar lackiertem Kiefernholz mit verzinkten Gitterst\u00e4ben<\/li>\n<li>individuelle Nutzung durch unterschiedliche Standfu\u00dfpositionen<\/li>\n<li>Breite stufenlos verstellbar<\/li>\n<li>rutschfest durch Gummif\u00fc\u00dfe<\/li>\n<\/ul>\n<div>Ma\u00dfe: ca. 65-108 x 50 cm<\/div>\n","protected":false},"excerpt":{"rendered":"<p>f\u00fcr Welpen und kleine Hunde aus klar lackiertem Kiefernholz mit verzinkten Gitterst\u00e4ben individuelle Nutzung durch unterschiedliche Standfu\u00dfpositionen Breite stufenlos verstellbar rutschfest durch Gummif\u00fc\u00dfe Ma\u00dfe: ca. 65-108 x 50 cm<\/p>\n","protected":false},"featured_media":19209,"comment_status":"closed","ping_status":"open","template":"","meta":[],"product_cat":[14545],"product_tag":[],"class_list":{"0":"post-46708","1":"product","2":"type-product","3":"status-publish","4":"has-post-thumbnail","6":"product_cat-nuetzliche-helfer-haus-hof-hundewelt","8":"first","9":"instock","10":"taxable","11":"shipping-taxable","12":"purchasable","13":"product-type-simple"},"_links":{"self":[{"href":"https:\/\/all-pets.de\/shop\/wp-json\/wp\/v2\/product\/46708","targetHints":{"allow":["GET"]}}],"collection":[{"href":"https:\/\/all-pets.de\/shop\/wp-json\/wp\/v2\/product"}],"about":[{"href":"https:\/\/all-pets.de\/shop\/wp-json\/wp\/v2\/types\/product"}],"replies":[{"embeddable":true,"href":"https:\/\/all-pets.de\/shop\/wp-json\/wp\/v2\/comments?post=46708"}],"wp:featuredmedia":[{"embeddable":true,"href":"https:\/\/all-pets.de\/shop\/wp-json\/wp\/v2\/media\/19209"}],"wp:attachment":[{"href":"https:\/\/all-pets.de\/shop\/wp-json\/wp\/v2\/media?parent=46708"}],"wp:term":[{"taxonomy":"product_cat","embeddable":true,"href":"https:\/\/all-pets.de\/shop\/wp-json\/wp\/v2\/product_cat?post=46708"},{"taxonomy":"product_tag","embeddable":true,"href":"https:\/\/all-pets.de\/shop\/wp-json\/wp\/v2\/product_tag?post=46708"}],"curies":[{"name":"wp","href":"https:\/\/api.w.org\/{rel}","templated":true}]}}