{"id":46732,"date":"2023-12-12T10:52:45","date_gmt":"2023-12-12T09:52:45","guid":{"rendered":"https:\/\/pet-shopping.de\/shop\/produkt\/biokats-active-pearls-700ml\/"},"modified":"2023-12-12T10:52:46","modified_gmt":"2023-12-12T09:52:46","slug":"biokats-active-pearls-700ml","status":"publish","type":"product","link":"https:\/\/all-pets.de\/shop\/produkt\/biokats-active-pearls-700ml\/","title":{"rendered":"Biokat&#8217;s Active Pearls 700ml"},"content":{"rendered":"<p>Mit Biokat\u2019s Active Pearls verbessern Sie die Geruchsbindung Ihrer Katzenstreu auf nat\u00fcrliche Weise. Daf\u00fcr sorgt die enthaltene, hochwirksame Aktivkohle.<\/p>\n<p>Unsere rein nat\u00fcrliche Aktivkohle wird aus Kokosnuss-Schalen hergestellt, einem nachwachsenden Rohstoff. Aktivkohle ist ein hochpor\u00f6ser Kohlenstoffk\u00f6rper mit einer enormen inneren Oberfl\u00e4che. Wenn Sie nur 2 Gramm Aktivkohle auseinanderfalten w\u00fcrden, erg\u00e4be das die schier unvorstellbare Fl\u00e4che eines halben Fu\u00dfballfelds (2.000 Quadratmeter)! Durch besondere physikalische Kr\u00e4fte werden Geruchsstoffe fest an die Aktivkohle gebunden. Aktivkohle wird schon seit langer Zeit erfolgreich im Haushalt eingesetzt \u2013 in Dunstabzugshauben, in Geruchs-Filtern von K\u00fchlschr\u00e4nken, in Wasserfiltern, in Schuheinlagen, etc.\u00a0<\/p>\n<p>Au\u00dferdem verst\u00e4rkt das in Active Pearls enthaltene Funktionsgranulat die Klumpenbildung und erm\u00f6glicht Ihnen somit eine l\u00e4ngere Nutzung der \u00fcblichen Katzenstreu.<\/p>\n<p>Dosierungsempfehlung: Nach Belieben gleichm\u00e4\u00dfig \u00fcber die Streu verteilen.<\/p>\n<div>\u00a0<\/div>\n","protected":false},"excerpt":{"rendered":"<p>Mit Biokat\u2019s Active Pearls verbessern Sie die Geruchsbindung Ihrer Katzenstreu auf nat\u00fcrliche Weise. Daf\u00fcr sorgt die enthaltene, hochwirksame Aktivkohle. Unsere rein nat\u00fcrliche Aktivkohle wird aus Kokosnuss-Schalen hergestellt, einem nachwachsenden Rohstoff. Aktivkohle ist ein hochpor\u00f6ser Kohlenstoffk\u00f6rper mit einer enormen inneren Oberfl\u00e4che. Wenn Sie nur 2 Gramm Aktivkohle auseinanderfalten w\u00fcrden, erg\u00e4be das die schier unvorstellbare Fl\u00e4che eines [&hellip;]<\/p>\n","protected":false},"featured_media":16534,"comment_status":"closed","ping_status":"open","template":"","meta":[],"product_cat":[14219],"product_tag":[],"class_list":{"0":"post-46732","1":"product","2":"type-product","3":"status-publish","4":"has-post-thumbnail","6":"product_cat-toiletten-zubehoer","8":"first","9":"instock","10":"taxable","11":"shipping-taxable","12":"purchasable","13":"product-type-simple"},"_links":{"self":[{"href":"https:\/\/all-pets.de\/shop\/wp-json\/wp\/v2\/product\/46732","targetHints":{"allow":["GET"]}}],"collection":[{"href":"https:\/\/all-pets.de\/shop\/wp-json\/wp\/v2\/product"}],"about":[{"href":"https:\/\/all-pets.de\/shop\/wp-json\/wp\/v2\/types\/product"}],"replies":[{"embeddable":true,"href":"https:\/\/all-pets.de\/shop\/wp-json\/wp\/v2\/comments?post=46732"}],"wp:featuredmedia":[{"embeddable":true,"href":"https:\/\/all-pets.de\/shop\/wp-json\/wp\/v2\/media\/16534"}],"wp:attachment":[{"href":"https:\/\/all-pets.de\/shop\/wp-json\/wp\/v2\/media?parent=46732"}],"wp:term":[{"taxonomy":"product_cat","embeddable":true,"href":"https:\/\/all-pets.de\/shop\/wp-json\/wp\/v2\/product_cat?post=46732"},{"taxonomy":"product_tag","embeddable":true,"href":"https:\/\/all-pets.de\/shop\/wp-json\/wp\/v2\/product_tag?post=46732"}],"curies":[{"name":"wp","href":"https:\/\/api.w.org\/{rel}","templated":true}]}}