{"id":46734,"date":"2023-12-12T10:52:45","date_gmt":"2023-12-12T09:52:45","guid":{"rendered":"https:\/\/pet-shopping.de\/shop\/produkt\/classic-dog-schinkenknochen-klein-aus-italien-ca-30g\/"},"modified":"2023-12-12T10:52:46","modified_gmt":"2023-12-12T09:52:46","slug":"classic-dog-schinkenknochen-klein-aus-italien-ca-30g","status":"publish","type":"product","link":"https:\/\/all-pets.de\/shop\/produkt\/classic-dog-schinkenknochen-klein-aus-italien-ca-30g\/","title":{"rendered":"Classic Dog Schinkenknochen klein aus Italien ca 30g"},"content":{"rendered":"<p>Schinkenknochen garantieren durch einen gro\u00dfen Fleisch- und Knorpelanteil einen langen und schmackhaften Kaugenuss. Ganz nebenbei werden die Kaumuskeln trainiert und das Gebiss von Bel\u00e4gen ges\u00e4ubert.<br \/> Durch die Lufttrocknung wurde das Fleisch am Knochen konserviert.<\/p>\n<p>Der Schinkenknochen aus Italien ist ein reines Naturprodukt vom Schwein.<br \/> Je nach Gr\u00f6\u00dfe ist er f\u00fcr mittlere bis gro\u00dfe Hunde geeignet.<\/p>\n<p>Bitte beachten Sie, dass diese Knochen nur zum Abnagen, nicht aber zum Auffressen geeignet sind.<br \/> Da es sich um einen sogenannten R\u00f6hrenknochen handelt, kann ein Splittern nicht komplett ausgeschlossen werden.<\/p>\n<p>Bitte lagern Sie dieses Produkt immer k\u00fchl und trocken.<\/p>\n<p><strong>Inhaltsstoffe:<\/strong> <\/p>\n<p>Inhaltsstoffe:<br \/> Feuchtigkeit: 18%<\/p>\n<p>Protein 17%<\/p>\n<p>Fettgehalt: 28%<\/p>\n<p>Rohasche 10,9%<\/p>\n<p><strong>F\u00fctterungsempfehlung:<\/strong> <\/p>\n<p>Als Belohnungssnack erg\u00e4nzend zur gewohnten Hauptnahrung. Bitte immer ausreichend Wasser zur Verf\u00fcgung stellen.<\/p>\n","protected":false},"excerpt":{"rendered":"<p>Schinkenknochen garantieren durch einen gro\u00dfen Fleisch- und Knorpelanteil einen langen und schmackhaften Kaugenuss. Ganz nebenbei werden die Kaumuskeln trainiert und das Gebiss von Bel\u00e4gen ges\u00e4ubert. Durch die Lufttrocknung wurde das Fleisch am Knochen konserviert. Der Schinkenknochen aus Italien ist ein reines Naturprodukt vom Schwein. Je nach Gr\u00f6\u00dfe ist er f\u00fcr mittlere bis gro\u00dfe Hunde geeignet. [&hellip;]<\/p>\n","protected":false},"featured_media":21932,"comment_status":"closed","ping_status":"open","template":"","meta":[],"product_cat":[13902],"product_tag":[],"class_list":{"0":"post-46734","1":"product","2":"type-product","3":"status-publish","4":"has-post-thumbnail","6":"product_cat-classic-trockenware","8":"first","9":"instock","10":"taxable","11":"shipping-taxable","12":"purchasable","13":"product-type-simple"},"_links":{"self":[{"href":"https:\/\/all-pets.de\/shop\/wp-json\/wp\/v2\/product\/46734","targetHints":{"allow":["GET"]}}],"collection":[{"href":"https:\/\/all-pets.de\/shop\/wp-json\/wp\/v2\/product"}],"about":[{"href":"https:\/\/all-pets.de\/shop\/wp-json\/wp\/v2\/types\/product"}],"replies":[{"embeddable":true,"href":"https:\/\/all-pets.de\/shop\/wp-json\/wp\/v2\/comments?post=46734"}],"wp:featuredmedia":[{"embeddable":true,"href":"https:\/\/all-pets.de\/shop\/wp-json\/wp\/v2\/media\/21932"}],"wp:attachment":[{"href":"https:\/\/all-pets.de\/shop\/wp-json\/wp\/v2\/media?parent=46734"}],"wp:term":[{"taxonomy":"product_cat","embeddable":true,"href":"https:\/\/all-pets.de\/shop\/wp-json\/wp\/v2\/product_cat?post=46734"},{"taxonomy":"product_tag","embeddable":true,"href":"https:\/\/all-pets.de\/shop\/wp-json\/wp\/v2\/product_tag?post=46734"}],"curies":[{"name":"wp","href":"https:\/\/api.w.org\/{rel}","templated":true}]}}