{"id":46741,"date":"2023-12-12T10:52:45","date_gmt":"2023-12-12T09:52:45","guid":{"rendered":"https:\/\/pet-shopping.de\/shop\/produkt\/trixie-kratzbaum-vitoria-beige\/"},"modified":"2023-12-12T10:52:47","modified_gmt":"2023-12-12T09:52:47","slug":"trixie-kratzbaum-vitoria-beige","status":"publish","type":"product","link":"https:\/\/all-pets.de\/shop\/produkt\/trixie-kratzbaum-vitoria-beige\/","title":{"rendered":"Trixie Kratzbaum Vitoria &#8211; Beige"},"content":{"rendered":"<p>Kratzbaum speziell f\u00fcr K\u00e4tzchen. Mit Pl\u00fcsch-Bezug und Sisalkratzfl\u00e4che. Der Stamm ist mit Natursisal umwickelt, die Liegeplatte ist mit einem Spielzeug am Gummiband best\u00fcckt.<\/p>\n<p>Farbe: Beige<br \/> Grundfl\u00e4che: ca. 36 x 36 cm<br \/> Stammdurchmesser: ca. 6 cm<br \/> H\u00f6he: ca. 43 cm<\/p>\n","protected":false},"excerpt":{"rendered":"<p>Kratzbaum speziell f\u00fcr K\u00e4tzchen. Mit Pl\u00fcsch-Bezug und Sisalkratzfl\u00e4che. Der Stamm ist mit Natursisal umwickelt, die Liegeplatte ist mit einem Spielzeug am Gummiband best\u00fcckt. Farbe: Beige Grundfl\u00e4che: ca. 36 x 36 cm Stammdurchmesser: ca. 6 cm H\u00f6he: ca. 43 cm<\/p>\n","protected":false},"featured_media":22339,"comment_status":"closed","ping_status":"open","template":"","meta":[],"product_cat":[13704],"product_tag":[],"class_list":{"0":"post-46741","1":"product","2":"type-product","3":"status-publish","4":"has-post-thumbnail","6":"product_cat-kratzbaeume-moebel-bis-100-cmkatzenwelt","8":"first","9":"instock","10":"taxable","11":"shipping-taxable","12":"purchasable","13":"product-type-simple"},"_links":{"self":[{"href":"https:\/\/all-pets.de\/shop\/wp-json\/wp\/v2\/product\/46741","targetHints":{"allow":["GET"]}}],"collection":[{"href":"https:\/\/all-pets.de\/shop\/wp-json\/wp\/v2\/product"}],"about":[{"href":"https:\/\/all-pets.de\/shop\/wp-json\/wp\/v2\/types\/product"}],"replies":[{"embeddable":true,"href":"https:\/\/all-pets.de\/shop\/wp-json\/wp\/v2\/comments?post=46741"}],"wp:featuredmedia":[{"embeddable":true,"href":"https:\/\/all-pets.de\/shop\/wp-json\/wp\/v2\/media\/22339"}],"wp:attachment":[{"href":"https:\/\/all-pets.de\/shop\/wp-json\/wp\/v2\/media?parent=46741"}],"wp:term":[{"taxonomy":"product_cat","embeddable":true,"href":"https:\/\/all-pets.de\/shop\/wp-json\/wp\/v2\/product_cat?post=46741"},{"taxonomy":"product_tag","embeddable":true,"href":"https:\/\/all-pets.de\/shop\/wp-json\/wp\/v2\/product_tag?post=46741"}],"curies":[{"name":"wp","href":"https:\/\/api.w.org\/{rel}","templated":true}]}}