{"id":46748,"date":"2023-12-12T10:52:49","date_gmt":"2023-12-12T09:52:49","guid":{"rendered":"https:\/\/pet-shopping.de\/shop\/produkt\/trixie-metallstriegel\/"},"modified":"2023-12-12T10:52:49","modified_gmt":"2023-12-12T09:52:49","slug":"trixie-metallstriegel","status":"publish","type":"product","link":"https:\/\/all-pets.de\/shop\/produkt\/trixie-metallstriegel\/","title":{"rendered":"Trixie Metallstriegel"},"content":{"rendered":"<p>Dieser Metall-Striegel hat einen Kunststoffgriff mit rutschfester Gummieinlage und besitzt abgerundete Zinken zur schonenden Fellpflege. Er dient der besonderen Pflege der Unterwolle. <\/p>\n<p>Zinkenl\u00e4nge: ca. 2 cm. <br \/> Gesamtma\u00dfe: ca. 15 x 10 cm<\/p>\n<p>F\u00fcr folgende Felltypen geeignet:<br \/> Langhaar, Seidenhaar oder Langhaarkatzen: Mittellanges bis langes, seidiges oder dichtes Deckhaar entweder mit feiner oder mit weicher, \u00fcppiger Unterwolle<br \/> \u00a0\u00a0\u00a0\u00a0\u00a0\u00a0 \u00a0<br \/> Beispiel Langhaar: Collie Golden Retriever Berner Sennenhund Border Collie<br \/> Beispiel Seidenhaar: Yorkshire Terrier Setter Langhaardackel Spaniel Malteser<br \/> Beispiel Langhaarkatzen: Main Coon Norwegische Waldkatze Perser<br \/> \u00a0\u00a0\u00a0\u00a0\u00a0\u00a0\u00a0\u00a0\u00a0\u00a0 \u00a0<br \/> Zotthaar: Deckhaar und Unterwolle lang, \u00fcppig und zottig<br \/> Beispiel: Bobtail Briard Tibet Terrier Bearded Collie\u00a0 <\/p>\n<p>\u00a0<\/p>\n","protected":false},"excerpt":{"rendered":"<p>Dieser Metall-Striegel hat einen Kunststoffgriff mit rutschfester Gummieinlage und besitzt abgerundete Zinken zur schonenden Fellpflege. Er dient der besonderen Pflege der Unterwolle. Zinkenl\u00e4nge: ca. 2 cm. Gesamtma\u00dfe: ca. 15 x 10 cm F\u00fcr folgende Felltypen geeignet: Langhaar, Seidenhaar oder Langhaarkatzen: Mittellanges bis langes, seidiges oder dichtes Deckhaar entweder mit feiner oder mit weicher, \u00fcppiger Unterwolle [&hellip;]<\/p>\n","protected":false},"featured_media":22420,"comment_status":"closed","ping_status":"open","template":"","meta":[],"product_cat":[14109],"product_tag":[],"class_list":{"0":"post-46748","1":"product","2":"type-product","3":"status-publish","4":"has-post-thumbnail","6":"product_cat-hundebuersten-striegel","8":"first","9":"instock","10":"taxable","11":"shipping-taxable","12":"purchasable","13":"product-type-simple"},"_links":{"self":[{"href":"https:\/\/all-pets.de\/shop\/wp-json\/wp\/v2\/product\/46748","targetHints":{"allow":["GET"]}}],"collection":[{"href":"https:\/\/all-pets.de\/shop\/wp-json\/wp\/v2\/product"}],"about":[{"href":"https:\/\/all-pets.de\/shop\/wp-json\/wp\/v2\/types\/product"}],"replies":[{"embeddable":true,"href":"https:\/\/all-pets.de\/shop\/wp-json\/wp\/v2\/comments?post=46748"}],"wp:featuredmedia":[{"embeddable":true,"href":"https:\/\/all-pets.de\/shop\/wp-json\/wp\/v2\/media\/22420"}],"wp:attachment":[{"href":"https:\/\/all-pets.de\/shop\/wp-json\/wp\/v2\/media?parent=46748"}],"wp:term":[{"taxonomy":"product_cat","embeddable":true,"href":"https:\/\/all-pets.de\/shop\/wp-json\/wp\/v2\/product_cat?post=46748"},{"taxonomy":"product_tag","embeddable":true,"href":"https:\/\/all-pets.de\/shop\/wp-json\/wp\/v2\/product_tag?post=46748"}],"curies":[{"name":"wp","href":"https:\/\/api.w.org\/{rel}","templated":true}]}}