{"id":46774,"date":"2023-12-12T10:52:54","date_gmt":"2023-12-12T09:52:54","guid":{"rendered":"https:\/\/pet-shopping.de\/shop\/produkt\/wolfsblut-dose-wild-duck-800g\/"},"modified":"2023-12-12T10:52:54","modified_gmt":"2023-12-12T09:52:54","slug":"wolfsblut-dose-wild-duck-800g","status":"publish","type":"product","link":"https:\/\/all-pets.de\/shop\/produkt\/wolfsblut-dose-wild-duck-800g\/","title":{"rendered":"Wolfsblut Dose Wild Duck 800g"},"content":{"rendered":"<p>Wild Duck &#8211; Ente mit Kartoffeln<\/p>\n<p>Die Rezeptur von WILD DUCK Nassfutter verbindet die Nahrung des Wolfs mit den neuesten wissenschaftlichen Erkenntnissen \u00fcber richtige Hundeern\u00e4hrung. In den Rocky Mountains Nordamerikas, der arktischen Tundra, den Bergen und W\u00e4ldern Europas bis hin zu den W\u00fcsten und Steppen Zentralasiens jagen W\u00f6lfe ihre Beute. Diese versorgt sie mit Fleisch und n\u00e4hrstoffreichen Innereien, aber auch mit Gem\u00fcse, Fr\u00fcchten, Beeren, Wurzeln und Kr\u00e4utern \u00fcber den Mageninhalt der Beute. Getreide geh\u00f6rt hier nicht dazu. So erh\u00e4lt der Wolf seine ben\u00f6tigten Vitamine, Mineralstoffe, Spurenelemente, Enzyme und sekund\u00e4ren Pflanzenstoffe. Da der Wolf der Urahn aller Hunde ist, orientiert sich unser Wolfsblut Hundenassfutter an diesen nat\u00fcrlichen Fressgewohnheiten des Wolfs. Es enth\u00e4lt viel Fleisch oder Fisch kombiniert mit Superfoods, die wertvolle Inhaltsstoffe enthalten \u2013 und das wie in der Natur, ganz ohne Getreide. Unsere Auswahl an au\u00dfergew\u00f6hnlichen Fleischsorten und n\u00e4hrstoffreichen Superfoods baut dabei auf den Lebensr\u00e4umen des Wolfs und deren bunter Nahrungsvielfalt auf. Wolfsblut bietet jedem Hund eine artgerechte und urspr\u00fcngliche Ern\u00e4hrung und mit seiner Sortenvielfalt ist f\u00fcr jeden etwas dabei, das er vertr\u00e4gt. Die einzelnen Futterbestandteile von WILD DUCK wurden zusammen mit Tier\u00e4rzten, passend zum nat\u00fcrlichen Beuteschema des Wolfs und den Erkenntnissen zu ganzheitlicher Hundeern\u00e4hrung, zusammengestellt. Das Nassfutter von Wolfsblut ist damit einzigartig und enth\u00e4lt viele Superfoods.<\/p>\n<p>Das Nassfutter Wild Duck von Wolfsblut:<\/p>\n<p>\u00a0\u00a0\u00a0\u00a0\u00a0\u00a0\u00a0 Rezeptur nach dem Vorbild des Wolfes mit nat\u00fcrlichen Inhaltsstoffen<br \/>\u00a0\u00a0\u00a0\u00a0\u00a0\u00a0\u00a0 Mit frischer und gut bek\u00f6mmlicher Ente<br \/>\u00a0\u00a0\u00a0\u00a0\u00a0\u00a0\u00a0 Ente enth\u00e4lt wertvolle B-Vitamine, darunter Vitamin B1, B2, B6, B12 und Niacin<br \/>\u00a0\u00a0\u00a0\u00a0\u00a0\u00a0\u00a0 Ohne Getreide<br \/>\u00a0\u00a0\u00a0\u00a0\u00a0\u00a0\u00a0 Mit wertvollen Superfoods <br \/>\u00a0\u00a0\u00a0\u00a0\u00a0\u00a0\u00a0 Gem\u00e4\u00df Lebensmittelstandard produziert<br \/>\u00a0\u00a0\u00a0\u00a0\u00a0\u00a0\u00a0 Ohne Zucker, Soja, Geschmacksverst\u00e4rkern &#038; k\u00fcnstlichen Zus\u00e4tzen (ausgenommen Vitamine &#038; Mineralstoffe)<br \/>\u00a0\u00a0\u00a0\u00a0\u00a0\u00a0\u00a0 Ein Geschmacksklassiker, der sehr gern gefressen wird<br \/>\u00a0\u00a0\u00a0\u00a0\u00a0\u00a0\u00a0 Mit Tier\u00e4rzten entwickelt<br \/>\u00a0\u00a0\u00a0\u00a0\u00a0\u00a0\u00a0 Ohne Tierversuche<\/p>\n<p>Inhaltsstoffe<br \/>Zusammensetzung<\/p>\n<p>Ente 66 %, Br\u00fche, Kartoffeln 1 %, M\u00f6hren, Mineralstoffe, Tomaten, Topinambur, \u00c4pfel, Fruchtmischung (Sanddorn, Himbeeren, Holunderbeeren, Schwarze Johannisbeeren, Heidelbeeren, Cranberries), Leinsamen, Fenchel, Yucca-Extrakt, Kr\u00e4utermischung (Anissamen, Bockshornklee, Pfefferminze, Petersilie, Oregano, Thymian, Brennnessel, L\u00f6wenzahn, Wei\u00dfdorn, Ginseng), Gr\u00fcnlippmuschel.<br \/>Analytische Bestandteile<\/p>\n<p>Rohprotein 10 %, Rohfett\u00a0 5 %, Rohasche 2,5 %, Rohfaser 0,5 %, Feuchtigkeit 80 %.<\/p>\n","protected":false},"excerpt":{"rendered":"<p>Wild Duck &#8211; Ente mit Kartoffeln Die Rezeptur von WILD DUCK Nassfutter verbindet die Nahrung des Wolfs mit den neuesten wissenschaftlichen Erkenntnissen \u00fcber richtige Hundeern\u00e4hrung. In den Rocky Mountains Nordamerikas, der arktischen Tundra, den Bergen und W\u00e4ldern Europas bis hin zu den W\u00fcsten und Steppen Zentralasiens jagen W\u00f6lfe ihre Beute. Diese versorgt sie mit Fleisch [&hellip;]<\/p>\n","protected":false},"featured_media":46775,"comment_status":"closed","ping_status":"open","template":"","meta":[],"product_cat":[13837],"product_tag":[],"class_list":{"0":"post-46774","1":"product","2":"type-product","3":"status-publish","4":"has-post-thumbnail","6":"product_cat-wolfsblut","8":"first","9":"instock","10":"taxable","11":"shipping-taxable","12":"purchasable","13":"product-type-simple"},"_links":{"self":[{"href":"https:\/\/all-pets.de\/shop\/wp-json\/wp\/v2\/product\/46774","targetHints":{"allow":["GET"]}}],"collection":[{"href":"https:\/\/all-pets.de\/shop\/wp-json\/wp\/v2\/product"}],"about":[{"href":"https:\/\/all-pets.de\/shop\/wp-json\/wp\/v2\/types\/product"}],"replies":[{"embeddable":true,"href":"https:\/\/all-pets.de\/shop\/wp-json\/wp\/v2\/comments?post=46774"}],"wp:featuredmedia":[{"embeddable":true,"href":"https:\/\/all-pets.de\/shop\/wp-json\/wp\/v2\/media\/46775"}],"wp:attachment":[{"href":"https:\/\/all-pets.de\/shop\/wp-json\/wp\/v2\/media?parent=46774"}],"wp:term":[{"taxonomy":"product_cat","embeddable":true,"href":"https:\/\/all-pets.de\/shop\/wp-json\/wp\/v2\/product_cat?post=46774"},{"taxonomy":"product_tag","embeddable":true,"href":"https:\/\/all-pets.de\/shop\/wp-json\/wp\/v2\/product_tag?post=46774"}],"curies":[{"name":"wp","href":"https:\/\/api.w.org\/{rel}","templated":true}]}}