{"id":46905,"date":"2023-12-12T10:53:14","date_gmt":"2023-12-12T09:53:14","guid":{"rendered":"https:\/\/pet-shopping.de\/shop\/produkt\/catit-senses-2-0-3-in-1-napf\/"},"modified":"2023-12-12T10:53:16","modified_gmt":"2023-12-12T09:53:16","slug":"catit-senses-2-0-3-in-1-napf","status":"publish","type":"product","link":"https:\/\/all-pets.de\/shop\/produkt\/catit-senses-2-0-3-in-1-napf\/","title":{"rendered":"Catit Senses 2.0 3-in-1-Napf"},"content":{"rendered":"<p>Der Catit 3-in-1-Napf eignet sich hervorragend, um Ihrer Katze nasses und trockenes Futter zu servieren.<\/p>\n<p>Das kompakte und clevere Design vereint 3 Funktionen in einem Napf!<\/p>\n<p>Die Pfoten\u00f6ffnung stimuliert das nat\u00fcrliche, selbstkontrollierte Fressverhalten. Sie verstecken die Leckerbissen, Ihre Katze wird davon angelockt und holt sich instinktiv snackgro\u00dfe Portionen mit der Pfote heraus. Dieses nat\u00fcrliche Verhalten verlangsamt die Futteraufnahme und verhindert, dass sich Ihre Katze \u201e\u00fcberfrisst\u201c. Der Catit 3-in-1-Napf eignet sich ausgezeichnet f\u00fcr die Zeit, w\u00e4hrend der Sie nicht zu Hause sind. Geben Sie einfach Nassfutter in den Napf, das gleich frisch gefressen werden kann und geben Sie Trockenfutterhappen in die Pfoten\u00f6ffnung, damit Ihre Katze kleine Snacks w\u00e4hrend des Tages hat. <\/p>\n<p>Sparen Sie Zeit, indem Sie die Lieblingsleckereien Ihrer Katze im Inneren des 3-in-1-Napfes aufbewahren! Das Innenfach ist ein gro\u00dfer Vorratsbeh\u00e4lter, damit Sie die Leckereien Ihrer Katze immer schnell zur Hand haben.<\/p>\n<p>Da Katzen es nicht m\u00f6gen, wenn Ihre sensiblen Schnurrhaare die Seiten eines Napfes ber\u00fchren, haben wir diesen Napf besser zug\u00e4nglich und flach gestaltet. Der Napf hat eine komfortable H\u00f6he f\u00fcr K\u00e4tzchen und erwachsene Katzen. Das abgeschr\u00e4gte Design sorgt daf\u00fcr, dass die Pellets im Inneren des Napfes bleiben.<\/p>\n<p>Der Catit 3-in-1-Napf kann einfach auseinander genommen und gereinigt werden. Waschen Sie einfach jedes Teil mit Neutralseife (ohne Chemikalien oder Scheuermittel) mit der Hand ab und sp\u00fclen Sie die Teile gr\u00fcndlich ab.<\/p>\n<p>Ma\u00dfe: ca. 19 x 12,5 cm (Durchmesser x H\u00f6he)<\/p>\n<p>Kombinieren Sie den 3-in-1-Napf mit dem Catit Blumentrinkbrunnen, damit Ihre Katze schlemmen kann!<\/p>\n","protected":false},"excerpt":{"rendered":"<p>Der Catit 3-in-1-Napf eignet sich hervorragend, um Ihrer Katze nasses und trockenes Futter zu servieren. Das kompakte und clevere Design vereint 3 Funktionen in einem Napf! Die Pfoten\u00f6ffnung stimuliert das nat\u00fcrliche, selbstkontrollierte Fressverhalten. Sie verstecken die Leckerbissen, Ihre Katze wird davon angelockt und holt sich instinktiv snackgro\u00dfe Portionen mit der Pfote heraus. Dieses nat\u00fcrliche Verhalten [&hellip;]<\/p>\n","protected":false},"featured_media":16479,"comment_status":"closed","ping_status":"open","template":"","meta":[],"product_cat":[13740],"product_tag":[],"class_list":{"0":"post-46905","1":"product","2":"type-product","3":"status-publish","4":"has-post-thumbnail","6":"product_cat-futter-wassernaepfe","8":"first","9":"instock","10":"taxable","11":"shipping-taxable","12":"purchasable","13":"product-type-simple"},"_links":{"self":[{"href":"https:\/\/all-pets.de\/shop\/wp-json\/wp\/v2\/product\/46905","targetHints":{"allow":["GET"]}}],"collection":[{"href":"https:\/\/all-pets.de\/shop\/wp-json\/wp\/v2\/product"}],"about":[{"href":"https:\/\/all-pets.de\/shop\/wp-json\/wp\/v2\/types\/product"}],"replies":[{"embeddable":true,"href":"https:\/\/all-pets.de\/shop\/wp-json\/wp\/v2\/comments?post=46905"}],"wp:featuredmedia":[{"embeddable":true,"href":"https:\/\/all-pets.de\/shop\/wp-json\/wp\/v2\/media\/16479"}],"wp:attachment":[{"href":"https:\/\/all-pets.de\/shop\/wp-json\/wp\/v2\/media?parent=46905"}],"wp:term":[{"taxonomy":"product_cat","embeddable":true,"href":"https:\/\/all-pets.de\/shop\/wp-json\/wp\/v2\/product_cat?post=46905"},{"taxonomy":"product_tag","embeddable":true,"href":"https:\/\/all-pets.de\/shop\/wp-json\/wp\/v2\/product_tag?post=46905"}],"curies":[{"name":"wp","href":"https:\/\/api.w.org\/{rel}","templated":true}]}}