{"id":46926,"date":"2023-12-12T10:53:18","date_gmt":"2023-12-12T09:53:18","guid":{"rendered":"https:\/\/pet-shopping.de\/shop\/produkt\/trixie-fahrradtasche-front-box\/"},"modified":"2023-12-12T10:53:22","modified_gmt":"2023-12-12T09:53:22","slug":"trixie-fahrradtasche-front-box","status":"publish","type":"product","link":"https:\/\/all-pets.de\/shop\/produkt\/trixie-fahrradtasche-front-box\/","title":{"rendered":"Trixie Fahrradtasche Front-Box"},"content":{"rendered":"<div class=\"mb-3 row\">\n<div class=\"col\">\n<ul>\n<li>\n<ul>\n<ul>\n<li>mit Metallhalterung<\/li>\n<li>gepolsterter Rand<\/li>\n<li>mit Au\u00dfentaschen<\/li>\n<li>abnehmbarer Schulterriemen<\/li>\n<li>mit integrierter Kurzleine<\/li>\n<li>reflektierende Elemente<\/li>\n<li>herausnehmbare, gepolsterte Bodeneinlage<\/li>\n<li>Polyester<\/li>\n<li>Farbe: schwarz\/grau<\/li>\n<li>Ma\u00dfe: ca. 41 \u00d7 26 \u00d7 26 cm<\/li>\n<li>f\u00fcr Tiere bis zu: 6 kg K\u00f6rpergewicht<\/li>\n<\/ul>\n<\/ul>\n<\/li>\n<\/ul>\n<\/div>\n<\/div>\n","protected":false},"excerpt":{"rendered":"<p>mit Metallhalterung gepolsterter Rand mit Au\u00dfentaschen abnehmbarer Schulterriemen mit integrierter Kurzleine reflektierende Elemente herausnehmbare, gepolsterte Bodeneinlage Polyester Farbe: schwarz\/grau Ma\u00dfe: ca. 41 \u00d7 26 \u00d7 26 cm f\u00fcr Tiere bis zu: 6 kg K\u00f6rpergewicht<\/p>\n","protected":false},"featured_media":46927,"comment_status":"closed","ping_status":"open","template":"","meta":[],"product_cat":[13843],"product_tag":[],"class_list":{"0":"post-46926","1":"product","2":"type-product","3":"status-publish","4":"has-post-thumbnail","6":"product_cat-rad-und-joggingzubehoer","8":"first","9":"instock","10":"taxable","11":"shipping-taxable","12":"purchasable","13":"product-type-simple"},"_links":{"self":[{"href":"https:\/\/all-pets.de\/shop\/wp-json\/wp\/v2\/product\/46926","targetHints":{"allow":["GET"]}}],"collection":[{"href":"https:\/\/all-pets.de\/shop\/wp-json\/wp\/v2\/product"}],"about":[{"href":"https:\/\/all-pets.de\/shop\/wp-json\/wp\/v2\/types\/product"}],"replies":[{"embeddable":true,"href":"https:\/\/all-pets.de\/shop\/wp-json\/wp\/v2\/comments?post=46926"}],"wp:featuredmedia":[{"embeddable":true,"href":"https:\/\/all-pets.de\/shop\/wp-json\/wp\/v2\/media\/46927"}],"wp:attachment":[{"href":"https:\/\/all-pets.de\/shop\/wp-json\/wp\/v2\/media?parent=46926"}],"wp:term":[{"taxonomy":"product_cat","embeddable":true,"href":"https:\/\/all-pets.de\/shop\/wp-json\/wp\/v2\/product_cat?post=46926"},{"taxonomy":"product_tag","embeddable":true,"href":"https:\/\/all-pets.de\/shop\/wp-json\/wp\/v2\/product_tag?post=46926"}],"curies":[{"name":"wp","href":"https:\/\/api.w.org\/{rel}","templated":true}]}}