{"id":46955,"date":"2023-12-12T10:53:27","date_gmt":"2023-12-12T09:53:27","guid":{"rendered":"https:\/\/pet-shopping.de\/shop\/produkt\/catit-freshclear-trinkbrunnen-3l-lindgruen\/"},"modified":"2023-12-12T10:53:28","modified_gmt":"2023-12-12T09:53:28","slug":"catit-freshclear-trinkbrunnen-3l-lindgruen","status":"publish","type":"product","link":"https:\/\/all-pets.de\/shop\/produkt\/catit-freshclear-trinkbrunnen-3l-lindgruen\/","title":{"rendered":"CATIT Fresh+Clear Trinkbrunnen 3L &#8211; Lindgr\u00fcn"},"content":{"rendered":"<p>Der Catit Fresh + Clear Trinkbrunnen eignet sich f\u00fcr Katzen und kleine Hunde. Er besitzt ein Fassungsverm\u00f6gen von 3 L. Der Brunnen eignet sich auch f\u00fcr Haushalte mit mehreren Tieren.<\/p>\n<p>Der Catit Design Fresh + Clear Trinkbrunnen bietet Ihrer Katze oder Ihrem kleinen Hund im Haus eine kontinuierliche Quelle von frisch schmeckendem, Kaltem, gefiltertem Wasser, die Ihr Tier dazu ermuntert, mehr zu trinken. Wenn Sie Ihre Katze dazu ermuntern, mehr Wasser zu trinken, helfen Sie dabei, einer Bildung von Krstallen vorzubeugen, die zu Harnwegserkrankungen f\u00fchren k\u00f6nnen.<\/p>\n<p>Der Brunnen besitzt eine gro\u00dfe Oberfl\u00e4che, \u00fcber die das Wasser l\u00e4uft. Diese erm\u00f6glicht eine maximierte Sauerstoffaufnahme und sorgt f\u00fcr frischeres, wohlschmeckenderes Wasser.<\/p>\n<p>Die Filterung \u00fcber mehrere Ebenen f\u00e4ngt Schmutzpartikel, Futterreste, Haare und Sedimente auf, w\u00e4hrend die Aktivkohle im Filter dazu beitr\u00e4gt Wasserverunreinigungen zu absorbieren.<\/p>\n<p>Die Wasserzirkulation k\u00fchlt das Wasser und versetzt es zus\u00e4tzlich mit Sauerstoff.<\/p>\n<p>Gesamtma\u00dfe: ca. 21 x 21 x 16,8 cm (BxTxH)<br \/> Trinkh\u00f6he an der Front: ca. 15 cm<br \/> Farbe: Wei\u00df\/Lindgr\u00fcn<\/p>\n","protected":false},"excerpt":{"rendered":"<p>Der Catit Fresh + Clear Trinkbrunnen eignet sich f\u00fcr Katzen und kleine Hunde. Er besitzt ein Fassungsverm\u00f6gen von 3 L. Der Brunnen eignet sich auch f\u00fcr Haushalte mit mehreren Tieren. Der Catit Design Fresh + Clear Trinkbrunnen bietet Ihrer Katze oder Ihrem kleinen Hund im Haus eine kontinuierliche Quelle von frisch schmeckendem, Kaltem, gefiltertem Wasser, [&hellip;]<\/p>\n","protected":false},"featured_media":17935,"comment_status":"closed","ping_status":"open","template":"","meta":[],"product_cat":[13904],"product_tag":[],"class_list":{"0":"post-46955","1":"product","2":"type-product","3":"status-publish","4":"has-post-thumbnail","6":"product_cat-futterspender-traenken-hundenaepfe-traenken-katzentraenken-trinkbrunnenhundewelt","8":"first","9":"instock","10":"taxable","11":"shipping-taxable","12":"purchasable","13":"product-type-simple"},"_links":{"self":[{"href":"https:\/\/all-pets.de\/shop\/wp-json\/wp\/v2\/product\/46955","targetHints":{"allow":["GET"]}}],"collection":[{"href":"https:\/\/all-pets.de\/shop\/wp-json\/wp\/v2\/product"}],"about":[{"href":"https:\/\/all-pets.de\/shop\/wp-json\/wp\/v2\/types\/product"}],"replies":[{"embeddable":true,"href":"https:\/\/all-pets.de\/shop\/wp-json\/wp\/v2\/comments?post=46955"}],"wp:featuredmedia":[{"embeddable":true,"href":"https:\/\/all-pets.de\/shop\/wp-json\/wp\/v2\/media\/17935"}],"wp:attachment":[{"href":"https:\/\/all-pets.de\/shop\/wp-json\/wp\/v2\/media?parent=46955"}],"wp:term":[{"taxonomy":"product_cat","embeddable":true,"href":"https:\/\/all-pets.de\/shop\/wp-json\/wp\/v2\/product_cat?post=46955"},{"taxonomy":"product_tag","embeddable":true,"href":"https:\/\/all-pets.de\/shop\/wp-json\/wp\/v2\/product_tag?post=46955"}],"curies":[{"name":"wp","href":"https:\/\/api.w.org\/{rel}","templated":true}]}}