{"id":46972,"date":"2023-12-12T10:53:27","date_gmt":"2023-12-12T09:53:27","guid":{"rendered":"https:\/\/pet-shopping.de\/shop\/produkt\/trixie-katzentoilette-berto-dunkelgrau\/"},"modified":"2023-12-12T10:53:29","modified_gmt":"2023-12-12T09:53:29","slug":"trixie-katzentoilette-berto-dunkelgrau","status":"publish","type":"product","link":"https:\/\/all-pets.de\/shop\/produkt\/trixie-katzentoilette-berto-dunkelgrau\/","title":{"rendered":"Trixie Katzentoilette Berto &#8211; dunkelgrau"},"content":{"rendered":"<p>Die Katzentoilette Berto besteht aus drei Teilen 2 Unterschalen und 1 Siebeinsatz f\u00fcr ein schnelles und einfaches Reinigen.<br \/> Durch das doppelte Randprofil wird ein Austreten von Katzenstreu und Urin verhindert.<br \/> Das Schlie\u00dfsystem Easy Click sorgt f\u00fcr ein schnelles \u00d6ffnen und sicheres Verschlie\u00dfen der Toilette Verbindung von Schale und Rahmen.<br \/> Die Siebeinlage dient dazu, dass nur die Kl\u00fcmpchen \u00fcbrig bleiben und einfach entsorgt werden k\u00f6nnen\u00a0und das unber\u00fchrte Streu wieder zur F\u00fcllung der Toilette genutzt werden kann.<br \/> Daher ist es bestens f\u00fcr Klumpstreu geeignet.<\/p>\n<p> Katzen sind von Natur aus sehr reinliche Tiere. Die Stubenreinheit ist jedoch nicht angeboren und muss erst einge\u00fcbt werden. Um jungen Katzen das Erlernen der Stubenreinheit zu erleichtern, sollte man anf\u00e4nglich in mehreren R\u00e4umen eine Katzentoilette aufstellen.<\/p>\n<p>Wenn sich die Katze an die Benutzung einer Toilette gew\u00f6hnt hat und \u00e4lter ist, wird die Anzahl reduziert.<br \/> Grunds\u00e4tzlich sollten in einer Wohnung mindestens so viele Toiletten aufgestellt werden, wie Katzen im Haushalt leben. Die Toilette sollte niemals neben dem Futterplatz der Katze stehen.<\/p>\n<ul>\n<li>Ma\u00dfe: 39 x 22 x 59 cm<\/li>\n<li>2 Unterschalen und 1 Siebeinsatz f\u00fcr schnelles und einfaches Reinigen der Toilette<\/li>\n<li>besonders gut geeignet f\u00fcr Klumpstreu<\/li>\n<li>Schale mit doppeltem Randprofil verhindert das Austreten von Katzenstreu und urin<\/li>\n<li>feste Verbindung von Schale und Rahmen durch Easy Click Verschl\u00fcsse<\/li>\n<li>spart Streu<\/li>\n<li>Farbe: dunkelgrau\/pastellblau\/granit<\/li>\n<\/ul>\n","protected":false},"excerpt":{"rendered":"<p>Die Katzentoilette Berto besteht aus drei Teilen 2 Unterschalen und 1 Siebeinsatz f\u00fcr ein schnelles und einfaches Reinigen. Durch das doppelte Randprofil wird ein Austreten von Katzenstreu und Urin verhindert. Das Schlie\u00dfsystem Easy Click sorgt f\u00fcr ein schnelles \u00d6ffnen und sicheres Verschlie\u00dfen der Toilette Verbindung von Schale und Rahmen. Die Siebeinlage dient dazu, dass nur [&hellip;]<\/p>\n","protected":false},"featured_media":23942,"comment_status":"closed","ping_status":"open","template":"","meta":[],"product_cat":[13941],"product_tag":[],"class_list":{"0":"post-46972","1":"product","2":"type-product","3":"status-publish","4":"has-post-thumbnail","6":"product_cat-katzentoiletten","8":"first","9":"instock","10":"taxable","11":"shipping-taxable","12":"purchasable","13":"product-type-simple"},"_links":{"self":[{"href":"https:\/\/all-pets.de\/shop\/wp-json\/wp\/v2\/product\/46972","targetHints":{"allow":["GET"]}}],"collection":[{"href":"https:\/\/all-pets.de\/shop\/wp-json\/wp\/v2\/product"}],"about":[{"href":"https:\/\/all-pets.de\/shop\/wp-json\/wp\/v2\/types\/product"}],"replies":[{"embeddable":true,"href":"https:\/\/all-pets.de\/shop\/wp-json\/wp\/v2\/comments?post=46972"}],"wp:featuredmedia":[{"embeddable":true,"href":"https:\/\/all-pets.de\/shop\/wp-json\/wp\/v2\/media\/23942"}],"wp:attachment":[{"href":"https:\/\/all-pets.de\/shop\/wp-json\/wp\/v2\/media?parent=46972"}],"wp:term":[{"taxonomy":"product_cat","embeddable":true,"href":"https:\/\/all-pets.de\/shop\/wp-json\/wp\/v2\/product_cat?post=46972"},{"taxonomy":"product_tag","embeddable":true,"href":"https:\/\/all-pets.de\/shop\/wp-json\/wp\/v2\/product_tag?post=46972"}],"curies":[{"name":"wp","href":"https:\/\/api.w.org\/{rel}","templated":true}]}}