{"id":46973,"date":"2023-12-12T10:53:30","date_gmt":"2023-12-12T09:53:30","guid":{"rendered":"https:\/\/pet-shopping.de\/shop\/produkt\/hagen-natures-treasure-naturspielzeug-engel\/"},"modified":"2023-12-12T10:53:31","modified_gmt":"2023-12-12T09:53:31","slug":"hagen-natures-treasure-naturspielzeug-engel","status":"publish","type":"product","link":"https:\/\/all-pets.de\/shop\/produkt\/hagen-natures-treasure-naturspielzeug-engel\/","title":{"rendered":"Hagen Natures Treasure Naturspielzeug Engel"},"content":{"rendered":"<p>Bei den Hagen Natures Treasure Naturspielzeugen f\u00fcr V\u00f6gel handelt es sich um handgefertigtes, knabber- und kaubares Spielzeug mit verschiedenen Naturmaterialien und Oberfl\u00e4chenstrukturen. Geeignet f\u00fcr mittelgro\u00dfe bis gro\u00dfe V\u00f6gel.<\/p>\n<p>Die Spielzeuge enthalten keine giftigen Chemikalien, Gummi oder Plastik und bieten Ihrem Vogel so eine sichere Besch\u00e4ftigungsm\u00f6glichkeit. Es wird kein Holz aus der freien Natur oder von gef\u00e4hrdeten B\u00e4umen und zum F\u00e4rben ausschlie\u00dflich Lebensmittelfarbe verwendet.<\/p>\n<p>Ma\u00dfe: ca. 25 x 11 cm (HxB)<\/p>\n","protected":false},"excerpt":{"rendered":"<p>Bei den Hagen Natures Treasure Naturspielzeugen f\u00fcr V\u00f6gel handelt es sich um handgefertigtes, knabber- und kaubares Spielzeug mit verschiedenen Naturmaterialien und Oberfl\u00e4chenstrukturen. Geeignet f\u00fcr mittelgro\u00dfe bis gro\u00dfe V\u00f6gel. Die Spielzeuge enthalten keine giftigen Chemikalien, Gummi oder Plastik und bieten Ihrem Vogel so eine sichere Besch\u00e4ftigungsm\u00f6glichkeit. Es wird kein Holz aus der freien Natur oder von [&hellip;]<\/p>\n","protected":false},"featured_media":867,"comment_status":"closed","ping_status":"open","template":"","meta":[],"product_cat":[13692],"product_tag":[],"class_list":{"0":"post-46973","1":"product","2":"type-product","3":"status-publish","4":"has-post-thumbnail","6":"product_cat-spielzeug","8":"first","9":"instock","10":"taxable","11":"shipping-taxable","12":"purchasable","13":"product-type-simple"},"_links":{"self":[{"href":"https:\/\/all-pets.de\/shop\/wp-json\/wp\/v2\/product\/46973","targetHints":{"allow":["GET"]}}],"collection":[{"href":"https:\/\/all-pets.de\/shop\/wp-json\/wp\/v2\/product"}],"about":[{"href":"https:\/\/all-pets.de\/shop\/wp-json\/wp\/v2\/types\/product"}],"replies":[{"embeddable":true,"href":"https:\/\/all-pets.de\/shop\/wp-json\/wp\/v2\/comments?post=46973"}],"wp:featuredmedia":[{"embeddable":true,"href":"https:\/\/all-pets.de\/shop\/wp-json\/wp\/v2\/media\/867"}],"wp:attachment":[{"href":"https:\/\/all-pets.de\/shop\/wp-json\/wp\/v2\/media?parent=46973"}],"wp:term":[{"taxonomy":"product_cat","embeddable":true,"href":"https:\/\/all-pets.de\/shop\/wp-json\/wp\/v2\/product_cat?post=46973"},{"taxonomy":"product_tag","embeddable":true,"href":"https:\/\/all-pets.de\/shop\/wp-json\/wp\/v2\/product_tag?post=46973"}],"curies":[{"name":"wp","href":"https:\/\/api.w.org\/{rel}","templated":true}]}}