{"id":46995,"date":"2023-12-12T10:53:35","date_gmt":"2023-12-12T09:53:35","guid":{"rendered":"https:\/\/pet-shopping.de\/shop\/produkt\/jr-farm-ratten-schmaus-600g\/"},"modified":"2023-12-12T10:53:35","modified_gmt":"2023-12-12T09:53:35","slug":"jr-farm-ratten-schmaus-600g","status":"publish","type":"product","link":"https:\/\/all-pets.de\/shop\/produkt\/jr-farm-ratten-schmaus-600g\/","title":{"rendered":"JR Farm Ratten-Schmaus 600g"},"content":{"rendered":"<div>Ratten-Schmaus ist eine nat\u00fcrliche und artgerechte Alleinfuttermischung f\u00fcr alle Ratten. Die vielf\u00e4ltige Rezeptur ohne Pellets und mit viel tierischem Protein wurde speziell f\u00fcr Ratten entwickelt und wird restlos gefressen. Mit viel Gem\u00fcse, Vitaminen und Mineralstoffen f\u00fcr ein vitales Leben!<\/div>\n<div>\u00a0<\/div>\n<div>F\u00fctterungsempfehlung:<\/div>\n<div>Futternapf erst auff\u00fcllen, wenn fast restlos leer. Bitte t\u00e4glich maximal soviel Futter verabreichen, wie in 24 Stunden komplett gefressen wird.<\/div>\n<div>\u00a0<\/div>\n<div>Zusammensetzung:<\/div>\n<div>extrudiertes Maismehl, Maisflocken, Dari, Weizenflocken, Weizen, Milokorn, Sonnenblumensaat 5%, Weizen gepufft, Erbsenflocken, Johannisbrot getrocknet, Mais, gelbe Hirse, Kanariengrassaat, Karotten, Buchweizen, rote Hirse, Mung-Bohnen, Gefl\u00fcgelfleisch<\/div>\n<div>1,2%, Rindfleisch 1,2%, Hafer-Ecken (Hafermehl 50%, Weizenmehl,<\/div>\n<div>Mais, Maiskleber, Weizenkleie, Natriumchlorid, Gerstenmalz), Hafer,<\/div>\n<div>Shrimps 1%, Fisch 0,6%, K\u00e4se 0,2%<\/div>\n<div>\u00a0<\/div>\n<div>Zusatzstoffe:<\/div>\n<div>ern\u00e4hrungsphysiologische Zusatzstoffe: Vitamin A (als A-Palmitat) 10.550 i. E., Vitamin D3 (als Cholecalciferol) 1.053 i.E., Vitamin E (als all-racalpha- Tocopherylacetat) 42,65 mg, Eisen(III)-oxid 2 mg<\/div>\n<div>\u00a0<\/div>\n<div>Analytische Bestandteile:<\/div>\n<div>Protein 12,2%, Fettgehalt 5,6%, Rohfaser 5,5%, Rohasche 3,6%<\/div>\n<div>\u00a0<\/div>\n<div>600 g<\/div>\n<div>\u00a0<\/div>\n<div>\u00a0<\/div>\n","protected":false},"excerpt":{"rendered":"<p>Ratten-Schmaus ist eine nat\u00fcrliche und artgerechte Alleinfuttermischung f\u00fcr alle Ratten. Die vielf\u00e4ltige Rezeptur ohne Pellets und mit viel tierischem Protein wurde speziell f\u00fcr Ratten entwickelt und wird restlos gefressen. Mit viel Gem\u00fcse, Vitaminen und Mineralstoffen f\u00fcr ein vitales Leben! \u00a0 F\u00fctterungsempfehlung: Futternapf erst auff\u00fcllen, wenn fast restlos leer. Bitte t\u00e4glich maximal soviel Futter verabreichen, wie [&hellip;]<\/p>\n","protected":false},"featured_media":25115,"comment_status":"closed","ping_status":"open","template":"","meta":[],"product_cat":[14641],"product_tag":[],"class_list":{"0":"post-46995","1":"product","2":"type-product","3":"status-publish","4":"has-post-thumbnail","6":"product_cat-ratte-kleintierfutter-snacks-jr-farmkleintierwelt","8":"first","9":"instock","10":"taxable","11":"shipping-taxable","12":"purchasable","13":"product-type-simple"},"_links":{"self":[{"href":"https:\/\/all-pets.de\/shop\/wp-json\/wp\/v2\/product\/46995","targetHints":{"allow":["GET"]}}],"collection":[{"href":"https:\/\/all-pets.de\/shop\/wp-json\/wp\/v2\/product"}],"about":[{"href":"https:\/\/all-pets.de\/shop\/wp-json\/wp\/v2\/types\/product"}],"replies":[{"embeddable":true,"href":"https:\/\/all-pets.de\/shop\/wp-json\/wp\/v2\/comments?post=46995"}],"wp:featuredmedia":[{"embeddable":true,"href":"https:\/\/all-pets.de\/shop\/wp-json\/wp\/v2\/media\/25115"}],"wp:attachment":[{"href":"https:\/\/all-pets.de\/shop\/wp-json\/wp\/v2\/media?parent=46995"}],"wp:term":[{"taxonomy":"product_cat","embeddable":true,"href":"https:\/\/all-pets.de\/shop\/wp-json\/wp\/v2\/product_cat?post=46995"},{"taxonomy":"product_tag","embeddable":true,"href":"https:\/\/all-pets.de\/shop\/wp-json\/wp\/v2\/product_tag?post=46995"}],"curies":[{"name":"wp","href":"https:\/\/api.w.org\/{rel}","templated":true}]}}