{"id":47045,"date":"2023-12-12T10:53:51","date_gmt":"2023-12-12T09:53:51","guid":{"rendered":"https:\/\/pet-shopping.de\/shop\/produkt\/trixie-langohrnapf-aus-edelstahl-mit-kunststoffmantel\/"},"modified":"2023-12-12T10:53:52","modified_gmt":"2023-12-12T09:53:52","slug":"trixie-langohrnapf-aus-edelstahl-mit-kunststoffmantel","status":"publish","type":"product","link":"https:\/\/all-pets.de\/shop\/produkt\/trixie-langohrnapf-aus-edelstahl-mit-kunststoffmantel\/","title":{"rendered":"Trixie Langohrnapf aus Edelstahl mit Kunststoffmantel"},"content":{"rendered":"<p>Der Napf aus rostfreiem Edelstahl ist mit einem Kunststoffmantel mit Knochen- und Pfotenmotiven best\u00fcckt und eignet sich durch seine extra hohe Form speziell f\u00fcr Langohrrassen. Ein dicker Gummiring an der Unterseite des Napfes macht ihn standsicher und rutschfest.<\/p>\n<p>Fassungsverm\u00f6gen: ca. 0,9 l<br \/> Au\u00dfenma\u00dfe: ca. 19 x 9 cm (Durchmesser Unterkante x H\u00f6he)<br \/> Durchmesser Metallnapf: ca. 14,5 cm<\/p>\n<p>Diverse Farben. Eine Farbwahl ist leider nicht m\u00f6glich, da die Farbe je nach Lagerbestand gew\u00e4hlt wird. <\/p>\n","protected":false},"excerpt":{"rendered":"<p>Der Napf aus rostfreiem Edelstahl ist mit einem Kunststoffmantel mit Knochen- und Pfotenmotiven best\u00fcckt und eignet sich durch seine extra hohe Form speziell f\u00fcr Langohrrassen. Ein dicker Gummiring an der Unterseite des Napfes macht ihn standsicher und rutschfest. Fassungsverm\u00f6gen: ca. 0,9 l Au\u00dfenma\u00dfe: ca. 19 x 9 cm (Durchmesser Unterkante x H\u00f6he) Durchmesser Metallnapf: ca. [&hellip;]<\/p>\n","protected":false},"featured_media":21158,"comment_status":"closed","ping_status":"open","template":"","meta":[],"product_cat":[14361],"product_tag":[],"class_list":{"0":"post-47045","1":"product","2":"type-product","3":"status-publish","4":"has-post-thumbnail","6":"product_cat-futter-wassernaepfe-hundenaepfe-traenken","8":"first","9":"instock","10":"taxable","11":"shipping-taxable","12":"purchasable","13":"product-type-simple"},"_links":{"self":[{"href":"https:\/\/all-pets.de\/shop\/wp-json\/wp\/v2\/product\/47045","targetHints":{"allow":["GET"]}}],"collection":[{"href":"https:\/\/all-pets.de\/shop\/wp-json\/wp\/v2\/product"}],"about":[{"href":"https:\/\/all-pets.de\/shop\/wp-json\/wp\/v2\/types\/product"}],"replies":[{"embeddable":true,"href":"https:\/\/all-pets.de\/shop\/wp-json\/wp\/v2\/comments?post=47045"}],"wp:featuredmedia":[{"embeddable":true,"href":"https:\/\/all-pets.de\/shop\/wp-json\/wp\/v2\/media\/21158"}],"wp:attachment":[{"href":"https:\/\/all-pets.de\/shop\/wp-json\/wp\/v2\/media?parent=47045"}],"wp:term":[{"taxonomy":"product_cat","embeddable":true,"href":"https:\/\/all-pets.de\/shop\/wp-json\/wp\/v2\/product_cat?post=47045"},{"taxonomy":"product_tag","embeddable":true,"href":"https:\/\/all-pets.de\/shop\/wp-json\/wp\/v2\/product_tag?post=47045"}],"curies":[{"name":"wp","href":"https:\/\/api.w.org\/{rel}","templated":true}]}}