{"id":47070,"date":"2023-12-12T10:53:58","date_gmt":"2023-12-12T09:53:58","guid":{"rendered":"https:\/\/pet-shopping.de\/shop\/produkt\/trixie-premio-chicken-cubes-50g\/"},"modified":"2023-12-12T10:53:58","modified_gmt":"2023-12-12T09:53:58","slug":"trixie-premio-chicken-cubes-50g","status":"publish","type":"product","link":"https:\/\/all-pets.de\/shop\/produkt\/trixie-premio-chicken-cubes-50g\/","title":{"rendered":"Trixie Premio Chicken Cubes &#8211; 50g"},"content":{"rendered":"<p>Erg\u00e4nzungsfuttermittel f\u00fcr Katzen<\/p>\n<p>Chicken Cubes sind frei von Zucker und zeichnen sich durch ihren hohen Gehalt an H\u00fchnchen (Fleischgehalt 73%) aus. Dieser wertvolle Snack ist die ideale Belohnung f\u00fcr Ihre Katze. Durch die wiederverschlie\u00dfbare Verpackung bleiben die Snacks besonders lange frisch.<\/p>\n<p>Zusammensetzung: Hefen, Milch- und Molkereierzeugnisse, Zucker (Dextrose), Mineralstoffe, pflanzliche Nebenerzeugnisse (Knoblauch), \u00d6le und Fette<\/p>\n<p>Analytische Bestandteile: <br \/> Protein 30,0%  Fettgehalt 9,0%  Rohasche 2,5%  Rohfaser 1,0%  Feuchtegehalt 28,0%.<\/p>\n<p>Inhalt: 50 g<\/p>\n","protected":false},"excerpt":{"rendered":"<p>Erg\u00e4nzungsfuttermittel f\u00fcr Katzen Chicken Cubes sind frei von Zucker und zeichnen sich durch ihren hohen Gehalt an H\u00fchnchen (Fleischgehalt 73%) aus. Dieser wertvolle Snack ist die ideale Belohnung f\u00fcr Ihre Katze. Durch die wiederverschlie\u00dfbare Verpackung bleiben die Snacks besonders lange frisch. Zusammensetzung: Hefen, Milch- und Molkereierzeugnisse, Zucker (Dextrose), Mineralstoffe, pflanzliche Nebenerzeugnisse (Knoblauch), \u00d6le und Fette [&hellip;]<\/p>\n","protected":false},"featured_media":5571,"comment_status":"closed","ping_status":"open","template":"","meta":[],"product_cat":[14070],"product_tag":[],"class_list":{"0":"post-47070","1":"product","2":"type-product","3":"status-publish","4":"has-post-thumbnail","6":"product_cat-trixie-katzensnacks","8":"first","9":"instock","10":"taxable","11":"shipping-taxable","12":"purchasable","13":"product-type-simple"},"_links":{"self":[{"href":"https:\/\/all-pets.de\/shop\/wp-json\/wp\/v2\/product\/47070","targetHints":{"allow":["GET"]}}],"collection":[{"href":"https:\/\/all-pets.de\/shop\/wp-json\/wp\/v2\/product"}],"about":[{"href":"https:\/\/all-pets.de\/shop\/wp-json\/wp\/v2\/types\/product"}],"replies":[{"embeddable":true,"href":"https:\/\/all-pets.de\/shop\/wp-json\/wp\/v2\/comments?post=47070"}],"wp:featuredmedia":[{"embeddable":true,"href":"https:\/\/all-pets.de\/shop\/wp-json\/wp\/v2\/media\/5571"}],"wp:attachment":[{"href":"https:\/\/all-pets.de\/shop\/wp-json\/wp\/v2\/media?parent=47070"}],"wp:term":[{"taxonomy":"product_cat","embeddable":true,"href":"https:\/\/all-pets.de\/shop\/wp-json\/wp\/v2\/product_cat?post=47070"},{"taxonomy":"product_tag","embeddable":true,"href":"https:\/\/all-pets.de\/shop\/wp-json\/wp\/v2\/product_tag?post=47070"}],"curies":[{"name":"wp","href":"https:\/\/api.w.org\/{rel}","templated":true}]}}