{"id":47071,"date":"2023-12-12T10:53:58","date_gmt":"2023-12-12T09:53:58","guid":{"rendered":"https:\/\/pet-shopping.de\/shop\/produkt\/trixie-cat-activity-brain-mover\/"},"modified":"2023-12-12T10:53:58","modified_gmt":"2023-12-12T09:53:58","slug":"trixie-cat-activity-brain-mover","status":"publish","type":"product","link":"https:\/\/all-pets.de\/shop\/produkt\/trixie-cat-activity-brain-mover\/","title":{"rendered":"Trixie Cat Activity Brain Mover"},"content":{"rendered":"<p>Tolles Intelligenzspielzeug f\u00fcr Katzen mit vielen Funktionen:<\/p>\n<p>&#8211; 4 Spielmodule stellen unterschiedliche Aufgaben<br \/> &#8211; Spiel mit 2 Abdeckkugeln sowie diversen kleinen Vertiefungen und Schubf\u00e4chern<br \/> &#8211; k\u00f6rperliche Besch\u00e4ftigung und geistige Herausforderung<br \/> &#8211; schult die Geschicklichkeit<br \/> &#8211; aus Kunststoff<br \/> &#8211; sp\u00fclmaschinengeeignet<br \/> &#8211; rutschfest durch Gummif\u00fc\u00dfe<br \/> &#8211; auch f\u00fcr \u00e4ltere oder kranke Tiere geeignet<br \/> &#8211; inkl. \u00dcbungsheft mit Tipps und Tricks f\u00fcr das optimale Training<\/p>\n<p>Ma\u00dfe: ca. 25 x 20 cm<\/p>\n","protected":false},"excerpt":{"rendered":"<p>Tolles Intelligenzspielzeug f\u00fcr Katzen mit vielen Funktionen: &#8211; 4 Spielmodule stellen unterschiedliche Aufgaben &#8211; Spiel mit 2 Abdeckkugeln sowie diversen kleinen Vertiefungen und Schubf\u00e4chern &#8211; k\u00f6rperliche Besch\u00e4ftigung und geistige Herausforderung &#8211; schult die Geschicklichkeit &#8211; aus Kunststoff &#8211; sp\u00fclmaschinengeeignet &#8211; rutschfest durch Gummif\u00fc\u00dfe &#8211; auch f\u00fcr \u00e4ltere oder kranke Tiere geeignet &#8211; inkl. \u00dcbungsheft mit [&hellip;]<\/p>\n","protected":false},"featured_media":32699,"comment_status":"closed","ping_status":"open","template":"","meta":[],"product_cat":[13782],"product_tag":[],"class_list":{"0":"post-47071","1":"product","2":"type-product","3":"status-publish","4":"has-post-thumbnail","6":"product_cat-intelligenz-spielzeug","8":"first","9":"instock","10":"taxable","11":"shipping-taxable","12":"purchasable","13":"product-type-simple"},"_links":{"self":[{"href":"https:\/\/all-pets.de\/shop\/wp-json\/wp\/v2\/product\/47071","targetHints":{"allow":["GET"]}}],"collection":[{"href":"https:\/\/all-pets.de\/shop\/wp-json\/wp\/v2\/product"}],"about":[{"href":"https:\/\/all-pets.de\/shop\/wp-json\/wp\/v2\/types\/product"}],"replies":[{"embeddable":true,"href":"https:\/\/all-pets.de\/shop\/wp-json\/wp\/v2\/comments?post=47071"}],"wp:featuredmedia":[{"embeddable":true,"href":"https:\/\/all-pets.de\/shop\/wp-json\/wp\/v2\/media\/32699"}],"wp:attachment":[{"href":"https:\/\/all-pets.de\/shop\/wp-json\/wp\/v2\/media?parent=47071"}],"wp:term":[{"taxonomy":"product_cat","embeddable":true,"href":"https:\/\/all-pets.de\/shop\/wp-json\/wp\/v2\/product_cat?post=47071"},{"taxonomy":"product_tag","embeddable":true,"href":"https:\/\/all-pets.de\/shop\/wp-json\/wp\/v2\/product_tag?post=47071"}],"curies":[{"name":"wp","href":"https:\/\/api.w.org\/{rel}","templated":true}]}}