{"id":47134,"date":"2023-12-12T10:54:09","date_gmt":"2023-12-12T09:54:09","guid":{"rendered":"https:\/\/pet-shopping.de\/shop\/produkt\/jr-farm-grainless-herbs-meerschweinchen-400g\/"},"modified":"2023-12-12T10:54:10","modified_gmt":"2023-12-12T09:54:10","slug":"jr-farm-grainless-herbs-meerschweinchen-400g","status":"publish","type":"product","link":"https:\/\/all-pets.de\/shop\/produkt\/jr-farm-grainless-herbs-meerschweinchen-400g\/","title":{"rendered":"JR Farm Grainless Herbs Meerschweinchen 400g"},"content":{"rendered":"<p>Alleinfuttermittel f\u00fcr Meerschweinchen.<\/p>\n<p>Grainless Herbs ist eine Alleinfuttermischung aus vielen langfaserigen Gr\u00e4sern und Kr\u00e4utern, die zusammen mit viel Gem\u00fcse und Bl\u00fcten die optimale Ern\u00e4hrungsgrundlage f\u00fcr ein gesundes Tierleben bilden. Mit dem Plus an nat\u00fcrlichem Vitamin C aus der Petersilie.<\/p>\n<p>F\u00fctterungsempfehlung:<\/p>\n<p>Futternapf erst auff\u00fcllen, wenn fast restlos leer. Bitte t\u00e4glich maximal soviel Futter verabreichen, wie in 24 Stunden komplett gefressen<\/p>\n<p>wird. Zus\u00e4tzlich zu Grainless muss immer ausreichend frisches Wasser und Heu zur Verf\u00fcgung stehen.<\/p>\n<p>Zusammensetzung:<\/p>\n<p>Aufwuchs von Dauergr\u00fcnland der Alpenvorlandwiesen (bestehend unter anderem aus Wiesen- Lieschgras [Timothy-Gras], Fuchsschwanz, Glatthafer, Knaulgras, Flaumhafer, Wiesenrispe, Rotklee, Scharfer Hahnenfu\u00df, Ruchgras, Wolliges Honiggras, Goldhafer,<\/p>\n<p>Schmalbl\u00e4ttrige Wicke, Hopfen-Schneckenklee, L\u00f6wenzahn, Spitzwegerich, Wiesen-Schl\u00fcsselblume, Margerite, G\u00e4nsebl\u00fcmchen, Gro\u00dfe Bibernelle, Wiesenlabkraut, Pastinake, Sauerampfer, Gamander-Ehrenpreis, Gew\u00f6hnliches Hornkraut, Deutsches Weidelgras, Weiche Trespe, Vogelwicke, Zaunwicke, Dreiz\u00e4hniges Knabenkraut, Knolliger Hahnenfu\u00df, Kleiner Klappertopf, Wiesenkerbel, Schafgarbe), Erbsenflocken, Karotten, Ackerbohnenflocken, Petersilie, Leinsaat, Pastinaken, Pfefferminze, Spitzwegerich, Ringelblumenbl\u00fcten, Rote Beete, Fenchelsaat, Haselnussh\u00f6lzer, Brennnesselwurzeln, Melisse, Birkenbl\u00e4tter, Himbeerbl\u00e4tter, L\u00f6wenzahn, Schwarzk\u00fcmmel, Kamillenbl\u00fcten, Gurke, Zucchini<\/p>\n<p>Zusatzstoffe:<\/p>\n<p>ern\u00e4hrungsphysiologische Zusatzstoffe: Vitamin A 13000 IE, Vitamin C 250 mg, Vitamin D3 900 IE, Vitamin E 80 mg<\/p>\n<p>Analytische Bestandteile:<\/p>\n<p>Protein 15,4%, Fettgehalt 5%, Rohfaser 19,2%, Rohasche 6,5%, Calcium 859 mg\/kg, Phosphor 672 mg\/kg<\/p>\n<p>400 g<\/p>\n","protected":false},"excerpt":{"rendered":"<p>Alleinfuttermittel f\u00fcr Meerschweinchen. Grainless Herbs ist eine Alleinfuttermischung aus vielen langfaserigen Gr\u00e4sern und Kr\u00e4utern, die zusammen mit viel Gem\u00fcse und Bl\u00fcten die optimale Ern\u00e4hrungsgrundlage f\u00fcr ein gesundes Tierleben bilden. Mit dem Plus an nat\u00fcrlichem Vitamin C aus der Petersilie. F\u00fctterungsempfehlung: Futternapf erst auff\u00fcllen, wenn fast restlos leer. Bitte t\u00e4glich maximal soviel Futter verabreichen, wie in [&hellip;]<\/p>\n","protected":false},"featured_media":33576,"comment_status":"closed","ping_status":"open","template":"","meta":[],"product_cat":[14695],"product_tag":[],"class_list":{"0":"post-47134","1":"product","2":"type-product","3":"status-publish","4":"has-post-thumbnail","6":"product_cat-jr-farm-kleintierfutter-snacks-meerschweinchenkleintierwelt-kleintierfutter-snacks","8":"first","9":"instock","10":"taxable","11":"shipping-taxable","12":"purchasable","13":"product-type-simple"},"_links":{"self":[{"href":"https:\/\/all-pets.de\/shop\/wp-json\/wp\/v2\/product\/47134","targetHints":{"allow":["GET"]}}],"collection":[{"href":"https:\/\/all-pets.de\/shop\/wp-json\/wp\/v2\/product"}],"about":[{"href":"https:\/\/all-pets.de\/shop\/wp-json\/wp\/v2\/types\/product"}],"replies":[{"embeddable":true,"href":"https:\/\/all-pets.de\/shop\/wp-json\/wp\/v2\/comments?post=47134"}],"wp:featuredmedia":[{"embeddable":true,"href":"https:\/\/all-pets.de\/shop\/wp-json\/wp\/v2\/media\/33576"}],"wp:attachment":[{"href":"https:\/\/all-pets.de\/shop\/wp-json\/wp\/v2\/media?parent=47134"}],"wp:term":[{"taxonomy":"product_cat","embeddable":true,"href":"https:\/\/all-pets.de\/shop\/wp-json\/wp\/v2\/product_cat?post=47134"},{"taxonomy":"product_tag","embeddable":true,"href":"https:\/\/all-pets.de\/shop\/wp-json\/wp\/v2\/product_tag?post=47134"}],"curies":[{"name":"wp","href":"https:\/\/api.w.org\/{rel}","templated":true}]}}