{"id":47140,"date":"2023-12-12T10:54:09","date_gmt":"2023-12-12T09:54:09","guid":{"rendered":"https:\/\/pet-shopping.de\/shop\/produkt\/trixie-haus-hilke-mit-integrierter-heuraufe\/"},"modified":"2023-12-12T10:54:10","modified_gmt":"2023-12-12T09:54:10","slug":"trixie-haus-hilke-mit-integrierter-heuraufe","status":"publish","type":"product","link":"https:\/\/all-pets.de\/shop\/produkt\/trixie-haus-hilke-mit-integrierter-heuraufe\/","title":{"rendered":"Trixie Haus Hilke mit integrierter Heuraufe"},"content":{"rendered":"<ul>\n<li> Naturholz <\/li>\n<li> Haus mit integrierter Heuraufe <\/li>\n<li> sch\u00fctzt Futter vor Kot und Urin <\/li>\n<li> Dach und erh\u00f6hte Ausg\u00e4nge verhindern ein Verteilen von Heu <\/li>\n<li> erleichtert die Sauberhaltung des Kleintierheims <\/li>\n<li> mit Liegefl\u00e4che auf dem Dach <\/li>\n<li> tiergerechte Ausf\u00fchrung durch zwei Ein- bzw. Ausg\u00e4nge <\/li>\n<li>Ma\u00dfe: ca. 40 x 23 x 32 cm<\/li>\n<li>f\u00fcr z. B.: Kaninchen, Meerschweinchen<\/li>\n<\/ul>\n","protected":false},"excerpt":{"rendered":"<p>Naturholz Haus mit integrierter Heuraufe sch\u00fctzt Futter vor Kot und Urin Dach und erh\u00f6hte Ausg\u00e4nge verhindern ein Verteilen von Heu erleichtert die Sauberhaltung des Kleintierheims mit Liegefl\u00e4che auf dem Dach tiergerechte Ausf\u00fchrung durch zwei Ein- bzw. Ausg\u00e4nge Ma\u00dfe: ca. 40 x 23 x 32 cm f\u00fcr z. B.: Kaninchen, Meerschweinchen<\/p>\n","protected":false},"featured_media":33276,"comment_status":"closed","ping_status":"open","template":"","meta":[],"product_cat":[14698],"product_tag":[],"class_list":{"0":"post-47140","1":"product","2":"type-product","3":"status-publish","4":"has-post-thumbnail","6":"product_cat-heuraufen-ausstattung-zubehoer-holzhaeuserkleintierwelt","8":"first","9":"instock","10":"taxable","11":"shipping-taxable","12":"purchasable","13":"product-type-simple"},"_links":{"self":[{"href":"https:\/\/all-pets.de\/shop\/wp-json\/wp\/v2\/product\/47140","targetHints":{"allow":["GET"]}}],"collection":[{"href":"https:\/\/all-pets.de\/shop\/wp-json\/wp\/v2\/product"}],"about":[{"href":"https:\/\/all-pets.de\/shop\/wp-json\/wp\/v2\/types\/product"}],"replies":[{"embeddable":true,"href":"https:\/\/all-pets.de\/shop\/wp-json\/wp\/v2\/comments?post=47140"}],"wp:featuredmedia":[{"embeddable":true,"href":"https:\/\/all-pets.de\/shop\/wp-json\/wp\/v2\/media\/33276"}],"wp:attachment":[{"href":"https:\/\/all-pets.de\/shop\/wp-json\/wp\/v2\/media?parent=47140"}],"wp:term":[{"taxonomy":"product_cat","embeddable":true,"href":"https:\/\/all-pets.de\/shop\/wp-json\/wp\/v2\/product_cat?post=47140"},{"taxonomy":"product_tag","embeddable":true,"href":"https:\/\/all-pets.de\/shop\/wp-json\/wp\/v2\/product_tag?post=47140"}],"curies":[{"name":"wp","href":"https:\/\/api.w.org\/{rel}","templated":true}]}}