{"id":47178,"date":"2023-12-12T10:54:16","date_gmt":"2023-12-12T09:54:16","guid":{"rendered":"https:\/\/pet-shopping.de\/shop\/produkt\/kerbl-spielset-fuer-hunde\/"},"modified":"2023-12-12T10:54:17","modified_gmt":"2023-12-12T09:54:17","slug":"kerbl-spielset-fuer-hunde","status":"publish","type":"product","link":"https:\/\/all-pets.de\/shop\/produkt\/kerbl-spielset-fuer-hunde\/","title":{"rendered":"Kerbl Spielset f\u00fcr Hunde"},"content":{"rendered":"<p>Dieses Spielsetdes Herstellers Kerbl wird Ihnen und Ihrem Hund viel Freude bereiten.<\/p>\n<p>Das Set besteht aus einem niedlichen Pl\u00fcsch- Hund und 3 bunten Tennisb\u00e4llen. <\/p>\n<p>Gr\u00f6\u00dfe Pl\u00fcsch-Hund: 33 x 15 cm (LxB)<\/p>\n<p>Durchmesser Tennisb\u00e4lle: 6,5 cm\u00a0 <\/p>\n<p>\u00a0<\/p>\n<p><\/p>\n","protected":false},"excerpt":{"rendered":"<p>Dieses Spielsetdes Herstellers Kerbl wird Ihnen und Ihrem Hund viel Freude bereiten. Das Set besteht aus einem niedlichen Pl\u00fcsch- Hund und 3 bunten Tennisb\u00e4llen. Gr\u00f6\u00dfe Pl\u00fcsch-Hund: 33 x 15 cm (LxB) Durchmesser Tennisb\u00e4lle: 6,5 cm\u00a0 \u00a0<\/p>\n","protected":false},"featured_media":5171,"comment_status":"closed","ping_status":"open","template":"","meta":[],"product_cat":[14704],"product_tag":[],"class_list":{"0":"post-47178","1":"product","2":"type-product","3":"status-publish","4":"has-post-thumbnail","6":"product_cat-weitere-spielzeuge-hundespielzeug-sport-hundebaellehundewelt-hundespielzeug-sport-plueschspielzeughundewelt","8":"first","9":"instock","10":"taxable","11":"shipping-taxable","12":"purchasable","13":"product-type-simple"},"_links":{"self":[{"href":"https:\/\/all-pets.de\/shop\/wp-json\/wp\/v2\/product\/47178","targetHints":{"allow":["GET"]}}],"collection":[{"href":"https:\/\/all-pets.de\/shop\/wp-json\/wp\/v2\/product"}],"about":[{"href":"https:\/\/all-pets.de\/shop\/wp-json\/wp\/v2\/types\/product"}],"replies":[{"embeddable":true,"href":"https:\/\/all-pets.de\/shop\/wp-json\/wp\/v2\/comments?post=47178"}],"wp:featuredmedia":[{"embeddable":true,"href":"https:\/\/all-pets.de\/shop\/wp-json\/wp\/v2\/media\/5171"}],"wp:attachment":[{"href":"https:\/\/all-pets.de\/shop\/wp-json\/wp\/v2\/media?parent=47178"}],"wp:term":[{"taxonomy":"product_cat","embeddable":true,"href":"https:\/\/all-pets.de\/shop\/wp-json\/wp\/v2\/product_cat?post=47178"},{"taxonomy":"product_tag","embeddable":true,"href":"https:\/\/all-pets.de\/shop\/wp-json\/wp\/v2\/product_tag?post=47178"}],"curies":[{"name":"wp","href":"https:\/\/api.w.org\/{rel}","templated":true}]}}