{"id":47181,"date":"2023-12-12T10:54:16","date_gmt":"2023-12-12T09:54:16","guid":{"rendered":"https:\/\/pet-shopping.de\/shop\/produkt\/all-for-paws-outdoor-dog-wurfball\/"},"modified":"2023-12-12T10:54:17","modified_gmt":"2023-12-12T09:54:17","slug":"all-for-paws-outdoor-dog-wurfball","status":"publish","type":"product","link":"https:\/\/all-pets.de\/shop\/produkt\/all-for-paws-outdoor-dog-wurfball\/","title":{"rendered":"All for Paws Outdoor Dog Wurfball"},"content":{"rendered":"<p>Dieser Wurfball mir Schweif ist aus besonders stabilem Nylongewebe gefertigt und dadurch besonders belastbar f\u00fcr einen langanhaltenden Spielspa\u00df.<\/p>\n<p>Durch den Schweif l\u00e4sst sich der Ball besonders gut und weit werfen.\u00a0<\/p>\n<p>Mit extra gro\u00dfem Squeeker.<\/p>\n<p>Gr\u00f6\u00dfe: 40 x 14 x 12 cm (L x B x H)<\/p>\n<p>Farbe: Gr\u00fcn-Grau oder Orange-Grau<\/p>\n<p><font size=\"1\">(Eine Farbwahl ist leider nicht m\u00f6glich. Die Farbe wird je nach Lagerbestand gew\u00e4hlt.)<\/font> <\/p>\n<p><\/p>\n","protected":false},"excerpt":{"rendered":"<p>Dieser Wurfball mir Schweif ist aus besonders stabilem Nylongewebe gefertigt und dadurch besonders belastbar f\u00fcr einen langanhaltenden Spielspa\u00df. Durch den Schweif l\u00e4sst sich der Ball besonders gut und weit werfen.\u00a0 Mit extra gro\u00dfem Squeeker. Gr\u00f6\u00dfe: 40 x 14 x 12 cm (L x B x H) Farbe: Gr\u00fcn-Grau oder Orange-Grau (Eine Farbwahl ist leider nicht [&hellip;]<\/p>\n","protected":false},"featured_media":19039,"comment_status":"closed","ping_status":"open","template":"","meta":[],"product_cat":[14705],"product_tag":[],"class_list":{"0":"post-47181","1":"product","2":"type-product","3":"status-publish","4":"has-post-thumbnail","6":"product_cat-hundewurfspielzeug-hundespielzeug-sport-hundespielzeug-sporthundewelt","8":"first","9":"instock","10":"taxable","11":"shipping-taxable","12":"purchasable","13":"product-type-simple"},"_links":{"self":[{"href":"https:\/\/all-pets.de\/shop\/wp-json\/wp\/v2\/product\/47181","targetHints":{"allow":["GET"]}}],"collection":[{"href":"https:\/\/all-pets.de\/shop\/wp-json\/wp\/v2\/product"}],"about":[{"href":"https:\/\/all-pets.de\/shop\/wp-json\/wp\/v2\/types\/product"}],"replies":[{"embeddable":true,"href":"https:\/\/all-pets.de\/shop\/wp-json\/wp\/v2\/comments?post=47181"}],"wp:featuredmedia":[{"embeddable":true,"href":"https:\/\/all-pets.de\/shop\/wp-json\/wp\/v2\/media\/19039"}],"wp:attachment":[{"href":"https:\/\/all-pets.de\/shop\/wp-json\/wp\/v2\/media?parent=47181"}],"wp:term":[{"taxonomy":"product_cat","embeddable":true,"href":"https:\/\/all-pets.de\/shop\/wp-json\/wp\/v2\/product_cat?post=47181"},{"taxonomy":"product_tag","embeddable":true,"href":"https:\/\/all-pets.de\/shop\/wp-json\/wp\/v2\/product_tag?post=47181"}],"curies":[{"name":"wp","href":"https:\/\/api.w.org\/{rel}","templated":true}]}}