{"id":47183,"date":"2023-12-12T10:54:16","date_gmt":"2023-12-12T09:54:16","guid":{"rendered":"https:\/\/pet-shopping.de\/shop\/produkt\/all-for-paws-green-rush-fische-2-stueck\/"},"modified":"2023-12-12T10:54:17","modified_gmt":"2023-12-12T09:54:17","slug":"all-for-paws-green-rush-fische-2-stueck","status":"publish","type":"product","link":"https:\/\/all-pets.de\/shop\/produkt\/all-for-paws-green-rush-fische-2-stueck\/","title":{"rendered":"All for Paws Green Rush Fische 2 St\u00fcck"},"content":{"rendered":"<p>Diese niedlichen Fische kommen gleich im Zweierpack, f\u00fcr extra langen Spielspa\u00df.<\/p>\n<p>Die Produkte aus der Green Rush Serie sind mit extra viel Katzenminze gef\u00fcllt. Ganze 6 g hochwertige, kanadische Katzenminze machen die Spielfreude f\u00fcr Ihre Katze noch intensiver.<\/p>\n<p>Die niedlichen Fische sind in drei verschiedenen modernen Farben erh\u00e4ltlich. <\/p>\n<p>Gr\u00f6\u00dfe: ca. 7,5 x 3,5 cm (L x B) <\/p>\n<p>Farbe: Grau, Orange oder Hellblau<\/p>\n<p><font size=\"1\">(Eine Farbwahl ist leider nicht m\u00f6glich, da die Farbe je nach Lagerbestand gew\u00e4hlt wird.)<\/font> <\/p>\n<p><\/p>\n","protected":false},"excerpt":{"rendered":"<p>Diese niedlichen Fische kommen gleich im Zweierpack, f\u00fcr extra langen Spielspa\u00df. Die Produkte aus der Green Rush Serie sind mit extra viel Katzenminze gef\u00fcllt. Ganze 6 g hochwertige, kanadische Katzenminze machen die Spielfreude f\u00fcr Ihre Katze noch intensiver. Die niedlichen Fische sind in drei verschiedenen modernen Farben erh\u00e4ltlich. Gr\u00f6\u00dfe: ca. 7,5 x 3,5 cm (L [&hellip;]<\/p>\n","protected":false},"featured_media":34587,"comment_status":"closed","ping_status":"open","template":"","meta":[],"product_cat":[14706],"product_tag":[],"class_list":{"0":"post-47183","1":"product","2":"type-product","3":"status-publish","4":"has-post-thumbnail","6":"product_cat-weitere-spielzeuge-katzenspielzeug-spielzeug-sortimentekatzenwelt","8":"first","9":"instock","10":"taxable","11":"shipping-taxable","12":"purchasable","13":"product-type-simple"},"_links":{"self":[{"href":"https:\/\/all-pets.de\/shop\/wp-json\/wp\/v2\/product\/47183","targetHints":{"allow":["GET"]}}],"collection":[{"href":"https:\/\/all-pets.de\/shop\/wp-json\/wp\/v2\/product"}],"about":[{"href":"https:\/\/all-pets.de\/shop\/wp-json\/wp\/v2\/types\/product"}],"replies":[{"embeddable":true,"href":"https:\/\/all-pets.de\/shop\/wp-json\/wp\/v2\/comments?post=47183"}],"wp:featuredmedia":[{"embeddable":true,"href":"https:\/\/all-pets.de\/shop\/wp-json\/wp\/v2\/media\/34587"}],"wp:attachment":[{"href":"https:\/\/all-pets.de\/shop\/wp-json\/wp\/v2\/media?parent=47183"}],"wp:term":[{"taxonomy":"product_cat","embeddable":true,"href":"https:\/\/all-pets.de\/shop\/wp-json\/wp\/v2\/product_cat?post=47183"},{"taxonomy":"product_tag","embeddable":true,"href":"https:\/\/all-pets.de\/shop\/wp-json\/wp\/v2\/product_tag?post=47183"}],"curies":[{"name":"wp","href":"https:\/\/api.w.org\/{rel}","templated":true}]}}