{"id":47200,"date":"2023-12-12T10:54:19","date_gmt":"2023-12-12T09:54:19","guid":{"rendered":"https:\/\/pet-shopping.de\/shop\/produkt\/trixie-natura-freilaufgehege-mit-schutznetz\/"},"modified":"2023-12-12T10:54:20","modified_gmt":"2023-12-12T09:54:20","slug":"trixie-natura-freilaufgehege-mit-schutznetz","status":"publish","type":"product","link":"https:\/\/all-pets.de\/shop\/produkt\/trixie-natura-freilaufgehege-mit-schutznetz\/","title":{"rendered":"Trixie natura Freilaufgehege mit Schutznetz"},"content":{"rendered":"<div class=\"itemDescriptions\">\n<div class=\"itemDescriptions\">\n<div class=\"itemDescriptions\">\n<div class=\"itemDescriptions\">\n<div class=\"itemDescriptions\">\n<div class=\"itemDescriptions\">\n<ul><\/ul>\n<div class=\"itemDescriptions\">\n<ul>\n<li>8 Elemente, je 60 x 57 cm<\/li>\n<li>gr\u00fcn<\/li>\n<li>Metall, pulverbeschichtet<\/li>\n<li>mit T\u00fcr<\/li>\n<li>erweiterbar durch zus\u00e4tzliche Gehege<\/li>\n<li>Schutznetz verhindert das Hinausspringen<\/li>\n<li>Schutz vor Greifv\u00f6geln und Katzen <\/li>\n<li>Maschenweite: 1 \u00d7 1 cm<\/li>\n<\/ul>\n<\/div>\n<\/div>\n<\/div>\n<\/div>\n<\/div>\n<\/div>\n<\/div>\n","protected":false},"excerpt":{"rendered":"<p>8 Elemente, je 60 x 57 cm gr\u00fcn Metall, pulverbeschichtet mit T\u00fcr erweiterbar durch zus\u00e4tzliche Gehege Schutznetz verhindert das Hinausspringen Schutz vor Greifv\u00f6geln und Katzen Maschenweite: 1 \u00d7 1 cm<\/p>\n","protected":false},"featured_media":16764,"comment_status":"closed","ping_status":"open","template":"","meta":[],"product_cat":[13899],"product_tag":[],"class_list":{"0":"post-47200","1":"product","2":"type-product","3":"status-publish","4":"has-post-thumbnail","6":"product_cat-freigehege-fuer-kleintiere","8":"first","9":"instock","10":"taxable","11":"shipping-taxable","12":"purchasable","13":"product-type-simple"},"_links":{"self":[{"href":"https:\/\/all-pets.de\/shop\/wp-json\/wp\/v2\/product\/47200","targetHints":{"allow":["GET"]}}],"collection":[{"href":"https:\/\/all-pets.de\/shop\/wp-json\/wp\/v2\/product"}],"about":[{"href":"https:\/\/all-pets.de\/shop\/wp-json\/wp\/v2\/types\/product"}],"replies":[{"embeddable":true,"href":"https:\/\/all-pets.de\/shop\/wp-json\/wp\/v2\/comments?post=47200"}],"wp:featuredmedia":[{"embeddable":true,"href":"https:\/\/all-pets.de\/shop\/wp-json\/wp\/v2\/media\/16764"}],"wp:attachment":[{"href":"https:\/\/all-pets.de\/shop\/wp-json\/wp\/v2\/media?parent=47200"}],"wp:term":[{"taxonomy":"product_cat","embeddable":true,"href":"https:\/\/all-pets.de\/shop\/wp-json\/wp\/v2\/product_cat?post=47200"},{"taxonomy":"product_tag","embeddable":true,"href":"https:\/\/all-pets.de\/shop\/wp-json\/wp\/v2\/product_tag?post=47200"}],"curies":[{"name":"wp","href":"https:\/\/api.w.org\/{rel}","templated":true}]}}