{"id":47655,"date":"2023-12-12T10:55:22","date_gmt":"2023-12-12T09:55:22","guid":{"rendered":"https:\/\/pet-shopping.de\/shop\/produkt\/catit-le-salon-professional-slide-n-lock-fellkamm\/"},"modified":"2023-12-12T10:55:24","modified_gmt":"2023-12-12T09:55:24","slug":"catit-le-salon-professional-slide-n-lock-fellkamm","status":"publish","type":"product","link":"https:\/\/all-pets.de\/shop\/produkt\/catit-le-salon-professional-slide-n-lock-fellkamm\/","title":{"rendered":"CATIT Le Salon Professional Slide-n-Lock Fellkamm"},"content":{"rendered":"<p>Le Salon Professional: Das professionelle Fellpflegeprogramm des Qualit\u00e4tsherstellers Hagen mit ergonomischem Design und Mehrfachfunktionalit\u00e4t!<\/p>\n<p>Der Slide-n-Lock-Fellkamm ist mit dem neuartigen Slide-n-Lock-Griff ausgestattet. Der Griff kann einfach am abgerundeten, aus rostfreiem Edelstahl bestehenden Rand des Kammes entlang hin zum gew\u00fcnschten Zahnungstyp geschoben und arretiert werden. <\/p>\n<p>Die grobe und feine Zahnung sorgt daf\u00fcr, dass alle K\u00e4mmanforderungen erf\u00fcllt werden. Der Slide-n-Lock-Fellkamm ist f\u00fcr Rechts- und Linksh\u00e4nder geeignet. F\u00fcr Doppelfelle, dichte oder rauhe Felle.<\/p>\n<p>Gr\u00f6\u00dfe: ca. 15 cm<\/p>\n","protected":false},"excerpt":{"rendered":"<p>Le Salon Professional: Das professionelle Fellpflegeprogramm des Qualit\u00e4tsherstellers Hagen mit ergonomischem Design und Mehrfachfunktionalit\u00e4t! Der Slide-n-Lock-Fellkamm ist mit dem neuartigen Slide-n-Lock-Griff ausgestattet. Der Griff kann einfach am abgerundeten, aus rostfreiem Edelstahl bestehenden Rand des Kammes entlang hin zum gew\u00fcnschten Zahnungstyp geschoben und arretiert werden. Die grobe und feine Zahnung sorgt daf\u00fcr, dass alle K\u00e4mmanforderungen erf\u00fcllt [&hellip;]<\/p>\n","protected":false},"featured_media":18134,"comment_status":"closed","ping_status":"open","template":"","meta":[],"product_cat":[14774],"product_tag":[],"class_list":{"0":"post-47655","1":"product","2":"type-product","3":"status-publish","4":"has-post-thumbnail","6":"product_cat-fellpflege-pflege-gesundheit-katzenbuersten-striegelkatzenwelt-fellpflege-pflege-gesundheit-katzenwelt","8":"first","9":"instock","10":"taxable","11":"shipping-taxable","12":"purchasable","13":"product-type-simple"},"_links":{"self":[{"href":"https:\/\/all-pets.de\/shop\/wp-json\/wp\/v2\/product\/47655","targetHints":{"allow":["GET"]}}],"collection":[{"href":"https:\/\/all-pets.de\/shop\/wp-json\/wp\/v2\/product"}],"about":[{"href":"https:\/\/all-pets.de\/shop\/wp-json\/wp\/v2\/types\/product"}],"replies":[{"embeddable":true,"href":"https:\/\/all-pets.de\/shop\/wp-json\/wp\/v2\/comments?post=47655"}],"wp:featuredmedia":[{"embeddable":true,"href":"https:\/\/all-pets.de\/shop\/wp-json\/wp\/v2\/media\/18134"}],"wp:attachment":[{"href":"https:\/\/all-pets.de\/shop\/wp-json\/wp\/v2\/media?parent=47655"}],"wp:term":[{"taxonomy":"product_cat","embeddable":true,"href":"https:\/\/all-pets.de\/shop\/wp-json\/wp\/v2\/product_cat?post=47655"},{"taxonomy":"product_tag","embeddable":true,"href":"https:\/\/all-pets.de\/shop\/wp-json\/wp\/v2\/product_tag?post=47655"}],"curies":[{"name":"wp","href":"https:\/\/api.w.org\/{rel}","templated":true}]}}