{"id":47672,"date":"2023-12-12T10:55:26","date_gmt":"2023-12-12T09:55:26","guid":{"rendered":"https:\/\/pet-shopping.de\/shop\/produkt\/trixie-sandbad-fuer-kleinnager\/"},"modified":"2023-12-12T10:55:27","modified_gmt":"2023-12-12T09:55:27","slug":"trixie-sandbad-fuer-kleinnager","status":"publish","type":"product","link":"https:\/\/all-pets.de\/shop\/produkt\/trixie-sandbad-fuer-kleinnager\/","title":{"rendered":"Trixie Sandbad f\u00fcr Kleinnager"},"content":{"rendered":"<p>Ein Sandbad dient Nagern zur Krallen- und K\u00f6rperpflege und sorgt f\u00fcr ein geschmeidiges Fell. <\/p>\n<p>Vorallem ist es aber ein wichtiges Zubeh\u00f6r, um seinem Nager eine tiergerechte Umgebung zu schaffen.<\/p>\n<p>Das Sandbad besteht aus Kunststoff und eignet sich z.B. f\u00fcr Hamster und M\u00e4use.<\/p>\n<p>Ma\u00dfe: ca. 17 x 10 x 10 cm <br \/> Farbe: dunkelblau\/t\u00fcrkis<\/p>\n<p>Lieferung erfolgt ohne Sand.<\/p>\n","protected":false},"excerpt":{"rendered":"<p>Ein Sandbad dient Nagern zur Krallen- und K\u00f6rperpflege und sorgt f\u00fcr ein geschmeidiges Fell. Vorallem ist es aber ein wichtiges Zubeh\u00f6r, um seinem Nager eine tiergerechte Umgebung zu schaffen. Das Sandbad besteht aus Kunststoff und eignet sich z.B. f\u00fcr Hamster und M\u00e4use. Ma\u00dfe: ca. 17 x 10 x 10 cm Farbe: dunkelblau\/t\u00fcrkis Lieferung erfolgt ohne [&hellip;]<\/p>\n","protected":false},"featured_media":33561,"comment_status":"closed","ping_status":"open","template":"","meta":[],"product_cat":[14776],"product_tag":[],"class_list":{"0":"post-47672","1":"product","2":"type-product","3":"status-publish","4":"has-post-thumbnail","6":"product_cat-sandbadehaeuser","8":"first","9":"instock","10":"taxable","11":"shipping-taxable","12":"purchasable","13":"product-type-simple"},"_links":{"self":[{"href":"https:\/\/all-pets.de\/shop\/wp-json\/wp\/v2\/product\/47672","targetHints":{"allow":["GET"]}}],"collection":[{"href":"https:\/\/all-pets.de\/shop\/wp-json\/wp\/v2\/product"}],"about":[{"href":"https:\/\/all-pets.de\/shop\/wp-json\/wp\/v2\/types\/product"}],"replies":[{"embeddable":true,"href":"https:\/\/all-pets.de\/shop\/wp-json\/wp\/v2\/comments?post=47672"}],"wp:featuredmedia":[{"embeddable":true,"href":"https:\/\/all-pets.de\/shop\/wp-json\/wp\/v2\/media\/33561"}],"wp:attachment":[{"href":"https:\/\/all-pets.de\/shop\/wp-json\/wp\/v2\/media?parent=47672"}],"wp:term":[{"taxonomy":"product_cat","embeddable":true,"href":"https:\/\/all-pets.de\/shop\/wp-json\/wp\/v2\/product_cat?post=47672"},{"taxonomy":"product_tag","embeddable":true,"href":"https:\/\/all-pets.de\/shop\/wp-json\/wp\/v2\/product_tag?post=47672"}],"curies":[{"name":"wp","href":"https:\/\/api.w.org\/{rel}","templated":true}]}}