{"id":47676,"date":"2023-12-12T10:55:26","date_gmt":"2023-12-12T09:55:26","guid":{"rendered":"https:\/\/pet-shopping.de\/shop\/produkt\/living-world-tree-house-nest\/"},"modified":"2023-12-12T10:55:28","modified_gmt":"2023-12-12T09:55:28","slug":"living-world-tree-house-nest","status":"publish","type":"product","link":"https:\/\/all-pets.de\/shop\/produkt\/living-world-tree-house-nest\/","title":{"rendered":"LIVING WORLD Tree House Nest"},"content":{"rendered":"<p>Die Hagen Living World Tree House-Reihe bietet rustikale Einrichtungen f\u00fcr Ihr Kleinnagerheim zum Wohnen und Spielen. Die H\u00e4user, Spiel- und Kletterger\u00e4te bestehen aus 100% nat\u00fcrlichem Holz und bieten Ihrem Liebling vielf\u00e4ltigen Spa\u00df f\u00fcrs Wohnen, Spielen und Nagen.<\/p>\n<p>Das Tree House Nest bietet Ihrem kleinen Liebling eine tolle Versteck- und Schlafm\u00f6glichkeit.\u00a0<\/p>\n<p>Inklusive Gitterbefestigung aus Holz. <\/p>\n<p>Die Ma\u00dfe des Tree House Nest betragen ca.\u00a0 15 x 15 x 17 cm (BxTxH ohne Befestigung) und eignet sich f\u00fcr M\u00e4use, Zwerghamster und \u00e4hnlich gro\u00dfe Tiere.<\/p>\n<p><\/p>\n","protected":false},"excerpt":{"rendered":"<p>Die Hagen Living World Tree House-Reihe bietet rustikale Einrichtungen f\u00fcr Ihr Kleinnagerheim zum Wohnen und Spielen. Die H\u00e4user, Spiel- und Kletterger\u00e4te bestehen aus 100% nat\u00fcrlichem Holz und bieten Ihrem Liebling vielf\u00e4ltigen Spa\u00df f\u00fcrs Wohnen, Spielen und Nagen. Das Tree House Nest bietet Ihrem kleinen Liebling eine tolle Versteck- und Schlafm\u00f6glichkeit.\u00a0 Inklusive Gitterbefestigung aus Holz. Die [&hellip;]<\/p>\n","protected":false},"featured_media":32132,"comment_status":"closed","ping_status":"open","template":"","meta":[],"product_cat":[14288],"product_tag":[],"class_list":{"0":"post-47676","1":"product","2":"type-product","3":"status-publish","4":"has-post-thumbnail","6":"product_cat-ausstattung-zubehoer-holzhaeuserkleintierwelt","8":"first","9":"instock","10":"taxable","11":"shipping-taxable","12":"purchasable","13":"product-type-simple"},"_links":{"self":[{"href":"https:\/\/all-pets.de\/shop\/wp-json\/wp\/v2\/product\/47676","targetHints":{"allow":["GET"]}}],"collection":[{"href":"https:\/\/all-pets.de\/shop\/wp-json\/wp\/v2\/product"}],"about":[{"href":"https:\/\/all-pets.de\/shop\/wp-json\/wp\/v2\/types\/product"}],"replies":[{"embeddable":true,"href":"https:\/\/all-pets.de\/shop\/wp-json\/wp\/v2\/comments?post=47676"}],"wp:featuredmedia":[{"embeddable":true,"href":"https:\/\/all-pets.de\/shop\/wp-json\/wp\/v2\/media\/32132"}],"wp:attachment":[{"href":"https:\/\/all-pets.de\/shop\/wp-json\/wp\/v2\/media?parent=47676"}],"wp:term":[{"taxonomy":"product_cat","embeddable":true,"href":"https:\/\/all-pets.de\/shop\/wp-json\/wp\/v2\/product_cat?post=47676"},{"taxonomy":"product_tag","embeddable":true,"href":"https:\/\/all-pets.de\/shop\/wp-json\/wp\/v2\/product_tag?post=47676"}],"curies":[{"name":"wp","href":"https:\/\/api.w.org\/{rel}","templated":true}]}}