{"id":47687,"date":"2023-12-12T10:55:29","date_gmt":"2023-12-12T09:55:29","guid":{"rendered":"https:\/\/pet-shopping.de\/shop\/produkt\/trixie-kuschelsack-fuer-heizkoerper-weiss\/"},"modified":"2023-12-12T10:55:30","modified_gmt":"2023-12-12T09:55:30","slug":"trixie-kuschelsack-fuer-heizkoerper-weiss","status":"publish","type":"product","link":"https:\/\/all-pets.de\/shop\/produkt\/trixie-kuschelsack-fuer-heizkoerper-weiss\/","title":{"rendered":"Trixie Kuschelsack f\u00fcr Heizk\u00f6rper &#8211; Wei\u00df"},"content":{"rendered":"<p class=\"MsoNormal\"><span>Mit dem Kuschelsack f\u00fcr Heizk\u00f6rper bieten Sie Ihrer Samtpfote einen gem\u00fctlichen und kuschelig warmen Schlafplatz.<\/span><\/p>\n<p class=\"MsoNormal\"><span>Der Sack mit Kurzhaar-Pl\u00fcsch-Bezug besitzt einen stabilen Metallrahmen mit verstellbaren B\u00fcgeln. Er eignet sich f\u00fcr alle g\u00e4ngigen Heizk\u00f6rper.<\/p>\n<p> Ein herausnehmbares Wendekissen mit Polyester-Vlies-F\u00fcllung macht das Kuschelerlebnis perfekt. Der Bezug des Kissens kann bei 30\u00b0 gereinigt werden, das Inlett bei 30\u00b0 per Handw\u00e4sche.<\/p>\n<p> Ma\u00dfe: ca. 45 x 13 x 33 cm<\/p>\n<p> Farbe: Wei\u00df<\/span><\/p>\n","protected":false},"excerpt":{"rendered":"<p>Mit dem Kuschelsack f\u00fcr Heizk\u00f6rper bieten Sie Ihrer Samtpfote einen gem\u00fctlichen und kuschelig warmen Schlafplatz. Der Sack mit Kurzhaar-Pl\u00fcsch-Bezug besitzt einen stabilen Metallrahmen mit verstellbaren B\u00fcgeln. Er eignet sich f\u00fcr alle g\u00e4ngigen Heizk\u00f6rper. Ein herausnehmbares Wendekissen mit Polyester-Vlies-F\u00fcllung macht das Kuschelerlebnis perfekt. Der Bezug des Kissens kann bei 30\u00b0 gereinigt werden, das Inlett bei 30\u00b0 [&hellip;]<\/p>\n","protected":false},"featured_media":23658,"comment_status":"closed","ping_status":"open","template":"","meta":[],"product_cat":[14257],"product_tag":[],"class_list":{"0":"post-47687","1":"product","2":"type-product","3":"status-publish","4":"has-post-thumbnail","6":"product_cat-heizungsliegen","8":"first","9":"instock","10":"taxable","11":"shipping-taxable","12":"purchasable","13":"product-type-simple"},"_links":{"self":[{"href":"https:\/\/all-pets.de\/shop\/wp-json\/wp\/v2\/product\/47687","targetHints":{"allow":["GET"]}}],"collection":[{"href":"https:\/\/all-pets.de\/shop\/wp-json\/wp\/v2\/product"}],"about":[{"href":"https:\/\/all-pets.de\/shop\/wp-json\/wp\/v2\/types\/product"}],"replies":[{"embeddable":true,"href":"https:\/\/all-pets.de\/shop\/wp-json\/wp\/v2\/comments?post=47687"}],"wp:featuredmedia":[{"embeddable":true,"href":"https:\/\/all-pets.de\/shop\/wp-json\/wp\/v2\/media\/23658"}],"wp:attachment":[{"href":"https:\/\/all-pets.de\/shop\/wp-json\/wp\/v2\/media?parent=47687"}],"wp:term":[{"taxonomy":"product_cat","embeddable":true,"href":"https:\/\/all-pets.de\/shop\/wp-json\/wp\/v2\/product_cat?post=47687"},{"taxonomy":"product_tag","embeddable":true,"href":"https:\/\/all-pets.de\/shop\/wp-json\/wp\/v2\/product_tag?post=47687"}],"curies":[{"name":"wp","href":"https:\/\/api.w.org\/{rel}","templated":true}]}}