{"id":47765,"date":"2023-12-12T10:55:43","date_gmt":"2023-12-12T09:55:43","guid":{"rendered":"https:\/\/pet-shopping.de\/shop\/produkt\/procyon-schnueffelwiese-gruen\/"},"modified":"2023-12-12T10:55:44","modified_gmt":"2023-12-12T09:55:44","slug":"procyon-schnueffelwiese-gruen","status":"publish","type":"product","link":"https:\/\/all-pets.de\/shop\/produkt\/procyon-schnueffelwiese-gruen\/","title":{"rendered":"PROCYON Schn\u00fcffelwiese &#8211; Gr\u00fcn"},"content":{"rendered":"<p>Mit dem neuen Leckerli-Suchspiel Schn\u00fcffelwiese kann sich Ihr Hund aktiv bet\u00e4tigen, bekommt seine Belohnung gleich serviert und hat dabei jede Menge Spa\u00df!<\/p>\n<p>Auf der ca. 50 x 50 cm gro\u00dfen Matte werden Leckerlis oder auch gleich ganze Trockenfutter-Mahlzeiten zwischen den &#8222;Grashalmen&#8220; aus Stoff versteckt, die der Hund sich mit Freude erschn\u00fcffeln wird. Die Schn\u00fcffelwiese ist mit einem Anti-Rutsch-Belag best\u00fcckt und ist waschmaschinenfest. <\/p>\n<p>Farbe: Gr\u00fcn<\/p>\n","protected":false},"excerpt":{"rendered":"<p>Mit dem neuen Leckerli-Suchspiel Schn\u00fcffelwiese kann sich Ihr Hund aktiv bet\u00e4tigen, bekommt seine Belohnung gleich serviert und hat dabei jede Menge Spa\u00df! Auf der ca. 50 x 50 cm gro\u00dfen Matte werden Leckerlis oder auch gleich ganze Trockenfutter-Mahlzeiten zwischen den &#8222;Grashalmen&#8220; aus Stoff versteckt, die der Hund sich mit Freude erschn\u00fcffeln wird. Die Schn\u00fcffelwiese ist [&hellip;]<\/p>\n","protected":false},"featured_media":31785,"comment_status":"closed","ping_status":"open","template":"","meta":[],"product_cat":[13832],"product_tag":[],"class_list":{"0":"post-47765","1":"product","2":"type-product","3":"status-publish","4":"has-post-thumbnail","6":"product_cat-intelligenz-hundespielzeug-sport-intelligenz-spielzeughundewelt","8":"first","9":"instock","10":"taxable","11":"shipping-taxable","12":"purchasable","13":"product-type-simple"},"_links":{"self":[{"href":"https:\/\/all-pets.de\/shop\/wp-json\/wp\/v2\/product\/47765","targetHints":{"allow":["GET"]}}],"collection":[{"href":"https:\/\/all-pets.de\/shop\/wp-json\/wp\/v2\/product"}],"about":[{"href":"https:\/\/all-pets.de\/shop\/wp-json\/wp\/v2\/types\/product"}],"replies":[{"embeddable":true,"href":"https:\/\/all-pets.de\/shop\/wp-json\/wp\/v2\/comments?post=47765"}],"wp:featuredmedia":[{"embeddable":true,"href":"https:\/\/all-pets.de\/shop\/wp-json\/wp\/v2\/media\/31785"}],"wp:attachment":[{"href":"https:\/\/all-pets.de\/shop\/wp-json\/wp\/v2\/media?parent=47765"}],"wp:term":[{"taxonomy":"product_cat","embeddable":true,"href":"https:\/\/all-pets.de\/shop\/wp-json\/wp\/v2\/product_cat?post=47765"},{"taxonomy":"product_tag","embeddable":true,"href":"https:\/\/all-pets.de\/shop\/wp-json\/wp\/v2\/product_tag?post=47765"}],"curies":[{"name":"wp","href":"https:\/\/api.w.org\/{rel}","templated":true}]}}