{"id":47772,"date":"2023-12-12T10:55:43","date_gmt":"2023-12-12T09:55:43","guid":{"rendered":"https:\/\/pet-shopping.de\/shop\/produkt\/procyon-silikonnapf-inkl-karabiner\/"},"modified":"2023-12-12T10:55:44","modified_gmt":"2023-12-12T09:55:44","slug":"procyon-silikonnapf-inkl-karabiner","status":"publish","type":"product","link":"https:\/\/all-pets.de\/shop\/produkt\/procyon-silikonnapf-inkl-karabiner\/","title":{"rendered":"PROCYON Silikonnapf inkl. Karabiner"},"content":{"rendered":"<p>Auf Reisen und langen Spazierg\u00e4ngen ist dieser Silikonnapf ein praktischer Begleiter. <\/p>\n<p>Er wird einfach flach zusammengedr\u00fcckt und kann so entweder mit dem beiliegenden Karabiner an G\u00fcrtelschlaufe oder Leine befestigt oder einfach in einer Tasche verstaut werden. Sobald der Hund Durst bekommt, entsteht in Windeseile wieder ein richtiger Napf und der Durst kann sofort gel\u00f6scht werden. <\/p>\n<p>Der Napf hat ein Fassungsverm\u00f6gen von ca. 750 ml und ist sp\u00fclmaschinengeeignet.<\/p>\n","protected":false},"excerpt":{"rendered":"<p>Auf Reisen und langen Spazierg\u00e4ngen ist dieser Silikonnapf ein praktischer Begleiter. Er wird einfach flach zusammengedr\u00fcckt und kann so entweder mit dem beiliegenden Karabiner an G\u00fcrtelschlaufe oder Leine befestigt oder einfach in einer Tasche verstaut werden. Sobald der Hund Durst bekommt, entsteht in Windeseile wieder ein richtiger Napf und der Durst kann sofort gel\u00f6scht werden. [&hellip;]<\/p>\n","protected":false},"featured_media":35809,"comment_status":"closed","ping_status":"open","template":"","meta":[],"product_cat":[14814],"product_tag":[],"class_list":{"0":"post-47772","1":"product","2":"type-product","3":"status-publish","4":"has-post-thumbnail","6":"product_cat-reisenaepfe","8":"first","9":"instock","10":"taxable","11":"shipping-taxable","12":"purchasable","13":"product-type-simple"},"_links":{"self":[{"href":"https:\/\/all-pets.de\/shop\/wp-json\/wp\/v2\/product\/47772","targetHints":{"allow":["GET"]}}],"collection":[{"href":"https:\/\/all-pets.de\/shop\/wp-json\/wp\/v2\/product"}],"about":[{"href":"https:\/\/all-pets.de\/shop\/wp-json\/wp\/v2\/types\/product"}],"replies":[{"embeddable":true,"href":"https:\/\/all-pets.de\/shop\/wp-json\/wp\/v2\/comments?post=47772"}],"wp:featuredmedia":[{"embeddable":true,"href":"https:\/\/all-pets.de\/shop\/wp-json\/wp\/v2\/media\/35809"}],"wp:attachment":[{"href":"https:\/\/all-pets.de\/shop\/wp-json\/wp\/v2\/media?parent=47772"}],"wp:term":[{"taxonomy":"product_cat","embeddable":true,"href":"https:\/\/all-pets.de\/shop\/wp-json\/wp\/v2\/product_cat?post=47772"},{"taxonomy":"product_tag","embeddable":true,"href":"https:\/\/all-pets.de\/shop\/wp-json\/wp\/v2\/product_tag?post=47772"}],"curies":[{"name":"wp","href":"https:\/\/api.w.org\/{rel}","templated":true}]}}