{"id":47807,"date":"2023-12-12T10:55:51","date_gmt":"2023-12-12T09:55:51","guid":{"rendered":"https:\/\/pet-shopping.de\/shop\/produkt\/trixie-autositz-fuer-kleine-hunde\/"},"modified":"2023-12-12T10:55:51","modified_gmt":"2023-12-12T09:55:51","slug":"trixie-autositz-fuer-kleine-hunde","status":"publish","type":"product","link":"https:\/\/all-pets.de\/shop\/produkt\/trixie-autositz-fuer-kleine-hunde\/","title":{"rendered":"Trixie Autositz f\u00fcr kleine Hunde"},"content":{"rendered":"<ul>\n<li>auch als Reisebettchen verwendbar<\/li>\n<li>erh\u00f6hte Sitzposition gibt dem Hund die M\u00f6glichkeit herauszuschauen<\/li>\n<li>Sicherung von Sitz und Befestigungsgurt mittels des KFZ-Anschnallgurts<\/li>\n<li>inkl. Befestigungsgurt zum Anschnallen des Hundes<\/li>\n<li>herausnehmbares Kissen mit Schaumstoff-F\u00fcllung<\/li>\n<li>Kissen- und Sitzbezug abnehmbar<\/li>\n<li>rutschfester Boden<\/li>\n<li>mit Au\u00dfentasche<\/li>\n<li>Polyester<\/li>\n<\/ul>\n<div class=\"infotextWrap\">Hinweis: F\u00fcr einen umfassenden Unfallschutz nutzen Sie ein gepr\u00fcftes Auto-Sicherheitsgeschirr.<\/div>\n<div class=\"infotextWrap\"> Ma\u00dfe: 45 \u00d7 39 \u00d7 42 cm<br \/> F\u00fcr Hunde bis zu: 8 kg<br \/> Farbe: schwarz\/grau<\/div>\n","protected":false},"excerpt":{"rendered":"<p>auch als Reisebettchen verwendbar erh\u00f6hte Sitzposition gibt dem Hund die M\u00f6glichkeit herauszuschauen Sicherung von Sitz und Befestigungsgurt mittels des KFZ-Anschnallgurts inkl. Befestigungsgurt zum Anschnallen des Hundes herausnehmbares Kissen mit Schaumstoff-F\u00fcllung Kissen- und Sitzbezug abnehmbar rutschfester Boden mit Au\u00dfentasche Polyester Hinweis: F\u00fcr einen umfassenden Unfallschutz nutzen Sie ein gepr\u00fcftes Auto-Sicherheitsgeschirr. Ma\u00dfe: 45 \u00d7 39 \u00d7 42 [&hellip;]<\/p>\n","protected":false},"featured_media":555,"comment_status":"closed","ping_status":"open","template":"","meta":[],"product_cat":[13691],"product_tag":[],"class_list":{"0":"post-47807","1":"product","2":"type-product","3":"status-publish","4":"has-post-thumbnail","6":"product_cat-autozubehoer","8":"first","9":"instock","10":"taxable","11":"shipping-taxable","12":"purchasable","13":"product-type-simple"},"_links":{"self":[{"href":"https:\/\/all-pets.de\/shop\/wp-json\/wp\/v2\/product\/47807","targetHints":{"allow":["GET"]}}],"collection":[{"href":"https:\/\/all-pets.de\/shop\/wp-json\/wp\/v2\/product"}],"about":[{"href":"https:\/\/all-pets.de\/shop\/wp-json\/wp\/v2\/types\/product"}],"replies":[{"embeddable":true,"href":"https:\/\/all-pets.de\/shop\/wp-json\/wp\/v2\/comments?post=47807"}],"wp:featuredmedia":[{"embeddable":true,"href":"https:\/\/all-pets.de\/shop\/wp-json\/wp\/v2\/media\/555"}],"wp:attachment":[{"href":"https:\/\/all-pets.de\/shop\/wp-json\/wp\/v2\/media?parent=47807"}],"wp:term":[{"taxonomy":"product_cat","embeddable":true,"href":"https:\/\/all-pets.de\/shop\/wp-json\/wp\/v2\/product_cat?post=47807"},{"taxonomy":"product_tag","embeddable":true,"href":"https:\/\/all-pets.de\/shop\/wp-json\/wp\/v2\/product_tag?post=47807"}],"curies":[{"name":"wp","href":"https:\/\/api.w.org\/{rel}","templated":true}]}}