{"id":47816,"date":"2023-12-12T10:55:51","date_gmt":"2023-12-12T09:55:51","guid":{"rendered":"https:\/\/pet-shopping.de\/shop\/produkt\/jr-farm-grainless-rote-beete-ringe-100g\/"},"modified":"2023-12-12T10:55:54","modified_gmt":"2023-12-12T09:55:54","slug":"jr-farm-grainless-rote-beete-ringe-100g","status":"publish","type":"product","link":"https:\/\/all-pets.de\/shop\/produkt\/jr-farm-grainless-rote-beete-ringe-100g\/","title":{"rendered":"JR Farm Grainless Rote Beete-Ringe 100g"},"content":{"rendered":"<p>Erg\u00e4nzungsfuttermittel f\u00fcr Zwergkaninchen und Nager.<\/p>\n<p>Absolut getreidefreie Ringe aus 100% Gem\u00fcse bilden die ideale Erg\u00e4nzung f\u00fcr eine artgerechte Ern\u00e4hrung.<\/p>\n<p>F\u00fctterungsempfehlung:<\/p>\n<p>Zu f\u00fcttern als Snack.<\/p>\n<p>Zusammensetzung:<\/p>\n<p>Gem\u00fcse (Rote Beete 10%)<\/p>\n<p>Analytische Bestandteile:<\/p>\n<p>Protein 19,4%, Fettgehalt 1,1%, Rohfaser 5,9%, Rohasche 3,5%<\/p>\n<p>100 g<\/p>\n","protected":false},"excerpt":{"rendered":"<p>Erg\u00e4nzungsfuttermittel f\u00fcr Zwergkaninchen und Nager. Absolut getreidefreie Ringe aus 100% Gem\u00fcse bilden die ideale Erg\u00e4nzung f\u00fcr eine artgerechte Ern\u00e4hrung. F\u00fctterungsempfehlung: Zu f\u00fcttern als Snack. Zusammensetzung: Gem\u00fcse (Rote Beete 10%) Analytische Bestandteile: Protein 19,4%, Fettgehalt 1,1%, Rohfaser 5,9%, Rohasche 3,5% 100 g<\/p>\n","protected":false},"featured_media":9021,"comment_status":"closed","ping_status":"open","template":"","meta":[],"product_cat":[14861],"product_tag":[],"class_list":{"0":"post-47816","1":"product","2":"type-product","3":"status-publish","4":"has-post-thumbnail","6":"product_cat-jr-farm-kleintierfutter-snacks-zwerg-hamsterkleintierwelt-kleintierfutter-snacks-mauskleintierwelt-kleintierfutter-snacks-gerbilkleintierwelt-kleintierfutter-snacks-degukleintierwelt-2","8":"first","9":"instock","10":"taxable","11":"shipping-taxable","12":"purchasable","13":"product-type-simple"},"_links":{"self":[{"href":"https:\/\/all-pets.de\/shop\/wp-json\/wp\/v2\/product\/47816","targetHints":{"allow":["GET"]}}],"collection":[{"href":"https:\/\/all-pets.de\/shop\/wp-json\/wp\/v2\/product"}],"about":[{"href":"https:\/\/all-pets.de\/shop\/wp-json\/wp\/v2\/types\/product"}],"replies":[{"embeddable":true,"href":"https:\/\/all-pets.de\/shop\/wp-json\/wp\/v2\/comments?post=47816"}],"wp:featuredmedia":[{"embeddable":true,"href":"https:\/\/all-pets.de\/shop\/wp-json\/wp\/v2\/media\/9021"}],"wp:attachment":[{"href":"https:\/\/all-pets.de\/shop\/wp-json\/wp\/v2\/media?parent=47816"}],"wp:term":[{"taxonomy":"product_cat","embeddable":true,"href":"https:\/\/all-pets.de\/shop\/wp-json\/wp\/v2\/product_cat?post=47816"},{"taxonomy":"product_tag","embeddable":true,"href":"https:\/\/all-pets.de\/shop\/wp-json\/wp\/v2\/product_tag?post=47816"}],"curies":[{"name":"wp","href":"https:\/\/api.w.org\/{rel}","templated":true}]}}