{"id":47820,"date":"2023-12-12T10:55:51","date_gmt":"2023-12-12T09:55:51","guid":{"rendered":"https:\/\/pet-shopping.de\/shop\/produkt\/hugro-kokosstreu-25-liter\/"},"modified":"2023-12-12T10:55:55","modified_gmt":"2023-12-12T09:55:55","slug":"hugro-kokosstreu-25-liter","status":"publish","type":"product","link":"https:\/\/all-pets.de\/shop\/produkt\/hugro-kokosstreu-25-liter\/","title":{"rendered":"Hugro Kokosstreu &#8211; 25 Liter"},"content":{"rendered":"<p>Kokos-Einstreu \u00a0&#8211; Nat\u00fcrliches Kleintierstreu f\u00fcr alle Kleintiere<\/p>\n<ul>\n<li>nat\u00fcrlich<\/li>\n<li>staubarm<\/li>\n<li>hohe Feuchtigkeitsbindung<\/li>\n<li>keine Schimmelbildung<\/li>\n<li>f\u00fcr Au\u00dfengehege geeignet<\/li>\n<li>optisch attraktiv<\/li>\n<li>kann \u00fcber Biom\u00fcll entsorgt werden<\/li>\n<\/ul>\n","protected":false},"excerpt":{"rendered":"<p>Kokos-Einstreu \u00a0&#8211; Nat\u00fcrliches Kleintierstreu f\u00fcr alle Kleintiere nat\u00fcrlich staubarm hohe Feuchtigkeitsbindung keine Schimmelbildung f\u00fcr Au\u00dfengehege geeignet optisch attraktiv kann \u00fcber Biom\u00fcll entsorgt werden<\/p>\n","protected":false},"featured_media":21099,"comment_status":"closed","ping_status":"open","template":"","meta":[],"product_cat":[14001],"product_tag":[],"class_list":{"0":"post-47820","1":"product","2":"type-product","3":"status-publish","4":"has-post-thumbnail","6":"product_cat-einstreu-nistmaterial-ausstattung-zubehoer-kleintierwelt","8":"first","9":"instock","10":"taxable","11":"shipping-taxable","12":"purchasable","13":"product-type-simple"},"_links":{"self":[{"href":"https:\/\/all-pets.de\/shop\/wp-json\/wp\/v2\/product\/47820","targetHints":{"allow":["GET"]}}],"collection":[{"href":"https:\/\/all-pets.de\/shop\/wp-json\/wp\/v2\/product"}],"about":[{"href":"https:\/\/all-pets.de\/shop\/wp-json\/wp\/v2\/types\/product"}],"replies":[{"embeddable":true,"href":"https:\/\/all-pets.de\/shop\/wp-json\/wp\/v2\/comments?post=47820"}],"wp:featuredmedia":[{"embeddable":true,"href":"https:\/\/all-pets.de\/shop\/wp-json\/wp\/v2\/media\/21099"}],"wp:attachment":[{"href":"https:\/\/all-pets.de\/shop\/wp-json\/wp\/v2\/media?parent=47820"}],"wp:term":[{"taxonomy":"product_cat","embeddable":true,"href":"https:\/\/all-pets.de\/shop\/wp-json\/wp\/v2\/product_cat?post=47820"},{"taxonomy":"product_tag","embeddable":true,"href":"https:\/\/all-pets.de\/shop\/wp-json\/wp\/v2\/product_tag?post=47820"}],"curies":[{"name":"wp","href":"https:\/\/api.w.org\/{rel}","templated":true}]}}