{"id":47826,"date":"2023-12-12T10:55:57","date_gmt":"2023-12-12T09:55:57","guid":{"rendered":"https:\/\/pet-shopping.de\/shop\/produkt\/trixie-hunde-absperrgitter-aus-holz-ausziehbar\/"},"modified":"2023-12-12T10:55:57","modified_gmt":"2023-12-12T09:55:57","slug":"trixie-hunde-absperrgitter-aus-holz-ausziehbar","status":"publish","type":"product","link":"https:\/\/all-pets.de\/shop\/produkt\/trixie-hunde-absperrgitter-aus-holz-ausziehbar\/","title":{"rendered":"Trixie Hunde-Absperrgitter aus Holz, ausziehbar"},"content":{"rendered":"<p>Dieses hochwertige Hunde-Absperrgitter besteht aus lackiertem Kiefernholz mit verzinkten Gitterst\u00e4ben und erm\u00f6glicht es Ihnen R\u00e4ume, Treppen etc. f\u00fcr kleine und mittelgro\u00dfe Hunde abzusperren. <\/p>\n<p>Das Gitter ist ausziehbar und somit variabel \u00fcber eine Breite von ca. 65 bis 108 cm anpassbar. F\u00fcr einen sicheren Stand ist das Gitter mit rutschfesten Gummif\u00fc\u00dfen ausgestattet.<\/p>\n<p>Ma\u00dfe: ca. 65-108 x 61 x 31 cm <br \/> Farbe: wei\u00df<\/p>\n","protected":false},"excerpt":{"rendered":"<p>Dieses hochwertige Hunde-Absperrgitter besteht aus lackiertem Kiefernholz mit verzinkten Gitterst\u00e4ben und erm\u00f6glicht es Ihnen R\u00e4ume, Treppen etc. f\u00fcr kleine und mittelgro\u00dfe Hunde abzusperren. Das Gitter ist ausziehbar und somit variabel \u00fcber eine Breite von ca. 65 bis 108 cm anpassbar. F\u00fcr einen sicheren Stand ist das Gitter mit rutschfesten Gummif\u00fc\u00dfen ausgestattet. Ma\u00dfe: ca. 65-108 x [&hellip;]<\/p>\n","protected":false},"featured_media":23920,"comment_status":"closed","ping_status":"open","template":"","meta":[],"product_cat":[14874],"product_tag":[],"class_list":{"0":"post-47826","1":"product","2":"type-product","3":"status-publish","4":"has-post-thumbnail","6":"product_cat-hundetueren","8":"first","9":"instock","10":"taxable","11":"shipping-taxable","12":"purchasable","13":"product-type-simple"},"_links":{"self":[{"href":"https:\/\/all-pets.de\/shop\/wp-json\/wp\/v2\/product\/47826","targetHints":{"allow":["GET"]}}],"collection":[{"href":"https:\/\/all-pets.de\/shop\/wp-json\/wp\/v2\/product"}],"about":[{"href":"https:\/\/all-pets.de\/shop\/wp-json\/wp\/v2\/types\/product"}],"replies":[{"embeddable":true,"href":"https:\/\/all-pets.de\/shop\/wp-json\/wp\/v2\/comments?post=47826"}],"wp:featuredmedia":[{"embeddable":true,"href":"https:\/\/all-pets.de\/shop\/wp-json\/wp\/v2\/media\/23920"}],"wp:attachment":[{"href":"https:\/\/all-pets.de\/shop\/wp-json\/wp\/v2\/media?parent=47826"}],"wp:term":[{"taxonomy":"product_cat","embeddable":true,"href":"https:\/\/all-pets.de\/shop\/wp-json\/wp\/v2\/product_cat?post=47826"},{"taxonomy":"product_tag","embeddable":true,"href":"https:\/\/all-pets.de\/shop\/wp-json\/wp\/v2\/product_tag?post=47826"}],"curies":[{"name":"wp","href":"https:\/\/api.w.org\/{rel}","templated":true}]}}