{"id":47840,"date":"2023-12-12T10:55:57","date_gmt":"2023-12-12T09:55:57","guid":{"rendered":"https:\/\/pet-shopping.de\/shop\/produkt\/jr-farm-kraeuterwiese-mit-blueten-750g\/"},"modified":"2023-12-12T10:55:58","modified_gmt":"2023-12-12T09:55:58","slug":"jr-farm-kraeuterwiese-mit-blueten-750g","status":"publish","type":"product","link":"https:\/\/all-pets.de\/shop\/produkt\/jr-farm-kraeuterwiese-mit-blueten-750g\/","title":{"rendered":"JR Farm Kr\u00e4uterwiese mit Bl\u00fcten 750g"},"content":{"rendered":"<p>Erg\u00e4nzungsfuttermittel f\u00fcr Zwergkaninchen und Nager sowie Schildkr\u00f6ten.<\/p>\n<p>Ein echtes St\u00fcck Wiese f\u00fcr alle Nager! Zum Entdecken, Graben<\/p>\n<p>und Knabbern wie in freier Natur. Duftende Kr\u00e4uterwiese mit gesunden Ringelblumen und schmackhaften Rosen f\u00fcr eine besonders nat\u00fcrliche Besch\u00e4ftigung und artgerechte F\u00fctterung. Die Kr\u00e4uterwiese kann komplett mit Schale in das Nagerheim gestellt werden. Der gr\u00fcne Teil der Pflanzen ist reich an nat\u00fcrlicher Rohfaser, die Wurzeln unterst\u00fctzen den Zahnabrieb und versorgen das Tier zusammen mit der anhaftenden Erde mit zus\u00e4tzlichen Mineralstoffen. Mehr Natur geht nicht!<\/p>\n<p>F\u00fctterungsempfehlung:<\/p>\n<p>Je nach Bedarf austauschen.<\/p>\n<p>Zusammensetzung:<\/p>\n<p>Ganzpflanzen von Wildblumen, Kr\u00e4utern und Gr\u00e4sern (u.A.<\/p>\n<p>L\u00f6wenzahn, Spitzwegerich, G\u00e4nsebl\u00fcmchen, Rotklee, Breitwegerich, Kamille und Vogelmiere), Ringelblumenbl\u00fcten 0,4%, Rosenbl\u00fcten 0,3%<\/p>\n<p>750 g<\/p>\n","protected":false},"excerpt":{"rendered":"<p>Erg\u00e4nzungsfuttermittel f\u00fcr Zwergkaninchen und Nager sowie Schildkr\u00f6ten. Ein echtes St\u00fcck Wiese f\u00fcr alle Nager! Zum Entdecken, Graben und Knabbern wie in freier Natur. Duftende Kr\u00e4uterwiese mit gesunden Ringelblumen und schmackhaften Rosen f\u00fcr eine besonders nat\u00fcrliche Besch\u00e4ftigung und artgerechte F\u00fctterung. Die Kr\u00e4uterwiese kann komplett mit Schale in das Nagerheim gestellt werden. Der gr\u00fcne Teil der Pflanzen [&hellip;]<\/p>\n","protected":false},"featured_media":188,"comment_status":"closed","ping_status":"open","template":"","meta":[],"product_cat":[14880],"product_tag":[],"class_list":{"0":"post-47840","1":"product","2":"type-product","3":"status-publish","4":"has-post-thumbnail","6":"product_cat-spiel-sport-ausstattung-zubehoer-meerschweinchenkleintierwelt-kleintierfutter-snacks-zwergkaninchenkleintierwelt-kleintierfutter-snacks-jr-farmkleintierwelt","8":"first","9":"instock","10":"taxable","11":"shipping-taxable","12":"purchasable","13":"product-type-simple"},"_links":{"self":[{"href":"https:\/\/all-pets.de\/shop\/wp-json\/wp\/v2\/product\/47840","targetHints":{"allow":["GET"]}}],"collection":[{"href":"https:\/\/all-pets.de\/shop\/wp-json\/wp\/v2\/product"}],"about":[{"href":"https:\/\/all-pets.de\/shop\/wp-json\/wp\/v2\/types\/product"}],"replies":[{"embeddable":true,"href":"https:\/\/all-pets.de\/shop\/wp-json\/wp\/v2\/comments?post=47840"}],"wp:featuredmedia":[{"embeddable":true,"href":"https:\/\/all-pets.de\/shop\/wp-json\/wp\/v2\/media\/188"}],"wp:attachment":[{"href":"https:\/\/all-pets.de\/shop\/wp-json\/wp\/v2\/media?parent=47840"}],"wp:term":[{"taxonomy":"product_cat","embeddable":true,"href":"https:\/\/all-pets.de\/shop\/wp-json\/wp\/v2\/product_cat?post=47840"},{"taxonomy":"product_tag","embeddable":true,"href":"https:\/\/all-pets.de\/shop\/wp-json\/wp\/v2\/product_tag?post=47840"}],"curies":[{"name":"wp","href":"https:\/\/api.w.org\/{rel}","templated":true}]}}