{"id":47842,"date":"2023-12-12T10:55:57","date_gmt":"2023-12-12T09:55:57","guid":{"rendered":"https:\/\/pet-shopping.de\/shop\/produkt\/all-for-paws-stretchy-flex-stretchy-tail-fox\/"},"modified":"2023-12-12T10:55:59","modified_gmt":"2023-12-12T09:55:59","slug":"all-for-paws-stretchy-flex-stretchy-tail-fox","status":"publish","type":"product","link":"https:\/\/all-pets.de\/shop\/produkt\/all-for-paws-stretchy-flex-stretchy-tail-fox\/","title":{"rendered":"All for Paws Stretchy Flex &#8211; Stretchy Tail Fox"},"content":{"rendered":"<p>Der Stretchy Tail Fox ist ein lustiger Fuchs mit einem super elastischen Schwanz, der Ihnen und Ihrem Hund sehr viel Spa\u00df bereiten wird.Er eignet sich toll f\u00fcr Zieh- und Apportierspiele.<\/p>\n<p>Gr\u00f6\u00dfe: ca. 43 x 14 x 10 cm<\/p>\n","protected":false},"excerpt":{"rendered":"<p>Der Stretchy Tail Fox ist ein lustiger Fuchs mit einem super elastischen Schwanz, der Ihnen und Ihrem Hund sehr viel Spa\u00df bereiten wird.Er eignet sich toll f\u00fcr Zieh- und Apportierspiele. Gr\u00f6\u00dfe: ca. 43 x 14 x 10 cm<\/p>\n","protected":false},"featured_media":25211,"comment_status":"closed","ping_status":"open","template":"","meta":[],"product_cat":[13828],"product_tag":[],"class_list":{"0":"post-47842","1":"product","2":"type-product","3":"status-publish","4":"has-post-thumbnail","6":"product_cat-plueschspielzeug-hundespielzeug-sport","8":"first","9":"instock","10":"taxable","11":"shipping-taxable","12":"purchasable","13":"product-type-simple"},"_links":{"self":[{"href":"https:\/\/all-pets.de\/shop\/wp-json\/wp\/v2\/product\/47842","targetHints":{"allow":["GET"]}}],"collection":[{"href":"https:\/\/all-pets.de\/shop\/wp-json\/wp\/v2\/product"}],"about":[{"href":"https:\/\/all-pets.de\/shop\/wp-json\/wp\/v2\/types\/product"}],"replies":[{"embeddable":true,"href":"https:\/\/all-pets.de\/shop\/wp-json\/wp\/v2\/comments?post=47842"}],"wp:featuredmedia":[{"embeddable":true,"href":"https:\/\/all-pets.de\/shop\/wp-json\/wp\/v2\/media\/25211"}],"wp:attachment":[{"href":"https:\/\/all-pets.de\/shop\/wp-json\/wp\/v2\/media?parent=47842"}],"wp:term":[{"taxonomy":"product_cat","embeddable":true,"href":"https:\/\/all-pets.de\/shop\/wp-json\/wp\/v2\/product_cat?post=47842"},{"taxonomy":"product_tag","embeddable":true,"href":"https:\/\/all-pets.de\/shop\/wp-json\/wp\/v2\/product_tag?post=47842"}],"curies":[{"name":"wp","href":"https:\/\/api.w.org\/{rel}","templated":true}]}}