{"id":47879,"date":"2023-12-12T10:56:04","date_gmt":"2023-12-12T09:56:04","guid":{"rendered":"https:\/\/pet-shopping.de\/shop\/produkt\/trixie-fell-entwirrer-kombi-kamm-fuer-katzen\/"},"modified":"2023-12-12T10:56:05","modified_gmt":"2023-12-12T09:56:05","slug":"trixie-fell-entwirrer-kombi-kamm-fuer-katzen","status":"publish","type":"product","link":"https:\/\/all-pets.de\/shop\/produkt\/trixie-fell-entwirrer-kombi-kamm-fuer-katzen\/","title":{"rendered":"Trixie Fell-Entwirrer Kombi-Kamm f\u00fcr Katzen"},"content":{"rendered":"<p>Der Fell-Entwirrer Kombi-Kamm eignet sich f\u00fcr Katzen mit Langhaar. Mit seinen abgerundeten Zinken ist er das optimale Hilfsmittel zur schonenden Pflege des Deckhaars und der Unterwolle. Der Kunststoffgriff mit rutschfester Gummieinlage sorgt dabei f\u00fcr einen sicheren Halt in der Hand.<\/p>\n<p>Gr\u00f6\u00dfe: ca. 22 cm<\/p>\n","protected":false},"excerpt":{"rendered":"<p>Der Fell-Entwirrer Kombi-Kamm eignet sich f\u00fcr Katzen mit Langhaar. Mit seinen abgerundeten Zinken ist er das optimale Hilfsmittel zur schonenden Pflege des Deckhaars und der Unterwolle. Der Kunststoffgriff mit rutschfester Gummieinlage sorgt dabei f\u00fcr einen sicheren Halt in der Hand. Gr\u00f6\u00dfe: ca. 22 cm<\/p>\n","protected":false},"featured_media":32383,"comment_status":"closed","ping_status":"open","template":"","meta":[],"product_cat":[14906],"product_tag":[],"class_list":{"0":"post-47879","1":"product","2":"type-product","3":"status-publish","4":"has-post-thumbnail","6":"product_cat-katzenbuersten-striegel-fellpflege-pflege-gesundheit-hundebuersten-striegelkatzenwelt-fellpflege-pflege-gesundheit-entfilzungskaemmehundewelt","8":"first","9":"instock","10":"taxable","11":"shipping-taxable","12":"purchasable","13":"product-type-simple"},"_links":{"self":[{"href":"https:\/\/all-pets.de\/shop\/wp-json\/wp\/v2\/product\/47879","targetHints":{"allow":["GET"]}}],"collection":[{"href":"https:\/\/all-pets.de\/shop\/wp-json\/wp\/v2\/product"}],"about":[{"href":"https:\/\/all-pets.de\/shop\/wp-json\/wp\/v2\/types\/product"}],"replies":[{"embeddable":true,"href":"https:\/\/all-pets.de\/shop\/wp-json\/wp\/v2\/comments?post=47879"}],"wp:featuredmedia":[{"embeddable":true,"href":"https:\/\/all-pets.de\/shop\/wp-json\/wp\/v2\/media\/32383"}],"wp:attachment":[{"href":"https:\/\/all-pets.de\/shop\/wp-json\/wp\/v2\/media?parent=47879"}],"wp:term":[{"taxonomy":"product_cat","embeddable":true,"href":"https:\/\/all-pets.de\/shop\/wp-json\/wp\/v2\/product_cat?post=47879"},{"taxonomy":"product_tag","embeddable":true,"href":"https:\/\/all-pets.de\/shop\/wp-json\/wp\/v2\/product_tag?post=47879"}],"curies":[{"name":"wp","href":"https:\/\/api.w.org\/{rel}","templated":true}]}}