{"id":47881,"date":"2023-12-12T10:56:04","date_gmt":"2023-12-12T09:56:04","guid":{"rendered":"https:\/\/pet-shopping.de\/shop\/produkt\/trixie-katzenbuerste-mit-naturborsten-2\/"},"modified":"2023-12-12T10:56:06","modified_gmt":"2023-12-12T09:56:06","slug":"trixie-katzenbuerste-mit-naturborsten-2","status":"publish","type":"product","link":"https:\/\/all-pets.de\/shop\/produkt\/trixie-katzenbuerste-mit-naturborsten-2\/","title":{"rendered":"Trixie Katzenb\u00fcrste mit Naturborsten"},"content":{"rendered":"<p>Die Holzb\u00fcrste eignet sich f\u00fcr Katzen mit Kurz- und Langhaar. Mit ihren Naturborsten ist sie das optimale Hilfsmittel zur sanften Fellpflege. <\/p>\n<p>Gr\u00f6\u00dfe: ca. 5 x 18 cm<\/p>\n","protected":false},"excerpt":{"rendered":"<p>Die Holzb\u00fcrste eignet sich f\u00fcr Katzen mit Kurz- und Langhaar. Mit ihren Naturborsten ist sie das optimale Hilfsmittel zur sanften Fellpflege. Gr\u00f6\u00dfe: ca. 5 x 18 cm<\/p>\n","protected":false},"featured_media":22590,"comment_status":"closed","ping_status":"open","template":"","meta":[],"product_cat":[14110],"product_tag":[],"class_list":{"0":"post-47881","1":"product","2":"type-product","3":"status-publish","4":"has-post-thumbnail","6":"product_cat-katzenbuersten-striegel-fellpflege-pflege-gesundheit-katzenwelt","8":"first","9":"instock","10":"taxable","11":"shipping-taxable","12":"purchasable","13":"product-type-simple"},"_links":{"self":[{"href":"https:\/\/all-pets.de\/shop\/wp-json\/wp\/v2\/product\/47881","targetHints":{"allow":["GET"]}}],"collection":[{"href":"https:\/\/all-pets.de\/shop\/wp-json\/wp\/v2\/product"}],"about":[{"href":"https:\/\/all-pets.de\/shop\/wp-json\/wp\/v2\/types\/product"}],"replies":[{"embeddable":true,"href":"https:\/\/all-pets.de\/shop\/wp-json\/wp\/v2\/comments?post=47881"}],"wp:featuredmedia":[{"embeddable":true,"href":"https:\/\/all-pets.de\/shop\/wp-json\/wp\/v2\/media\/22590"}],"wp:attachment":[{"href":"https:\/\/all-pets.de\/shop\/wp-json\/wp\/v2\/media?parent=47881"}],"wp:term":[{"taxonomy":"product_cat","embeddable":true,"href":"https:\/\/all-pets.de\/shop\/wp-json\/wp\/v2\/product_cat?post=47881"},{"taxonomy":"product_tag","embeddable":true,"href":"https:\/\/all-pets.de\/shop\/wp-json\/wp\/v2\/product_tag?post=47881"}],"curies":[{"name":"wp","href":"https:\/\/api.w.org\/{rel}","templated":true}]}}