{"id":47888,"date":"2023-12-12T10:56:08","date_gmt":"2023-12-12T09:56:08","guid":{"rendered":"https:\/\/pet-shopping.de\/shop\/produkt\/trixie-kratzbaum-falco\/"},"modified":"2023-12-12T10:56:08","modified_gmt":"2023-12-12T09:56:08","slug":"trixie-kratzbaum-falco","status":"publish","type":"product","link":"https:\/\/all-pets.de\/shop\/produkt\/trixie-kratzbaum-falco\/","title":{"rendered":"Trixie Kratzbaum Falco"},"content":{"rendered":"<p>Der Kratzbaum Falco ist Kratztonne und Kratzbaum in einem und bietet Ihrem Stubentiger alles, was er braucht. Die Liegefl\u00e4chen sind mit Pl\u00fcsch bezogen, die H\u00f6hle ist mit einer gro\u00dfen Sisalfl\u00e4che best\u00fcckt ung die St\u00e4mme sind mit Jute umwickelt. Die H\u00f6hle mit besitzt 2 Etagen, eine davon gepolstert und ist mit mehreren Ein- und Ausg\u00e4ngen best\u00fcckt. Auf der gro\u00dfen Liegefl\u00e4che mit Rand, sowie der obersten Liegefl\u00e4che mit abnehmbaren Kuschelbett und Wendekissen kann geschmust, geschlafen und getr\u00e4umt werden.<\/p>\n<p>Das Kuschelbett mit Wendekissen kann per Handw\u00e4sche gereinigt werden.<\/p>\n<p>Grundfl\u00e4che: ca. 70 x 38 cm<br \/> H\u00f6he: ca. 117 cm<br \/> Stammdurchmesser: ca. 11 cm<br \/> Farbe: lichtgrau<\/p>\n","protected":false},"excerpt":{"rendered":"<p>Der Kratzbaum Falco ist Kratztonne und Kratzbaum in einem und bietet Ihrem Stubentiger alles, was er braucht. Die Liegefl\u00e4chen sind mit Pl\u00fcsch bezogen, die H\u00f6hle ist mit einer gro\u00dfen Sisalfl\u00e4che best\u00fcckt ung die St\u00e4mme sind mit Jute umwickelt. Die H\u00f6hle mit besitzt 2 Etagen, eine davon gepolstert und ist mit mehreren Ein- und Ausg\u00e4ngen best\u00fcckt. [&hellip;]<\/p>\n","protected":false},"featured_media":31247,"comment_status":"closed","ping_status":"open","template":"","meta":[],"product_cat":[13784],"product_tag":[],"class_list":{"0":"post-47888","1":"product","2":"type-product","3":"status-publish","4":"has-post-thumbnail","6":"product_cat-kratzbaeume-moebel-bis-175-cmkatzenwelt","8":"first","9":"instock","10":"taxable","11":"shipping-taxable","12":"purchasable","13":"product-type-simple"},"_links":{"self":[{"href":"https:\/\/all-pets.de\/shop\/wp-json\/wp\/v2\/product\/47888","targetHints":{"allow":["GET"]}}],"collection":[{"href":"https:\/\/all-pets.de\/shop\/wp-json\/wp\/v2\/product"}],"about":[{"href":"https:\/\/all-pets.de\/shop\/wp-json\/wp\/v2\/types\/product"}],"replies":[{"embeddable":true,"href":"https:\/\/all-pets.de\/shop\/wp-json\/wp\/v2\/comments?post=47888"}],"wp:featuredmedia":[{"embeddable":true,"href":"https:\/\/all-pets.de\/shop\/wp-json\/wp\/v2\/media\/31247"}],"wp:attachment":[{"href":"https:\/\/all-pets.de\/shop\/wp-json\/wp\/v2\/media?parent=47888"}],"wp:term":[{"taxonomy":"product_cat","embeddable":true,"href":"https:\/\/all-pets.de\/shop\/wp-json\/wp\/v2\/product_cat?post=47888"},{"taxonomy":"product_tag","embeddable":true,"href":"https:\/\/all-pets.de\/shop\/wp-json\/wp\/v2\/product_tag?post=47888"}],"curies":[{"name":"wp","href":"https:\/\/api.w.org\/{rel}","templated":true}]}}