{"id":47917,"date":"2023-12-12T10:56:13","date_gmt":"2023-12-12T09:56:13","guid":{"rendered":"https:\/\/pet-shopping.de\/shop\/produkt\/bunny-buddelkiste\/"},"modified":"2023-12-12T10:56:14","modified_gmt":"2023-12-12T09:56:14","slug":"bunny-buddelkiste","status":"publish","type":"product","link":"https:\/\/all-pets.de\/shop\/produkt\/bunny-buddelkiste\/","title":{"rendered":"Bunny Buddelkiste"},"content":{"rendered":"<div class=\"produktbeschreibung\">\n<p>Buddeln, buddeln, buddeln \u2013 das ist die nat\u00fcrlichste Lieblingsbesch\u00e4ftigung von Kaninchen!<\/p>\n<p>Und genau das ist es, was sie in der ger\u00e4umigen <strong>Buddelkiste<\/strong> von <strong>bunnyNature<\/strong> machen! Sie d\u00fcrfen hier nach Herzenslust ihrem nat\u00fcrlichen Verhalten nachgehen und einfach mal \u201eKaninchen sein\u201c \u2013 ohne gleich die gesamte Umgebung zu verschmutzen.<\/p>\n<p>Einfach den <strong>BuddelSpa\u00df \u2013 Sandmix<\/strong> von <strong>bunny<\/strong> in die <strong>Buddelkiste<\/strong> sch\u00fctten und schon geht es los, denn es gibt ja richtig viel zu tun f\u00fcr die Kaninchen. So wird durch W\u00e4lzen ausgiebig Fellpflege betrieben oder der Sand eifrig von einer Ecke in die andere geschoben, um danach in den gebuddelten Mulden ganz entspannt zu faulenzen.<\/p>\n<p>Schnell ist klar: Die <strong>Buddelkiste<\/strong> ist der neue Lieblingsplatz der Kaninchen &#8211; hier kommt garantiert nie mehr Langeweile auf!<\/p>\n<ul>\n<li>Einfaches Stecksystem<\/li>\n<li>F\u00f6rdert nat\u00fcrliches Verhalten<\/li>\n<li>Ger\u00e4umig<\/li>\n<li>Birkenholz<\/li>\n<\/ul>\n<p>Abmessung: 50 x 39 x 19,5 cm<\/p>\n<p>Lieferung erfolgt ohne Bef\u00fcllung. <\/p>\n<dl class=\"detailAccordion\">\n<dd> <\/dd>\n<\/dl>\n<\/div>\n","protected":false},"excerpt":{"rendered":"<p>Buddeln, buddeln, buddeln \u2013 das ist die nat\u00fcrlichste Lieblingsbesch\u00e4ftigung von Kaninchen! Und genau das ist es, was sie in der ger\u00e4umigen Buddelkiste von bunnyNature machen! Sie d\u00fcrfen hier nach Herzenslust ihrem nat\u00fcrlichen Verhalten nachgehen und einfach mal \u201eKaninchen sein\u201c \u2013 ohne gleich die gesamte Umgebung zu verschmutzen. Einfach den BuddelSpa\u00df \u2013 Sandmix von bunny in [&hellip;]<\/p>\n","protected":false},"featured_media":6013,"comment_status":"closed","ping_status":"open","template":"","meta":[],"product_cat":[14914],"product_tag":[],"class_list":{"0":"post-47917","1":"product","2":"type-product","3":"status-publish","4":"has-post-thumbnail","6":"product_cat-spiel-sport-ausstattung-zubehoer-bunnykleintierwelt","8":"first","9":"instock","10":"taxable","11":"shipping-taxable","12":"purchasable","13":"product-type-simple"},"_links":{"self":[{"href":"https:\/\/all-pets.de\/shop\/wp-json\/wp\/v2\/product\/47917","targetHints":{"allow":["GET"]}}],"collection":[{"href":"https:\/\/all-pets.de\/shop\/wp-json\/wp\/v2\/product"}],"about":[{"href":"https:\/\/all-pets.de\/shop\/wp-json\/wp\/v2\/types\/product"}],"replies":[{"embeddable":true,"href":"https:\/\/all-pets.de\/shop\/wp-json\/wp\/v2\/comments?post=47917"}],"wp:featuredmedia":[{"embeddable":true,"href":"https:\/\/all-pets.de\/shop\/wp-json\/wp\/v2\/media\/6013"}],"wp:attachment":[{"href":"https:\/\/all-pets.de\/shop\/wp-json\/wp\/v2\/media?parent=47917"}],"wp:term":[{"taxonomy":"product_cat","embeddable":true,"href":"https:\/\/all-pets.de\/shop\/wp-json\/wp\/v2\/product_cat?post=47917"},{"taxonomy":"product_tag","embeddable":true,"href":"https:\/\/all-pets.de\/shop\/wp-json\/wp\/v2\/product_tag?post=47917"}],"curies":[{"name":"wp","href":"https:\/\/api.w.org\/{rel}","templated":true}]}}