{"id":47921,"date":"2023-12-12T10:56:13","date_gmt":"2023-12-12T09:56:13","guid":{"rendered":"https:\/\/pet-shopping.de\/shop\/produkt\/trixie-katzenspielangel-maeuse-prinz\/"},"modified":"2023-12-12T10:56:15","modified_gmt":"2023-12-12T09:56:15","slug":"trixie-katzenspielangel-maeuse-prinz","status":"publish","type":"product","link":"https:\/\/all-pets.de\/shop\/produkt\/trixie-katzenspielangel-maeuse-prinz\/","title":{"rendered":"Trixie Katzenspielangel M\u00e4use-Prinz"},"content":{"rendered":"<ul>\n<li>Pl\u00fcsch-Spielzeug &#8222;M\u00e4use-Prinz&#8220; mit Schelle am Band<\/li>\n<li>mit Catnip <\/li>\n<li>designed by Maja Prinzessin von Hohenzollern<\/li>\n<\/ul>\n<p>Ma\u00dfe: 30 cm<\/p>\n<p>Vielen Dank! Mit dem Kauf dieses Artikels (in Deutschland oder \u00d6sterreich) unterst\u00fctzen Sie ein Tierschutzprojekt.<\/p>\n","protected":false},"excerpt":{"rendered":"<p>Pl\u00fcsch-Spielzeug &#8222;M\u00e4use-Prinz&#8220; mit Schelle am Band mit Catnip designed by Maja Prinzessin von Hohenzollern Ma\u00dfe: 30 cm Vielen Dank! Mit dem Kauf dieses Artikels (in Deutschland oder \u00d6sterreich) unterst\u00fctzen Sie ein Tierschutzprojekt.<\/p>\n","protected":false},"featured_media":23818,"comment_status":"closed","ping_status":"open","template":"","meta":[],"product_cat":[13881],"product_tag":[],"class_list":{"0":"post-47921","1":"product","2":"type-product","3":"status-publish","4":"has-post-thumbnail","6":"product_cat-katzenspielangeln-co-katzenspielzeug","8":"first","9":"instock","10":"taxable","11":"shipping-taxable","12":"purchasable","13":"product-type-simple"},"_links":{"self":[{"href":"https:\/\/all-pets.de\/shop\/wp-json\/wp\/v2\/product\/47921","targetHints":{"allow":["GET"]}}],"collection":[{"href":"https:\/\/all-pets.de\/shop\/wp-json\/wp\/v2\/product"}],"about":[{"href":"https:\/\/all-pets.de\/shop\/wp-json\/wp\/v2\/types\/product"}],"replies":[{"embeddable":true,"href":"https:\/\/all-pets.de\/shop\/wp-json\/wp\/v2\/comments?post=47921"}],"wp:featuredmedia":[{"embeddable":true,"href":"https:\/\/all-pets.de\/shop\/wp-json\/wp\/v2\/media\/23818"}],"wp:attachment":[{"href":"https:\/\/all-pets.de\/shop\/wp-json\/wp\/v2\/media?parent=47921"}],"wp:term":[{"taxonomy":"product_cat","embeddable":true,"href":"https:\/\/all-pets.de\/shop\/wp-json\/wp\/v2\/product_cat?post=47921"},{"taxonomy":"product_tag","embeddable":true,"href":"https:\/\/all-pets.de\/shop\/wp-json\/wp\/v2\/product_tag?post=47921"}],"curies":[{"name":"wp","href":"https:\/\/api.w.org\/{rel}","templated":true}]}}