{"id":47954,"date":"2023-12-12T10:56:21","date_gmt":"2023-12-12T09:56:21","guid":{"rendered":"https:\/\/pet-shopping.de\/shop\/produkt\/jr-farm-back-to-instinct-aktiv-teppich\/"},"modified":"2023-12-12T10:56:22","modified_gmt":"2023-12-12T09:56:22","slug":"jr-farm-back-to-instinct-aktiv-teppich","status":"publish","type":"product","link":"https:\/\/all-pets.de\/shop\/produkt\/jr-farm-back-to-instinct-aktiv-teppich\/","title":{"rendered":"JR FARM Back to Instinct Aktiv-Teppich"},"content":{"rendered":"<p>Der Aktiv-Teppich ist&#8230;<br \/> &#8211; f\u00f6rdernd f\u00fcr das Ausleben des Futtersuchinstinkts<br \/> &#8211; unterst\u00fctzend f\u00fcr den Geruchssinn<br \/> &#8211; stressabbauend und f\u00f6rderlich f\u00fcr die Ausgeglichenheit<br \/> &#8211; in einer mit Heu ummantelten Naturfaserschale platziert<br \/> &#8211; aus 100% Naturmaterial<br \/> &#8211; einfach im Biom\u00fcll zu entsorgen<br \/> &#8211; f\u00fcr unterschiedliche Schwierigkeitsgrade bei der Futtersuche zu bef\u00fcllen<\/p>\n<p>Back to Instinct:<br \/> Wecke die urspr\u00fcnglichen Instinkte deines Tieres. Nagetiere und Zwergkaninchen erschn\u00fcffeln ihre Nahrung in der freien Natur unter anderem im Boden. Besch\u00e4ftigen Sie Ihr Tier deshalb auch zu Hause mit der eigenst\u00e4ndigen Futtersuche und trainieren Sie gleichzeitig seine Sinnesorgane. Diese Aktivit\u00e4t tr\u00e4gt nicht nur zur Ausgeglichenheit und zum Stressabbau Ihres Tieres bei, sondern<br \/> auch Sie werden Spa\u00df daran haben, Ihr Tier dabei zu beobachten. Verstecken Sie die beigef\u00fcgten, getreidefreien JR Grainless Drops je nach gew\u00fcnschtem Schwierigkeitsgrad unterschiedlich tief im flauschigen Teppich aus Hanffasern. Die Hanfmatte liegt in einer mit Heu ummantelten Naturfaserschale, die komplett verzehrt werden kann. Ihr Tier kann sich also auch unbeaufsichtigt mit dem<br \/> Aktiv-Teppich besch\u00e4ftigen. Zu 100% aus nat\u00fcrlichen Bestandteilen.<\/p>\n<div id=\"productinfo_desc\">\n<p>Und so einfach und sauber geht s:<\/p>\n<p>SCHRITT 1<br \/> Nehmen Sie den Akitv-Teppich aus der Verpackung und entfernen Sie die Schutzfolie.<\/p>\n<p>SCHRITT 2<br \/> Stellen Sie den bereits mit getreidefreien JR Grainless Drops bef\u00fcllten Aktiv-Teppich in das Nagerheim und beobachen Sie, wie Ihr Tier die Futtersuche aufnimmt.<\/p>\n<p>SCHRITT 3<br \/> Wenn alle Snacks gefunden wurden, k\u00f6nnen Sie den Aktiv-Teppich neu bef\u00fcllen. Die Schwierigkeit f\u00fcr das Tier l\u00e4sst sich \u00fcber die Einbringtiefe steuern.<\/p>\n<\/div>\n<div id=\"productinfo_desc\">\n<p>Inhalt:<\/p>\n<p>1 Hanfmatte<br \/> 1 Schale aus Naturfaser mit Heu ummantelt<br \/> JR Grainless Drops gemischt, 20g<\/p>\n<p>Ma\u00dfe: 30 x 24 x 4 cm <\/p>\n<\/div>\n","protected":false},"excerpt":{"rendered":"<p>Der Aktiv-Teppich ist&#8230; &#8211; f\u00f6rdernd f\u00fcr das Ausleben des Futtersuchinstinkts &#8211; unterst\u00fctzend f\u00fcr den Geruchssinn &#8211; stressabbauend und f\u00f6rderlich f\u00fcr die Ausgeglichenheit &#8211; in einer mit Heu ummantelten Naturfaserschale platziert &#8211; aus 100% Naturmaterial &#8211; einfach im Biom\u00fcll zu entsorgen &#8211; f\u00fcr unterschiedliche Schwierigkeitsgrade bei der Futtersuche zu bef\u00fcllen Back to Instinct: Wecke die urspr\u00fcnglichen [&hellip;]<\/p>\n","protected":false},"featured_media":33254,"comment_status":"closed","ping_status":"open","template":"","meta":[],"product_cat":[14937],"product_tag":[],"class_list":{"0":"post-47954","1":"product","2":"type-product","3":"status-publish","4":"has-post-thumbnail","6":"product_cat-jr-farm-kleintierfutter-snacks-spiel-sportkleintierwelt-ausstattung-zubehoer-kleintierwelt","8":"first","9":"instock","10":"taxable","11":"shipping-taxable","12":"purchasable","13":"product-type-simple"},"_links":{"self":[{"href":"https:\/\/all-pets.de\/shop\/wp-json\/wp\/v2\/product\/47954","targetHints":{"allow":["GET"]}}],"collection":[{"href":"https:\/\/all-pets.de\/shop\/wp-json\/wp\/v2\/product"}],"about":[{"href":"https:\/\/all-pets.de\/shop\/wp-json\/wp\/v2\/types\/product"}],"replies":[{"embeddable":true,"href":"https:\/\/all-pets.de\/shop\/wp-json\/wp\/v2\/comments?post=47954"}],"wp:featuredmedia":[{"embeddable":true,"href":"https:\/\/all-pets.de\/shop\/wp-json\/wp\/v2\/media\/33254"}],"wp:attachment":[{"href":"https:\/\/all-pets.de\/shop\/wp-json\/wp\/v2\/media?parent=47954"}],"wp:term":[{"taxonomy":"product_cat","embeddable":true,"href":"https:\/\/all-pets.de\/shop\/wp-json\/wp\/v2\/product_cat?post=47954"},{"taxonomy":"product_tag","embeddable":true,"href":"https:\/\/all-pets.de\/shop\/wp-json\/wp\/v2\/product_tag?post=47954"}],"curies":[{"name":"wp","href":"https:\/\/api.w.org\/{rel}","templated":true}]}}