{"id":47963,"date":"2023-12-12T10:56:21","date_gmt":"2023-12-12T09:56:21","guid":{"rendered":"https:\/\/pet-shopping.de\/shop\/produkt\/trixie-patchwork-decke-rot-beige-80-x-55-cm\/"},"modified":"2023-12-12T10:56:23","modified_gmt":"2023-12-12T09:56:23","slug":"trixie-patchwork-decke-rot-beige-80-x-55-cm","status":"publish","type":"product","link":"https:\/\/all-pets.de\/shop\/produkt\/trixie-patchwork-decke-rot-beige-80-x-55-cm\/","title":{"rendered":"Trixie Patchwork-Decke &#8211; rot\/beige, 80 x 55 cm"},"content":{"rendered":"<ul>\n<li> Mikrofaser <\/li>\n<li> Polyester-Bezug <\/li>\n<li> gesteppt <\/li>\n<li> Polyestervlies-F\u00fcllung <\/li>\n<li> warme und weiche Liegefl\u00e4che auf kalten und harten B\u00f6den <\/li>\n<li> rutschfester Boden <\/li>\n<\/ul>\n<p>Ma\u00dfe: 80 \u00d7 55 cm<br \/> Farbe: rot\/beige<\/p>\n<p>Handw\u00e4sche <\/p>\n","protected":false},"excerpt":{"rendered":"<p>Mikrofaser Polyester-Bezug gesteppt Polyestervlies-F\u00fcllung warme und weiche Liegefl\u00e4che auf kalten und harten B\u00f6den rutschfester Boden Ma\u00dfe: 80 \u00d7 55 cm Farbe: rot\/beige Handw\u00e4sche<\/p>\n","protected":false},"featured_media":32096,"comment_status":"closed","ping_status":"open","template":"","meta":[],"product_cat":[14943],"product_tag":[],"class_list":{"0":"post-47963","1":"product","2":"type-product","3":"status-publish","4":"has-post-thumbnail","6":"product_cat-hundebetten-hundekissen-betten-koerbe-liegedeckenhundewelt-betten-koerbe","8":"first","9":"instock","10":"taxable","11":"shipping-taxable","12":"purchasable","13":"product-type-simple"},"_links":{"self":[{"href":"https:\/\/all-pets.de\/shop\/wp-json\/wp\/v2\/product\/47963","targetHints":{"allow":["GET"]}}],"collection":[{"href":"https:\/\/all-pets.de\/shop\/wp-json\/wp\/v2\/product"}],"about":[{"href":"https:\/\/all-pets.de\/shop\/wp-json\/wp\/v2\/types\/product"}],"replies":[{"embeddable":true,"href":"https:\/\/all-pets.de\/shop\/wp-json\/wp\/v2\/comments?post=47963"}],"wp:featuredmedia":[{"embeddable":true,"href":"https:\/\/all-pets.de\/shop\/wp-json\/wp\/v2\/media\/32096"}],"wp:attachment":[{"href":"https:\/\/all-pets.de\/shop\/wp-json\/wp\/v2\/media?parent=47963"}],"wp:term":[{"taxonomy":"product_cat","embeddable":true,"href":"https:\/\/all-pets.de\/shop\/wp-json\/wp\/v2\/product_cat?post=47963"},{"taxonomy":"product_tag","embeddable":true,"href":"https:\/\/all-pets.de\/shop\/wp-json\/wp\/v2\/product_tag?post=47963"}],"curies":[{"name":"wp","href":"https:\/\/api.w.org\/{rel}","templated":true}]}}