{"id":47990,"date":"2023-12-12T10:56:28","date_gmt":"2023-12-12T09:56:28","guid":{"rendered":"https:\/\/pet-shopping.de\/shop\/produkt\/country-dog-king-louie\/"},"modified":"2023-12-12T10:56:29","modified_gmt":"2023-12-12T09:56:29","slug":"country-dog-king-louie","status":"publish","type":"product","link":"https:\/\/all-pets.de\/shop\/produkt\/country-dog-king-louie\/","title":{"rendered":"Country Dog King Louie"},"content":{"rendered":"<p>Dieses coole\u00a0<span>Pull &#038; Tug\u00a0<\/span>Kuscheltier f\u00fcr Ihren Hund aus extra starkem\u00a0Leinenstoff, versteckt im Inneren einen spannenden Quietscher und eine raschelnde F\u00fcllung f\u00fcr extra Spielspa\u00df.\u00a0<span>Die Arme und Beine bestehen aus starkem Seil an dem Ihr Hund kr\u00e4ftig ziehen kann w\u00e4hrend dem Spielen.<\/span><\/p>\n<p><span>L\u00e4nge: ca. 30 cm <\/span><\/p>\n","protected":false},"excerpt":{"rendered":"<p>Dieses coole\u00a0Pull &#038; Tug\u00a0Kuscheltier f\u00fcr Ihren Hund aus extra starkem\u00a0Leinenstoff, versteckt im Inneren einen spannenden Quietscher und eine raschelnde F\u00fcllung f\u00fcr extra Spielspa\u00df.\u00a0Die Arme und Beine bestehen aus starkem Seil an dem Ihr Hund kr\u00e4ftig ziehen kann w\u00e4hrend dem Spielen. L\u00e4nge: ca. 30 cm<\/p>\n","protected":false},"featured_media":19722,"comment_status":"closed","ping_status":"open","template":"","meta":[],"product_cat":[14953],"product_tag":[],"class_list":{"0":"post-47990","1":"product","2":"type-product","3":"status-publish","4":"has-post-thumbnail","6":"product_cat-nachhaltiges-hundespielzeug-hundespielzeug-sport-squeekerhundewelt-hundespielzeug-sport-baumwoll-spielzeughundewelt","8":"first","9":"instock","10":"taxable","11":"shipping-taxable","12":"purchasable","13":"product-type-simple"},"_links":{"self":[{"href":"https:\/\/all-pets.de\/shop\/wp-json\/wp\/v2\/product\/47990","targetHints":{"allow":["GET"]}}],"collection":[{"href":"https:\/\/all-pets.de\/shop\/wp-json\/wp\/v2\/product"}],"about":[{"href":"https:\/\/all-pets.de\/shop\/wp-json\/wp\/v2\/types\/product"}],"replies":[{"embeddable":true,"href":"https:\/\/all-pets.de\/shop\/wp-json\/wp\/v2\/comments?post=47990"}],"wp:featuredmedia":[{"embeddable":true,"href":"https:\/\/all-pets.de\/shop\/wp-json\/wp\/v2\/media\/19722"}],"wp:attachment":[{"href":"https:\/\/all-pets.de\/shop\/wp-json\/wp\/v2\/media?parent=47990"}],"wp:term":[{"taxonomy":"product_cat","embeddable":true,"href":"https:\/\/all-pets.de\/shop\/wp-json\/wp\/v2\/product_cat?post=47990"},{"taxonomy":"product_tag","embeddable":true,"href":"https:\/\/all-pets.de\/shop\/wp-json\/wp\/v2\/product_tag?post=47990"}],"curies":[{"name":"wp","href":"https:\/\/api.w.org\/{rel}","templated":true}]}}