{"id":47997,"date":"2023-12-12T10:56:28","date_gmt":"2023-12-12T09:56:28","guid":{"rendered":"https:\/\/pet-shopping.de\/shop\/produkt\/crazy-cat-funny-mouse-blau-mit-100-catnip\/"},"modified":"2023-12-12T10:56:30","modified_gmt":"2023-12-12T09:56:30","slug":"crazy-cat-funny-mouse-blau-mit-100-catnip","status":"publish","type":"product","link":"https:\/\/all-pets.de\/shop\/produkt\/crazy-cat-funny-mouse-blau-mit-100-catnip\/","title":{"rendered":"CRAZY CAT Funny Mouse Blau mit 100% Catnip"},"content":{"rendered":"<p><span class=\"s1\">Einfach unwiderstehlich f\u00fcr Katzen! 100% gef\u00fcllt mit Katzenkraut (Catnip).\u00a0<\/span><span>Diese niedlichen M\u00e4use haben einen weichen und kuscheligen K\u00f6rper. Das Gl\u00f6ckchen am Schwanzende sorgt f\u00fcr extra Spa\u00df.<\/span><span><\/span><span><\/span><\/p>\n<p>L\u00e4nge: ca. 14,5 cm inkl. Schwanz (5,5 cm ohne Schanz) <\/p>\n","protected":false},"excerpt":{"rendered":"<p>Einfach unwiderstehlich f\u00fcr Katzen! 100% gef\u00fcllt mit Katzenkraut (Catnip).\u00a0Diese niedlichen M\u00e4use haben einen weichen und kuscheligen K\u00f6rper. Das Gl\u00f6ckchen am Schwanzende sorgt f\u00fcr extra Spa\u00df. L\u00e4nge: ca. 14,5 cm inkl. Schwanz (5,5 cm ohne Schanz)<\/p>\n","protected":false},"featured_media":25255,"comment_status":"closed","ping_status":"open","template":"","meta":[],"product_cat":[13702],"product_tag":[],"class_list":{"0":"post-47997","1":"product","2":"type-product","3":"status-publish","4":"has-post-thumbnail","6":"product_cat-catnip-baldrian-spielzeug-katzenspielzeug","8":"first","9":"instock","10":"taxable","11":"shipping-taxable","12":"purchasable","13":"product-type-simple"},"_links":{"self":[{"href":"https:\/\/all-pets.de\/shop\/wp-json\/wp\/v2\/product\/47997","targetHints":{"allow":["GET"]}}],"collection":[{"href":"https:\/\/all-pets.de\/shop\/wp-json\/wp\/v2\/product"}],"about":[{"href":"https:\/\/all-pets.de\/shop\/wp-json\/wp\/v2\/types\/product"}],"replies":[{"embeddable":true,"href":"https:\/\/all-pets.de\/shop\/wp-json\/wp\/v2\/comments?post=47997"}],"wp:featuredmedia":[{"embeddable":true,"href":"https:\/\/all-pets.de\/shop\/wp-json\/wp\/v2\/media\/25255"}],"wp:attachment":[{"href":"https:\/\/all-pets.de\/shop\/wp-json\/wp\/v2\/media?parent=47997"}],"wp:term":[{"taxonomy":"product_cat","embeddable":true,"href":"https:\/\/all-pets.de\/shop\/wp-json\/wp\/v2\/product_cat?post=47997"},{"taxonomy":"product_tag","embeddable":true,"href":"https:\/\/all-pets.de\/shop\/wp-json\/wp\/v2\/product_tag?post=47997"}],"curies":[{"name":"wp","href":"https:\/\/api.w.org\/{rel}","templated":true}]}}