{"id":48031,"date":"2023-12-12T10:56:35","date_gmt":"2023-12-12T09:56:35","guid":{"rendered":"https:\/\/pet-shopping.de\/shop\/produkt\/trixie-flasher-fuer-hunde-mit-karabiner\/"},"modified":"2023-12-12T10:56:36","modified_gmt":"2023-12-12T09:56:36","slug":"trixie-flasher-fuer-hunde-mit-karabiner","status":"publish","type":"product","link":"https:\/\/all-pets.de\/shop\/produkt\/trixie-flasher-fuer-hunde-mit-karabiner\/","title":{"rendered":"Trixie Flasher f\u00fcr Hunde mit Karabiner"},"content":{"rendered":"<ul>\n<li> Blinklicht rot, blau und wei\u00df <\/li>\n<li> Metall <\/li>\n<li> inkl. 1 Set Ersatzbatterien <\/li>\n<li> 2 \u00d7 ca. 20 Stunden Blinklicht <\/li>\n<\/ul>\n<p>Ma\u00dfe: \u00f8 1 cm <\/p>\n<p>Eine Farbwahl ist leider nicht m\u00f6glich, da die Farbe je nach Lagerbestand gew\u00e4hlt wird. M\u00f6gliche Farben sind Rot, Blau, Lila und Gr\u00fcn <\/p>\n","protected":false},"excerpt":{"rendered":"<p>Blinklicht rot, blau und wei\u00df Metall inkl. 1 Set Ersatzbatterien 2 \u00d7 ca. 20 Stunden Blinklicht Ma\u00dfe: \u00f8 1 cm Eine Farbwahl ist leider nicht m\u00f6glich, da die Farbe je nach Lagerbestand gew\u00e4hlt wird. M\u00f6gliche Farben sind Rot, Blau, Lila und Gr\u00fcn<\/p>\n","protected":false},"featured_media":5838,"comment_status":"closed","ping_status":"open","template":"","meta":[],"product_cat":[14968],"product_tag":[],"class_list":{"0":"post-48031","1":"product","2":"type-product","3":"status-publish","4":"has-post-thumbnail","6":"product_cat-hundeadressanhaenger-blinker-halsbaender-leinen-sicherheithundewelt","8":"first","9":"instock","10":"taxable","11":"shipping-taxable","12":"purchasable","13":"product-type-simple"},"_links":{"self":[{"href":"https:\/\/all-pets.de\/shop\/wp-json\/wp\/v2\/product\/48031","targetHints":{"allow":["GET"]}}],"collection":[{"href":"https:\/\/all-pets.de\/shop\/wp-json\/wp\/v2\/product"}],"about":[{"href":"https:\/\/all-pets.de\/shop\/wp-json\/wp\/v2\/types\/product"}],"replies":[{"embeddable":true,"href":"https:\/\/all-pets.de\/shop\/wp-json\/wp\/v2\/comments?post=48031"}],"wp:featuredmedia":[{"embeddable":true,"href":"https:\/\/all-pets.de\/shop\/wp-json\/wp\/v2\/media\/5838"}],"wp:attachment":[{"href":"https:\/\/all-pets.de\/shop\/wp-json\/wp\/v2\/media?parent=48031"}],"wp:term":[{"taxonomy":"product_cat","embeddable":true,"href":"https:\/\/all-pets.de\/shop\/wp-json\/wp\/v2\/product_cat?post=48031"},{"taxonomy":"product_tag","embeddable":true,"href":"https:\/\/all-pets.de\/shop\/wp-json\/wp\/v2\/product_tag?post=48031"}],"curies":[{"name":"wp","href":"https:\/\/api.w.org\/{rel}","templated":true}]}}