{"id":48076,"date":"2023-12-12T10:56:46","date_gmt":"2023-12-12T09:56:46","guid":{"rendered":"https:\/\/pet-shopping.de\/shop\/produkt\/trixie-aussen-futtersaeule-800ml-gruen\/"},"modified":"2023-12-12T10:56:47","modified_gmt":"2023-12-12T09:56:47","slug":"trixie-aussen-futtersaeule-800ml-gruen","status":"publish","type":"product","link":"https:\/\/all-pets.de\/shop\/produkt\/trixie-aussen-futtersaeule-800ml-gruen\/","title":{"rendered":"Trixie Au\u00dfen-Futters\u00e4ule 800ml &#8211; gr\u00fcn"},"content":{"rendered":"<p>Die wetterfeste Au\u00dfen-Futters\u00e4ule besteht aus pulverbeschichtetem Metall und Kunststoff. Die vier Landestangen bieten den V\u00f6geln ausreichend Anflugm\u00f6glichkeiten. Durch das abnehmbare Dach l\u00e4sst sich die Futters\u00e4ule einfach bef\u00fcllen und h\u00e4lt das Futter trocken und sauber. Zum Aufh\u00e4ngen.<\/p>\n<p>Volumen: ca. 800 ml<br \/> Ma\u00dfe: ca. 14 x 25 x 14 cm<br \/> Farbe: Gr\u00fcn<\/p>\n","protected":false},"excerpt":{"rendered":"<p>Die wetterfeste Au\u00dfen-Futters\u00e4ule besteht aus pulverbeschichtetem Metall und Kunststoff. Die vier Landestangen bieten den V\u00f6geln ausreichend Anflugm\u00f6glichkeiten. Durch das abnehmbare Dach l\u00e4sst sich die Futters\u00e4ule einfach bef\u00fcllen und h\u00e4lt das Futter trocken und sauber. Zum Aufh\u00e4ngen. Volumen: ca. 800 ml Ma\u00dfe: ca. 14 x 25 x 14 cm Farbe: Gr\u00fcn<\/p>\n","protected":false},"featured_media":15636,"comment_status":"closed","ping_status":"open","template":"","meta":[],"product_cat":[13813],"product_tag":[],"class_list":{"0":"post-48076","1":"product","2":"type-product","3":"status-publish","4":"has-post-thumbnail","6":"product_cat-futterhaeuser-nistkaesten","8":"first","9":"instock","10":"taxable","11":"shipping-taxable","12":"purchasable","13":"product-type-simple"},"_links":{"self":[{"href":"https:\/\/all-pets.de\/shop\/wp-json\/wp\/v2\/product\/48076","targetHints":{"allow":["GET"]}}],"collection":[{"href":"https:\/\/all-pets.de\/shop\/wp-json\/wp\/v2\/product"}],"about":[{"href":"https:\/\/all-pets.de\/shop\/wp-json\/wp\/v2\/types\/product"}],"replies":[{"embeddable":true,"href":"https:\/\/all-pets.de\/shop\/wp-json\/wp\/v2\/comments?post=48076"}],"wp:featuredmedia":[{"embeddable":true,"href":"https:\/\/all-pets.de\/shop\/wp-json\/wp\/v2\/media\/15636"}],"wp:attachment":[{"href":"https:\/\/all-pets.de\/shop\/wp-json\/wp\/v2\/media?parent=48076"}],"wp:term":[{"taxonomy":"product_cat","embeddable":true,"href":"https:\/\/all-pets.de\/shop\/wp-json\/wp\/v2\/product_cat?post=48076"},{"taxonomy":"product_tag","embeddable":true,"href":"https:\/\/all-pets.de\/shop\/wp-json\/wp\/v2\/product_tag?post=48076"}],"curies":[{"name":"wp","href":"https:\/\/api.w.org\/{rel}","templated":true}]}}