{"id":48080,"date":"2023-12-12T10:56:46","date_gmt":"2023-12-12T09:56:46","guid":{"rendered":"https:\/\/pet-shopping.de\/shop\/produkt\/karlie-flamingo-hundespielzeug-pluesch-milchshake\/"},"modified":"2023-12-12T10:56:47","modified_gmt":"2023-12-12T09:56:47","slug":"karlie-flamingo-hundespielzeug-pluesch-milchshake","status":"publish","type":"product","link":"https:\/\/all-pets.de\/shop\/produkt\/karlie-flamingo-hundespielzeug-pluesch-milchshake\/","title":{"rendered":"Karlie Flamingo Hundespielzeug Pl\u00fcsch Milchshake"},"content":{"rendered":"<p>Das lustige Pl\u00fcsch Milchshake ist mit einem Squeeker ausgestattet und bringt jede Menge Spielspa\u00df!<\/p>\n<p>Gr\u00f6\u00dfe: ca. 18 x 9 x 8,5 cm<\/p>\n","protected":false},"excerpt":{"rendered":"<p>Das lustige Pl\u00fcsch Milchshake ist mit einem Squeeker ausgestattet und bringt jede Menge Spielspa\u00df! Gr\u00f6\u00dfe: ca. 18 x 9 x 8,5 cm<\/p>\n","protected":false},"featured_media":25284,"comment_status":"closed","ping_status":"open","template":"","meta":[],"product_cat":[13828],"product_tag":[],"class_list":{"0":"post-48080","1":"product","2":"type-product","3":"status-publish","4":"has-post-thumbnail","6":"product_cat-plueschspielzeug-hundespielzeug-sport","8":"first","9":"instock","10":"taxable","11":"shipping-taxable","12":"purchasable","13":"product-type-simple"},"_links":{"self":[{"href":"https:\/\/all-pets.de\/shop\/wp-json\/wp\/v2\/product\/48080","targetHints":{"allow":["GET"]}}],"collection":[{"href":"https:\/\/all-pets.de\/shop\/wp-json\/wp\/v2\/product"}],"about":[{"href":"https:\/\/all-pets.de\/shop\/wp-json\/wp\/v2\/types\/product"}],"replies":[{"embeddable":true,"href":"https:\/\/all-pets.de\/shop\/wp-json\/wp\/v2\/comments?post=48080"}],"wp:featuredmedia":[{"embeddable":true,"href":"https:\/\/all-pets.de\/shop\/wp-json\/wp\/v2\/media\/25284"}],"wp:attachment":[{"href":"https:\/\/all-pets.de\/shop\/wp-json\/wp\/v2\/media?parent=48080"}],"wp:term":[{"taxonomy":"product_cat","embeddable":true,"href":"https:\/\/all-pets.de\/shop\/wp-json\/wp\/v2\/product_cat?post=48080"},{"taxonomy":"product_tag","embeddable":true,"href":"https:\/\/all-pets.de\/shop\/wp-json\/wp\/v2\/product_tag?post=48080"}],"curies":[{"name":"wp","href":"https:\/\/api.w.org\/{rel}","templated":true}]}}