{"id":48108,"date":"2023-12-12T10:56:49","date_gmt":"2023-12-12T09:56:49","guid":{"rendered":"https:\/\/pet-shopping.de\/shop\/produkt\/karlie-flamingo-katzenangel-mit-regenbogenfaeden\/"},"modified":"2023-12-12T10:56:51","modified_gmt":"2023-12-12T09:56:51","slug":"karlie-flamingo-katzenangel-mit-regenbogenfaeden","status":"publish","type":"product","link":"https:\/\/all-pets.de\/shop\/produkt\/karlie-flamingo-katzenangel-mit-regenbogenfaeden\/","title":{"rendered":"Karlie Flamingo Katzenangel mit Regenbogenf\u00e4den"},"content":{"rendered":"<p>Mit der Katzenangel mit Regenbogenf\u00e4den kann der Spielspa\u00df richtig losgehen. Die bunten B\u00e4nder werden im Nu den Jagdinstinkt Ihrer Samtpfote wecken und Ihre Katze wird die Interaktion mit Ihnen genie\u00dfen! Mit Gl\u00f6ckchen f\u00fcr noch mehr Spielspa\u00df! <\/p>\n<p>L\u00e4nge des Bandes: ca. 105 cm<br \/> L\u00e4nge des Stabs: ca. 50 cm<br \/> 1 St\u00fcck<\/p>\n","protected":false},"excerpt":{"rendered":"<p>Mit der Katzenangel mit Regenbogenf\u00e4den kann der Spielspa\u00df richtig losgehen. Die bunten B\u00e4nder werden im Nu den Jagdinstinkt Ihrer Samtpfote wecken und Ihre Katze wird die Interaktion mit Ihnen genie\u00dfen! Mit Gl\u00f6ckchen f\u00fcr noch mehr Spielspa\u00df! L\u00e4nge des Bandes: ca. 105 cm L\u00e4nge des Stabs: ca. 50 cm 1 St\u00fcck<\/p>\n","protected":false},"featured_media":31305,"comment_status":"closed","ping_status":"open","template":"","meta":[],"product_cat":[13881],"product_tag":[],"class_list":{"0":"post-48108","1":"product","2":"type-product","3":"status-publish","4":"has-post-thumbnail","6":"product_cat-katzenspielangeln-co-katzenspielzeug","8":"first","9":"instock","10":"taxable","11":"shipping-taxable","12":"purchasable","13":"product-type-simple"},"_links":{"self":[{"href":"https:\/\/all-pets.de\/shop\/wp-json\/wp\/v2\/product\/48108","targetHints":{"allow":["GET"]}}],"collection":[{"href":"https:\/\/all-pets.de\/shop\/wp-json\/wp\/v2\/product"}],"about":[{"href":"https:\/\/all-pets.de\/shop\/wp-json\/wp\/v2\/types\/product"}],"replies":[{"embeddable":true,"href":"https:\/\/all-pets.de\/shop\/wp-json\/wp\/v2\/comments?post=48108"}],"wp:featuredmedia":[{"embeddable":true,"href":"https:\/\/all-pets.de\/shop\/wp-json\/wp\/v2\/media\/31305"}],"wp:attachment":[{"href":"https:\/\/all-pets.de\/shop\/wp-json\/wp\/v2\/media?parent=48108"}],"wp:term":[{"taxonomy":"product_cat","embeddable":true,"href":"https:\/\/all-pets.de\/shop\/wp-json\/wp\/v2\/product_cat?post=48108"},{"taxonomy":"product_tag","embeddable":true,"href":"https:\/\/all-pets.de\/shop\/wp-json\/wp\/v2\/product_tag?post=48108"}],"curies":[{"name":"wp","href":"https:\/\/api.w.org\/{rel}","templated":true}]}}