{"id":48122,"date":"2023-12-12T10:56:52","date_gmt":"2023-12-12T09:56:52","guid":{"rendered":"https:\/\/pet-shopping.de\/shop\/produkt\/trixie-flasher-aus-silikon\/"},"modified":"2023-12-12T10:56:54","modified_gmt":"2023-12-12T09:56:54","slug":"trixie-flasher-aus-silikon","status":"publish","type":"product","link":"https:\/\/all-pets.de\/shop\/produkt\/trixie-flasher-aus-silikon\/","title":{"rendered":"Trixie Flasher aus Silikon"},"content":{"rendered":"<div class=\"mb-3 row\">\n<div class=\"col\">\n<ul>\n<li>\n<ul>\n<ul>\n<li>Silikon<\/li>\n<li>bis zu 45 Stunden Blinklicht, bis zu 20 Stunden Dauerlicht <\/li>\n<li>spritzwassergesch\u00fctzt<\/li>\n<li>Batterien austauschbar<\/li>\n<li>sichtbar bis 200m<\/li>\n<li>inkl. Batterie (Typ CR 2016)<\/li>\n<li>Ma\u00dfe: ca. \u00f8 2,4 \u00d7 8 cm<\/li>\n<li>Diverse Farben. Eine Farbwahl ist leider nicht m\u00f6glich, da die Farbe je nach Lagerbestand gew\u00e4hlt wird.<\/li>\n<\/ul>\n<\/ul>\n<\/li>\n<\/ul>\n<\/div>\n<\/div>\n","protected":false},"excerpt":{"rendered":"<p>Silikon bis zu 45 Stunden Blinklicht, bis zu 20 Stunden Dauerlicht spritzwassergesch\u00fctzt Batterien austauschbar sichtbar bis 200m inkl. Batterie (Typ CR 2016) Ma\u00dfe: ca. \u00f8 2,4 \u00d7 8 cm Diverse Farben. Eine Farbwahl ist leider nicht m\u00f6glich, da die Farbe je nach Lagerbestand gew\u00e4hlt wird.<\/p>\n","protected":false},"featured_media":48123,"comment_status":"closed","ping_status":"open","template":"","meta":[],"product_cat":[14998],"product_tag":[],"class_list":{"0":"post-48122","1":"product","2":"type-product","3":"status-publish","4":"has-post-thumbnail","6":"product_cat-sicherheit-unterwegs-hundeadressanhaenger-blinkerhundewelt","8":"first","9":"instock","10":"taxable","11":"shipping-taxable","12":"purchasable","13":"product-type-simple"},"_links":{"self":[{"href":"https:\/\/all-pets.de\/shop\/wp-json\/wp\/v2\/product\/48122","targetHints":{"allow":["GET"]}}],"collection":[{"href":"https:\/\/all-pets.de\/shop\/wp-json\/wp\/v2\/product"}],"about":[{"href":"https:\/\/all-pets.de\/shop\/wp-json\/wp\/v2\/types\/product"}],"replies":[{"embeddable":true,"href":"https:\/\/all-pets.de\/shop\/wp-json\/wp\/v2\/comments?post=48122"}],"wp:featuredmedia":[{"embeddable":true,"href":"https:\/\/all-pets.de\/shop\/wp-json\/wp\/v2\/media\/48123"}],"wp:attachment":[{"href":"https:\/\/all-pets.de\/shop\/wp-json\/wp\/v2\/media?parent=48122"}],"wp:term":[{"taxonomy":"product_cat","embeddable":true,"href":"https:\/\/all-pets.de\/shop\/wp-json\/wp\/v2\/product_cat?post=48122"},{"taxonomy":"product_tag","embeddable":true,"href":"https:\/\/all-pets.de\/shop\/wp-json\/wp\/v2\/product_tag?post=48122"}],"curies":[{"name":"wp","href":"https:\/\/api.w.org\/{rel}","templated":true}]}}