{"id":48136,"date":"2023-12-12T10:56:57","date_gmt":"2023-12-12T09:56:57","guid":{"rendered":"https:\/\/pet-shopping.de\/shop\/produkt\/trixie-vorleger-fuer-katzentoiletten-pfote-dunkelblau\/"},"modified":"2023-12-12T10:56:57","modified_gmt":"2023-12-12T09:56:57","slug":"trixie-vorleger-fuer-katzentoiletten-pfote-dunkelblau","status":"publish","type":"product","link":"https:\/\/all-pets.de\/shop\/produkt\/trixie-vorleger-fuer-katzentoiletten-pfote-dunkelblau\/","title":{"rendered":"Trixie Vorleger f\u00fcr Katzentoiletten, Pfote dunkelblau"},"content":{"rendered":"<ul>\n<li> PVC <\/li>\n<li> passend f\u00fcr alle Katzentoiletten <\/li>\n<li> befreit die Pfoten von Katzenstreu <\/li>\n<li> besonders f\u00fcr empfindliche Katzen <\/li>\n<li> auch f\u00fcr Ultrastreu geeignet <\/li>\n<li> rutschfest<\/li>\n<\/ul>\n<p>Gr\u00f6\u00dfe:ca. 60 x 45 cm<br \/> Farbe: Dunkelblau<\/p>\n","protected":false},"excerpt":{"rendered":"<p>PVC passend f\u00fcr alle Katzentoiletten befreit die Pfoten von Katzenstreu besonders f\u00fcr empfindliche Katzen auch f\u00fcr Ultrastreu geeignet rutschfest Gr\u00f6\u00dfe:ca. 60 x 45 cm Farbe: Dunkelblau<\/p>\n","protected":false},"featured_media":981,"comment_status":"closed","ping_status":"open","template":"","meta":[],"product_cat":[14219],"product_tag":[],"class_list":{"0":"post-48136","1":"product","2":"type-product","3":"status-publish","4":"has-post-thumbnail","6":"product_cat-toiletten-zubehoer","8":"first","9":"instock","10":"taxable","11":"shipping-taxable","12":"purchasable","13":"product-type-simple"},"_links":{"self":[{"href":"https:\/\/all-pets.de\/shop\/wp-json\/wp\/v2\/product\/48136","targetHints":{"allow":["GET"]}}],"collection":[{"href":"https:\/\/all-pets.de\/shop\/wp-json\/wp\/v2\/product"}],"about":[{"href":"https:\/\/all-pets.de\/shop\/wp-json\/wp\/v2\/types\/product"}],"replies":[{"embeddable":true,"href":"https:\/\/all-pets.de\/shop\/wp-json\/wp\/v2\/comments?post=48136"}],"wp:featuredmedia":[{"embeddable":true,"href":"https:\/\/all-pets.de\/shop\/wp-json\/wp\/v2\/media\/981"}],"wp:attachment":[{"href":"https:\/\/all-pets.de\/shop\/wp-json\/wp\/v2\/media?parent=48136"}],"wp:term":[{"taxonomy":"product_cat","embeddable":true,"href":"https:\/\/all-pets.de\/shop\/wp-json\/wp\/v2\/product_cat?post=48136"},{"taxonomy":"product_tag","embeddable":true,"href":"https:\/\/all-pets.de\/shop\/wp-json\/wp\/v2\/product_tag?post=48136"}],"curies":[{"name":"wp","href":"https:\/\/api.w.org\/{rel}","templated":true}]}}