{"id":48148,"date":"2023-12-12T10:56:57","date_gmt":"2023-12-12T09:56:57","guid":{"rendered":"https:\/\/pet-shopping.de\/shop\/produkt\/pfiffikus-meisenknoedel-spenderbox-ohne-inhalt\/"},"modified":"2023-12-12T10:56:58","modified_gmt":"2023-12-12T09:56:58","slug":"pfiffikus-meisenknoedel-spenderbox-ohne-inhalt","status":"publish","type":"product","link":"https:\/\/all-pets.de\/shop\/produkt\/pfiffikus-meisenknoedel-spenderbox-ohne-inhalt\/","title":{"rendered":"Pfiffikus Meisenkn\u00f6del Spenderbox ohne Inhalt"},"content":{"rendered":"<p>Mit der <b>Meisenkn\u00f6del Spenderbox<\/b> f\u00fcr 3 Meisenkn\u00f6del k\u00f6nnen Sie problemlos die Meisenkn\u00f6del ohne Netz verf\u00fcttern und immer wieder auff\u00fcllen.<\/p>\n<p> Genauso f\u00fcr die Vogelkn\u00f6del von Nat\u00fcrlich Pfiffikus verwendbar.<\/p>\n<p>Die Spenderbox ist einfach in der Anwendung und f\u00fcr freilebende Wildv\u00f6gel praktisch zum Greifen. Sie ist korrosionsgesch\u00fctzt und dadurch entsteht keine Verletzungsgefahr.<\/p>\n","protected":false},"excerpt":{"rendered":"<p>Mit der Meisenkn\u00f6del Spenderbox f\u00fcr 3 Meisenkn\u00f6del k\u00f6nnen Sie problemlos die Meisenkn\u00f6del ohne Netz verf\u00fcttern und immer wieder auff\u00fcllen. Genauso f\u00fcr die Vogelkn\u00f6del von Nat\u00fcrlich Pfiffikus verwendbar. Die Spenderbox ist einfach in der Anwendung und f\u00fcr freilebende Wildv\u00f6gel praktisch zum Greifen. Sie ist korrosionsgesch\u00fctzt und dadurch entsteht keine Verletzungsgefahr.<\/p>\n","protected":false},"featured_media":48149,"comment_status":"closed","ping_status":"open","template":"","meta":[],"product_cat":[15008],"product_tag":[],"class_list":{"0":"post-48148","1":"product","2":"type-product","3":"status-publish","4":"has-post-thumbnail","6":"product_cat-natuerlich-pfiffikus-gartenvogelfutter-knoedelvogelwelt-gartenvogelfutter-futterhaeuser-nistkaestenvogelwelt-vogelwelt","8":"first","9":"instock","10":"taxable","11":"shipping-taxable","12":"purchasable","13":"product-type-simple"},"_links":{"self":[{"href":"https:\/\/all-pets.de\/shop\/wp-json\/wp\/v2\/product\/48148","targetHints":{"allow":["GET"]}}],"collection":[{"href":"https:\/\/all-pets.de\/shop\/wp-json\/wp\/v2\/product"}],"about":[{"href":"https:\/\/all-pets.de\/shop\/wp-json\/wp\/v2\/types\/product"}],"replies":[{"embeddable":true,"href":"https:\/\/all-pets.de\/shop\/wp-json\/wp\/v2\/comments?post=48148"}],"wp:featuredmedia":[{"embeddable":true,"href":"https:\/\/all-pets.de\/shop\/wp-json\/wp\/v2\/media\/48149"}],"wp:attachment":[{"href":"https:\/\/all-pets.de\/shop\/wp-json\/wp\/v2\/media?parent=48148"}],"wp:term":[{"taxonomy":"product_cat","embeddable":true,"href":"https:\/\/all-pets.de\/shop\/wp-json\/wp\/v2\/product_cat?post=48148"},{"taxonomy":"product_tag","embeddable":true,"href":"https:\/\/all-pets.de\/shop\/wp-json\/wp\/v2\/product_tag?post=48148"}],"curies":[{"name":"wp","href":"https:\/\/api.w.org\/{rel}","templated":true}]}}