{"id":48153,"date":"2023-12-12T10:56:57","date_gmt":"2023-12-12T09:56:57","guid":{"rendered":"https:\/\/pet-shopping.de\/shop\/produkt\/all-for-paws-ultrasonic-dancing-hippo\/"},"modified":"2023-12-12T10:56:59","modified_gmt":"2023-12-12T09:56:59","slug":"all-for-paws-ultrasonic-dancing-hippo","status":"publish","type":"product","link":"https:\/\/all-pets.de\/shop\/produkt\/all-for-paws-ultrasonic-dancing-hippo\/","title":{"rendered":"All for Paws Ultrasonic Dancing Hippo"},"content":{"rendered":"<p>Macht das quietschende Spielzeug Sie auch so verr\u00fcckt?<\/p>\n<p>Ab jetzt ist das Vergangenheit. Dieses Spielzeug mit Ultra-Schall Ger\u00e4usch h\u00f6ren Sie nicht quietschen, aber Ihr Hund h\u00f6rt es wohl! Gefertigt aus von Hunden geliebtem weichem Faux Fleece. Verf\u00fcgt \u00fcber ein dauerhaftes Seil als Schwanz f\u00fcr extra Spielfreude! Dieses Pl\u00fcschspielzeug ist auch f\u00fcr ger\u00e4uschempindliche Hunde geeignet.<\/p>\n<p>Einzigartig und unwiderstehlich!<\/p>\n<p>Gr\u00f6\u00dfe: ca. 36 x 12 x 8,6 cm<\/p>\n","protected":false},"excerpt":{"rendered":"<p>Macht das quietschende Spielzeug Sie auch so verr\u00fcckt? Ab jetzt ist das Vergangenheit. Dieses Spielzeug mit Ultra-Schall Ger\u00e4usch h\u00f6ren Sie nicht quietschen, aber Ihr Hund h\u00f6rt es wohl! Gefertigt aus von Hunden geliebtem weichem Faux Fleece. Verf\u00fcgt \u00fcber ein dauerhaftes Seil als Schwanz f\u00fcr extra Spielfreude! Dieses Pl\u00fcschspielzeug ist auch f\u00fcr ger\u00e4uschempindliche Hunde geeignet. Einzigartig [&hellip;]<\/p>\n","protected":false},"featured_media":18155,"comment_status":"closed","ping_status":"open","template":"","meta":[],"product_cat":[13828],"product_tag":[],"class_list":{"0":"post-48153","1":"product","2":"type-product","3":"status-publish","4":"has-post-thumbnail","6":"product_cat-plueschspielzeug-hundespielzeug-sport","8":"first","9":"instock","10":"taxable","11":"shipping-taxable","12":"purchasable","13":"product-type-simple"},"_links":{"self":[{"href":"https:\/\/all-pets.de\/shop\/wp-json\/wp\/v2\/product\/48153","targetHints":{"allow":["GET"]}}],"collection":[{"href":"https:\/\/all-pets.de\/shop\/wp-json\/wp\/v2\/product"}],"about":[{"href":"https:\/\/all-pets.de\/shop\/wp-json\/wp\/v2\/types\/product"}],"replies":[{"embeddable":true,"href":"https:\/\/all-pets.de\/shop\/wp-json\/wp\/v2\/comments?post=48153"}],"wp:featuredmedia":[{"embeddable":true,"href":"https:\/\/all-pets.de\/shop\/wp-json\/wp\/v2\/media\/18155"}],"wp:attachment":[{"href":"https:\/\/all-pets.de\/shop\/wp-json\/wp\/v2\/media?parent=48153"}],"wp:term":[{"taxonomy":"product_cat","embeddable":true,"href":"https:\/\/all-pets.de\/shop\/wp-json\/wp\/v2\/product_cat?post=48153"},{"taxonomy":"product_tag","embeddable":true,"href":"https:\/\/all-pets.de\/shop\/wp-json\/wp\/v2\/product_tag?post=48153"}],"curies":[{"name":"wp","href":"https:\/\/api.w.org\/{rel}","templated":true}]}}